{"id":11916,"date":"2022-02-08T19:47:30","date_gmt":"2022-02-08T19:47:30","guid":{"rendered":"https:\/\/barneleker.no\/index.php\/product\/nerf-nerf-elite-2-0-flip-16\/"},"modified":"2022-02-08T19:47:30","modified_gmt":"2022-02-08T19:47:30","slug":"nerf-nerf-elite-2-0-flip-16","status":"publish","type":"product","link":"https:\/\/barneleker.no\/index.php\/product\/nerf-nerf-elite-2-0-flip-16\/","title":{"rendered":"NERF Nerf, Elite 2.0 Flip 16"},"content":{"rendered":"<p>Gj\u00f8r deg klar til kamp med Nerf Elite 2.0 Flipshots Flip-16 blaster! Blasteren har 16 l\u00f8p &#8212; 8 som vender fremover og 8 bakover. Avfyr 8 dartpiler fra l\u00f8pene som vender fremover, deretter snur du de 8 bakre l\u00f8pene fremover for \u00e5 fortsette \u00e5 skyte. Akkurat n\u00e5r motstanderne dine tror du er tom, kan du overraske dem med 8 ekstra fulle l\u00f8p! For- og bak-l\u00f8pene er forbundet, noe som gj\u00f8r det raskt og enkelt \u00e5 rotere dem ved \u00e5 trekke i h\u00e5ndtaket. Avfyr 1 eller 2 dartpiler om gangen! Trekk avtrekkeren halvveis for \u00e5 skyte 1 dartpil, eller trekk den helt tilbake for \u00e5 skyte 2 dartpiler. Blasteren har lading med sylinderl\u00e5s og en kolbe som du kan bruke til st\u00f8tte n\u00e5r du sikter eller brette opp for \u00e5 lage et m\u00e5lrettet sikte. Hvert l\u00f8p holder 1 dartpil, hvilket gir blasteren kapasitet p\u00e5 16 dartpiler. Inkluderer 16 offisielle Nerf Elite 2.0-skumdartpiler. Briller anbefales (ikke inkludert). H\u00e5nddrevet av deg (ingen batterier kreves). Nerf og alle relaterte egenskaper er varemerker som tilh\u00f8rer Hasbro.<\/p>\n","protected":false},"excerpt":{"rendered":"<p>Gj\u00f8r deg klar til kamp med Nerf Elite 2.0 Flipshots Flip-16 blaster! Blasteren har 16 l\u00f8p &#8212; 8 som vender fremover og 8 bakover. Avfyr&hellip;<\/p>\n","protected":false},"featured_media":11915,"comment_status":"open","ping_status":"closed","template":"","meta":[],"product_brand":[],"product_cat":[370],"product_tag":[],"class_list":{"0":"post-11916","1":"product","2":"type-product","3":"status-publish","4":"has-post-thumbnail","6":"product_cat-rollelek","8":"first","9":"instock","10":"shipping-taxable","11":"product-type-external","12":"customify-col"},"yoast_head":"<!-- This site is optimized with the Yoast SEO plugin v26.0 - https:\/\/yoast.com\/wordpress\/plugins\/seo\/ -->\n<title>NERF Nerf, Elite 2.0 Flip 16 - Barneleker.no<\/title>\n<meta name=\"robots\" content=\"index, follow, max-snippet:-1, max-image-preview:large, max-video-preview:-1\" \/>\n<link rel=\"canonical\" href=\"https:\/\/barneleker.no\/index.php\/product\/nerf-nerf-elite-2-0-flip-16\/\" \/>\n<meta property=\"og:locale\" content=\"nb_NO\" \/>\n<meta property=\"og:type\" content=\"article\" \/>\n<meta property=\"og:title\" content=\"NERF Nerf, Elite 2.0 Flip 16 - Barneleker.no\" \/>\n<meta property=\"og:description\" content=\"Gj\u00f8r deg klar til kamp med Nerf Elite 2.0 Flipshots Flip-16 blaster! Blasteren har 16 l\u00f8p &#8212; 8 som vender fremover og 8 bakover. Avfyr&hellip;\" \/>\n<meta property=\"og:url\" content=\"https:\/\/barneleker.no\/index.php\/product\/nerf-nerf-elite-2-0-flip-16\/\" \/>\n<meta property=\"og:site_name\" content=\"Barneleker.no\" \/>\n<meta name=\"twitter:card\" content=\"summary_large_image\" \/>\n<meta name=\"twitter:label1\" content=\"Ansl. lesetid\" \/>\n\t<meta name=\"twitter:data1\" content=\"1 minutt\" \/>\n<script type=\"application\/ld+json\" class=\"yoast-schema-graph\">{\"@context\":\"https:\/\/schema.org\",\"@graph\":[{\"@type\":\"WebPage\",\"@id\":\"https:\/\/barneleker.no\/index.php\/product\/nerf-nerf-elite-2-0-flip-16\/\",\"url\":\"https:\/\/barneleker.no\/index.php\/product\/nerf-nerf-elite-2-0-flip-16\/\",\"name\":\"NERF Nerf, Elite 2.0 Flip 16 - Barneleker.no\",\"isPartOf\":{\"@id\":\"https:\/\/barneleker.no\/#website\"},\"primaryImageOfPage\":{\"@id\":\"https:\/\/barneleker.no\/index.php\/product\/nerf-nerf-elite-2-0-flip-16\/#primaryimage\"},\"image\":{\"@id\":\"https:\/\/barneleker.no\/index.php\/product\/nerf-nerf-elite-2-0-flip-16\/#primaryimage\"},\"thumbnailUrl\":\"https:\/\/barneleker.no\/wp-content\/uploads\/2022\/02\/nerf-elite-2-0-flip-16.jpg\",\"datePublished\":\"2022-02-08T19:47:30+00:00\",\"breadcrumb\":{\"@id\":\"https:\/\/barneleker.no\/index.php\/product\/nerf-nerf-elite-2-0-flip-16\/#breadcrumb\"},\"inLanguage\":\"nb-NO\",\"potentialAction\":[{\"@type\":\"ReadAction\",\"target\":[\"https:\/\/barneleker.no\/index.php\/product\/nerf-nerf-elite-2-0-flip-16\/\"]}]},{\"@type\":\"ImageObject\",\"inLanguage\":\"nb-NO\",\"@id\":\"https:\/\/barneleker.no\/index.php\/product\/nerf-nerf-elite-2-0-flip-16\/#primaryimage\",\"url\":\"https:\/\/barneleker.no\/wp-content\/uploads\/2022\/02\/nerf-elite-2-0-flip-16.jpg\",\"contentUrl\":\"https:\/\/barneleker.no\/wp-content\/uploads\/2022\/02\/nerf-elite-2-0-flip-16.jpg\",\"width\":555,\"height\":555},{\"@type\":\"BreadcrumbList\",\"@id\":\"https:\/\/barneleker.no\/index.php\/product\/nerf-nerf-elite-2-0-flip-16\/#breadcrumb\",\"itemListElement\":[{\"@type\":\"ListItem\",\"position\":1,\"name\":\"Butikken\",\"item\":\"https:\/\/barneleker.no\/\"},{\"@type\":\"ListItem\",\"position\":2,\"name\":\"NERF Nerf, Elite 2.0 Flip 16\"}]},{\"@type\":\"WebSite\",\"@id\":\"https:\/\/barneleker.no\/#website\",\"url\":\"https:\/\/barneleker.no\/\",\"name\":\"Barneleker.no\",\"description\":\"Selvf\u00f8lgelig!\",\"publisher\":{\"@id\":\"https:\/\/barneleker.no\/#organization\"},\"potentialAction\":[{\"@type\":\"SearchAction\",\"target\":{\"@type\":\"EntryPoint\",\"urlTemplate\":\"https:\/\/barneleker.no\/?s={search_term_string}\"},\"query-input\":{\"@type\":\"PropertyValueSpecification\",\"valueRequired\":true,\"valueName\":\"search_term_string\"}}],\"inLanguage\":\"nb-NO\"},{\"@type\":\"Organization\",\"@id\":\"https:\/\/barneleker.no\/#organization\",\"name\":\"Barneleker.no\",\"url\":\"https:\/\/barneleker.no\/\",\"logo\":{\"@type\":\"ImageObject\",\"inLanguage\":\"nb-NO\",\"@id\":\"https:\/\/barneleker.no\/#\/schema\/logo\/image\/\",\"url\":\"https:\/\/barneleker.no\/wp-content\/uploads\/2021\/11\/barneleker_logo-780x150-1.jpg\",\"contentUrl\":\"https:\/\/barneleker.no\/wp-content\/uploads\/2021\/11\/barneleker_logo-780x150-1.jpg\",\"width\":780,\"height\":150,\"caption\":\"Barneleker.no\"},\"image\":{\"@id\":\"https:\/\/barneleker.no\/#\/schema\/logo\/image\/\"}}]}<\/script>\n<!-- \/ Yoast SEO plugin. -->","yoast_head_json":{"title":"NERF Nerf, Elite 2.0 Flip 16 - Barneleker.no","robots":{"index":"index","follow":"follow","max-snippet":"max-snippet:-1","max-image-preview":"max-image-preview:large","max-video-preview":"max-video-preview:-1"},"canonical":"https:\/\/barneleker.no\/index.php\/product\/nerf-nerf-elite-2-0-flip-16\/","og_locale":"nb_NO","og_type":"article","og_title":"NERF Nerf, Elite 2.0 Flip 16 - Barneleker.no","og_description":"Gj\u00f8r deg klar til kamp med Nerf Elite 2.0 Flipshots Flip-16 blaster! Blasteren har 16 l\u00f8p &#8212; 8 som vender fremover og 8 bakover. Avfyr&hellip;","og_url":"https:\/\/barneleker.no\/index.php\/product\/nerf-nerf-elite-2-0-flip-16\/","og_site_name":"Barneleker.no","twitter_card":"summary_large_image","twitter_misc":{"Ansl. lesetid":"1 minutt"},"schema":{"@context":"https:\/\/schema.org","@graph":[{"@type":"WebPage","@id":"https:\/\/barneleker.no\/index.php\/product\/nerf-nerf-elite-2-0-flip-16\/","url":"https:\/\/barneleker.no\/index.php\/product\/nerf-nerf-elite-2-0-flip-16\/","name":"NERF Nerf, Elite 2.0 Flip 16 - Barneleker.no","isPartOf":{"@id":"https:\/\/barneleker.no\/#website"},"primaryImageOfPage":{"@id":"https:\/\/barneleker.no\/index.php\/product\/nerf-nerf-elite-2-0-flip-16\/#primaryimage"},"image":{"@id":"https:\/\/barneleker.no\/index.php\/product\/nerf-nerf-elite-2-0-flip-16\/#primaryimage"},"thumbnailUrl":"https:\/\/barneleker.no\/wp-content\/uploads\/2022\/02\/nerf-elite-2-0-flip-16.jpg","datePublished":"2022-02-08T19:47:30+00:00","breadcrumb":{"@id":"https:\/\/barneleker.no\/index.php\/product\/nerf-nerf-elite-2-0-flip-16\/#breadcrumb"},"inLanguage":"nb-NO","potentialAction":[{"@type":"ReadAction","target":["https:\/\/barneleker.no\/index.php\/product\/nerf-nerf-elite-2-0-flip-16\/"]}]},{"@type":"ImageObject","inLanguage":"nb-NO","@id":"https:\/\/barneleker.no\/index.php\/product\/nerf-nerf-elite-2-0-flip-16\/#primaryimage","url":"https:\/\/barneleker.no\/wp-content\/uploads\/2022\/02\/nerf-elite-2-0-flip-16.jpg","contentUrl":"https:\/\/barneleker.no\/wp-content\/uploads\/2022\/02\/nerf-elite-2-0-flip-16.jpg","width":555,"height":555},{"@type":"BreadcrumbList","@id":"https:\/\/barneleker.no\/index.php\/product\/nerf-nerf-elite-2-0-flip-16\/#breadcrumb","itemListElement":[{"@type":"ListItem","position":1,"name":"Butikken","item":"https:\/\/barneleker.no\/"},{"@type":"ListItem","position":2,"name":"NERF Nerf, Elite 2.0 Flip 16"}]},{"@type":"WebSite","@id":"https:\/\/barneleker.no\/#website","url":"https:\/\/barneleker.no\/","name":"Barneleker.no","description":"Selvf\u00f8lgelig!","publisher":{"@id":"https:\/\/barneleker.no\/#organization"},"potentialAction":[{"@type":"SearchAction","target":{"@type":"EntryPoint","urlTemplate":"https:\/\/barneleker.no\/?s={search_term_string}"},"query-input":{"@type":"PropertyValueSpecification","valueRequired":true,"valueName":"search_term_string"}}],"inLanguage":"nb-NO"},{"@type":"Organization","@id":"https:\/\/barneleker.no\/#organization","name":"Barneleker.no","url":"https:\/\/barneleker.no\/","logo":{"@type":"ImageObject","inLanguage":"nb-NO","@id":"https:\/\/barneleker.no\/#\/schema\/logo\/image\/","url":"https:\/\/barneleker.no\/wp-content\/uploads\/2021\/11\/barneleker_logo-780x150-1.jpg","contentUrl":"https:\/\/barneleker.no\/wp-content\/uploads\/2021\/11\/barneleker_logo-780x150-1.jpg","width":780,"height":150,"caption":"Barneleker.no"},"image":{"@id":"https:\/\/barneleker.no\/#\/schema\/logo\/image\/"}}]}},"_links":{"self":[{"href":"https:\/\/barneleker.no\/index.php\/wp-json\/wp\/v2\/product\/11916","targetHints":{"allow":["GET"]}}],"collection":[{"href":"https:\/\/barneleker.no\/index.php\/wp-json\/wp\/v2\/product"}],"about":[{"href":"https:\/\/barneleker.no\/index.php\/wp-json\/wp\/v2\/types\/product"}],"replies":[{"embeddable":true,"href":"https:\/\/barneleker.no\/index.php\/wp-json\/wp\/v2\/comments?post=11916"}],"wp:featuredmedia":[{"embeddable":true,"href":"https:\/\/barneleker.no\/index.php\/wp-json\/wp\/v2\/media\/11915"}],"wp:attachment":[{"href":"https:\/\/barneleker.no\/index.php\/wp-json\/wp\/v2\/media?parent=11916"}],"wp:term":[{"taxonomy":"product_brand","embeddable":true,"href":"https:\/\/barneleker.no\/index.php\/wp-json\/wp\/v2\/product_brand?post=11916"},{"taxonomy":"product_cat","embeddable":true,"href":"https:\/\/barneleker.no\/index.php\/wp-json\/wp\/v2\/product_cat?post=11916"},{"taxonomy":"product_tag","embeddable":true,"href":"https:\/\/barneleker.no\/index.php\/wp-json\/wp\/v2\/product_tag?post=11916"}],"curies":[{"name":"wp","href":"https:\/\/api.w.org\/{rel}","templated":true}]}}