{"id":12194,"date":"2022-02-08T19:49:09","date_gmt":"2022-02-08T19:49:09","guid":{"rendered":"https:\/\/barneleker.no\/index.php\/product\/mega-bloks-barbie-malibu-house\/"},"modified":"2022-02-08T19:49:09","modified_gmt":"2022-02-08T19:49:09","slug":"mega-bloks-barbie-malibu-house","status":"publish","type":"product","link":"https:\/\/barneleker.no\/index.php\/product\/mega-bloks-barbie-malibu-house\/","title":{"rendered":"Mega Bloks, Barbie, Malibu House"},"content":{"rendered":"<p>Oppdag en verden av muligheter n\u00e5r du flytter inn i Malibu House\u2122. Slipp l\u00f8s fantasien mens du bygger dr\u00f8mmehuset ditt og dekorerer hvert rom med m\u00f8bler og annet tilbeh\u00f8r. Gj\u00f8r deg klar for overnattingsbes\u00f8k med to Barbie\u2122-minidukker og en kjempes\u00f8t valp. Dra deretter til vloggingstudioet for \u00e5 lage artige videoer, og oppdag at du kan v\u00e6re hva som helst med Barbie\u2122. Dette byggesettet er utformet for nybegynnere og byr p\u00e5 lekemuligheter i hvert trinn av byggeprosessen. Ideell for byggmestere fra 5\u00a0\u00e5r og oppover<\/p>\n","protected":false},"excerpt":{"rendered":"<p>Oppdag en verden av muligheter n\u00e5r du flytter inn i Malibu House\u2122. Slipp l\u00f8s fantasien mens du bygger dr\u00f8mmehuset ditt og dekorerer hvert rom med&hellip;<\/p>\n","protected":false},"featured_media":12193,"comment_status":"open","ping_status":"closed","template":"","meta":[],"product_brand":[],"product_cat":[411],"product_tag":[],"class_list":{"0":"post-12194","1":"product","2":"type-product","3":"status-publish","4":"has-post-thumbnail","6":"product_cat-klossar","8":"first","9":"instock","10":"shipping-taxable","11":"product-type-external","12":"customify-col"},"yoast_head":"<!-- This site is optimized with the Yoast SEO plugin v26.0 - https:\/\/yoast.com\/wordpress\/plugins\/seo\/ -->\n<title>Mega Bloks, Barbie, Malibu House - Barneleker.no<\/title>\n<meta name=\"robots\" content=\"index, follow, max-snippet:-1, max-image-preview:large, max-video-preview:-1\" \/>\n<link rel=\"canonical\" href=\"https:\/\/barneleker.no\/index.php\/product\/mega-bloks-barbie-malibu-house\/\" \/>\n<meta property=\"og:locale\" content=\"nb_NO\" \/>\n<meta property=\"og:type\" content=\"article\" \/>\n<meta property=\"og:title\" content=\"Mega Bloks, Barbie, Malibu House - Barneleker.no\" \/>\n<meta property=\"og:description\" content=\"Oppdag en verden av muligheter n\u00e5r du flytter inn i Malibu House\u2122. Slipp l\u00f8s fantasien mens du bygger dr\u00f8mmehuset ditt og dekorerer hvert rom med&hellip;\" \/>\n<meta property=\"og:url\" content=\"https:\/\/barneleker.no\/index.php\/product\/mega-bloks-barbie-malibu-house\/\" \/>\n<meta property=\"og:site_name\" content=\"Barneleker.no\" \/>\n<meta name=\"twitter:card\" content=\"summary_large_image\" \/>\n<script type=\"application\/ld+json\" class=\"yoast-schema-graph\">{\"@context\":\"https:\/\/schema.org\",\"@graph\":[{\"@type\":\"WebPage\",\"@id\":\"https:\/\/barneleker.no\/index.php\/product\/mega-bloks-barbie-malibu-house\/\",\"url\":\"https:\/\/barneleker.no\/index.php\/product\/mega-bloks-barbie-malibu-house\/\",\"name\":\"Mega Bloks, Barbie, Malibu House - Barneleker.no\",\"isPartOf\":{\"@id\":\"https:\/\/barneleker.no\/#website\"},\"primaryImageOfPage\":{\"@id\":\"https:\/\/barneleker.no\/index.php\/product\/mega-bloks-barbie-malibu-house\/#primaryimage\"},\"image\":{\"@id\":\"https:\/\/barneleker.no\/index.php\/product\/mega-bloks-barbie-malibu-house\/#primaryimage\"},\"thumbnailUrl\":\"https:\/\/barneleker.no\/wp-content\/uploads\/2022\/02\/mega-bloks-barbie-malibu-house.jpg\",\"datePublished\":\"2022-02-08T19:49:09+00:00\",\"breadcrumb\":{\"@id\":\"https:\/\/barneleker.no\/index.php\/product\/mega-bloks-barbie-malibu-house\/#breadcrumb\"},\"inLanguage\":\"nb-NO\",\"potentialAction\":[{\"@type\":\"ReadAction\",\"target\":[\"https:\/\/barneleker.no\/index.php\/product\/mega-bloks-barbie-malibu-house\/\"]}]},{\"@type\":\"ImageObject\",\"inLanguage\":\"nb-NO\",\"@id\":\"https:\/\/barneleker.no\/index.php\/product\/mega-bloks-barbie-malibu-house\/#primaryimage\",\"url\":\"https:\/\/barneleker.no\/wp-content\/uploads\/2022\/02\/mega-bloks-barbie-malibu-house.jpg\",\"contentUrl\":\"https:\/\/barneleker.no\/wp-content\/uploads\/2022\/02\/mega-bloks-barbie-malibu-house.jpg\",\"width\":555,\"height\":555},{\"@type\":\"BreadcrumbList\",\"@id\":\"https:\/\/barneleker.no\/index.php\/product\/mega-bloks-barbie-malibu-house\/#breadcrumb\",\"itemListElement\":[{\"@type\":\"ListItem\",\"position\":1,\"name\":\"Butikken\",\"item\":\"https:\/\/barneleker.no\/\"},{\"@type\":\"ListItem\",\"position\":2,\"name\":\"Mega Bloks, Barbie, Malibu House\"}]},{\"@type\":\"WebSite\",\"@id\":\"https:\/\/barneleker.no\/#website\",\"url\":\"https:\/\/barneleker.no\/\",\"name\":\"Barneleker.no\",\"description\":\"Selvf\u00f8lgelig!\",\"publisher\":{\"@id\":\"https:\/\/barneleker.no\/#organization\"},\"potentialAction\":[{\"@type\":\"SearchAction\",\"target\":{\"@type\":\"EntryPoint\",\"urlTemplate\":\"https:\/\/barneleker.no\/?s={search_term_string}\"},\"query-input\":{\"@type\":\"PropertyValueSpecification\",\"valueRequired\":true,\"valueName\":\"search_term_string\"}}],\"inLanguage\":\"nb-NO\"},{\"@type\":\"Organization\",\"@id\":\"https:\/\/barneleker.no\/#organization\",\"name\":\"Barneleker.no\",\"url\":\"https:\/\/barneleker.no\/\",\"logo\":{\"@type\":\"ImageObject\",\"inLanguage\":\"nb-NO\",\"@id\":\"https:\/\/barneleker.no\/#\/schema\/logo\/image\/\",\"url\":\"https:\/\/barneleker.no\/wp-content\/uploads\/2021\/11\/barneleker_logo-780x150-1.jpg\",\"contentUrl\":\"https:\/\/barneleker.no\/wp-content\/uploads\/2021\/11\/barneleker_logo-780x150-1.jpg\",\"width\":780,\"height\":150,\"caption\":\"Barneleker.no\"},\"image\":{\"@id\":\"https:\/\/barneleker.no\/#\/schema\/logo\/image\/\"}}]}<\/script>\n<!-- \/ Yoast SEO plugin. -->","yoast_head_json":{"title":"Mega Bloks, Barbie, Malibu House - Barneleker.no","robots":{"index":"index","follow":"follow","max-snippet":"max-snippet:-1","max-image-preview":"max-image-preview:large","max-video-preview":"max-video-preview:-1"},"canonical":"https:\/\/barneleker.no\/index.php\/product\/mega-bloks-barbie-malibu-house\/","og_locale":"nb_NO","og_type":"article","og_title":"Mega Bloks, Barbie, Malibu House - Barneleker.no","og_description":"Oppdag en verden av muligheter n\u00e5r du flytter inn i Malibu House\u2122. Slipp l\u00f8s fantasien mens du bygger dr\u00f8mmehuset ditt og dekorerer hvert rom med&hellip;","og_url":"https:\/\/barneleker.no\/index.php\/product\/mega-bloks-barbie-malibu-house\/","og_site_name":"Barneleker.no","twitter_card":"summary_large_image","schema":{"@context":"https:\/\/schema.org","@graph":[{"@type":"WebPage","@id":"https:\/\/barneleker.no\/index.php\/product\/mega-bloks-barbie-malibu-house\/","url":"https:\/\/barneleker.no\/index.php\/product\/mega-bloks-barbie-malibu-house\/","name":"Mega Bloks, Barbie, Malibu House - Barneleker.no","isPartOf":{"@id":"https:\/\/barneleker.no\/#website"},"primaryImageOfPage":{"@id":"https:\/\/barneleker.no\/index.php\/product\/mega-bloks-barbie-malibu-house\/#primaryimage"},"image":{"@id":"https:\/\/barneleker.no\/index.php\/product\/mega-bloks-barbie-malibu-house\/#primaryimage"},"thumbnailUrl":"https:\/\/barneleker.no\/wp-content\/uploads\/2022\/02\/mega-bloks-barbie-malibu-house.jpg","datePublished":"2022-02-08T19:49:09+00:00","breadcrumb":{"@id":"https:\/\/barneleker.no\/index.php\/product\/mega-bloks-barbie-malibu-house\/#breadcrumb"},"inLanguage":"nb-NO","potentialAction":[{"@type":"ReadAction","target":["https:\/\/barneleker.no\/index.php\/product\/mega-bloks-barbie-malibu-house\/"]}]},{"@type":"ImageObject","inLanguage":"nb-NO","@id":"https:\/\/barneleker.no\/index.php\/product\/mega-bloks-barbie-malibu-house\/#primaryimage","url":"https:\/\/barneleker.no\/wp-content\/uploads\/2022\/02\/mega-bloks-barbie-malibu-house.jpg","contentUrl":"https:\/\/barneleker.no\/wp-content\/uploads\/2022\/02\/mega-bloks-barbie-malibu-house.jpg","width":555,"height":555},{"@type":"BreadcrumbList","@id":"https:\/\/barneleker.no\/index.php\/product\/mega-bloks-barbie-malibu-house\/#breadcrumb","itemListElement":[{"@type":"ListItem","position":1,"name":"Butikken","item":"https:\/\/barneleker.no\/"},{"@type":"ListItem","position":2,"name":"Mega Bloks, Barbie, Malibu House"}]},{"@type":"WebSite","@id":"https:\/\/barneleker.no\/#website","url":"https:\/\/barneleker.no\/","name":"Barneleker.no","description":"Selvf\u00f8lgelig!","publisher":{"@id":"https:\/\/barneleker.no\/#organization"},"potentialAction":[{"@type":"SearchAction","target":{"@type":"EntryPoint","urlTemplate":"https:\/\/barneleker.no\/?s={search_term_string}"},"query-input":{"@type":"PropertyValueSpecification","valueRequired":true,"valueName":"search_term_string"}}],"inLanguage":"nb-NO"},{"@type":"Organization","@id":"https:\/\/barneleker.no\/#organization","name":"Barneleker.no","url":"https:\/\/barneleker.no\/","logo":{"@type":"ImageObject","inLanguage":"nb-NO","@id":"https:\/\/barneleker.no\/#\/schema\/logo\/image\/","url":"https:\/\/barneleker.no\/wp-content\/uploads\/2021\/11\/barneleker_logo-780x150-1.jpg","contentUrl":"https:\/\/barneleker.no\/wp-content\/uploads\/2021\/11\/barneleker_logo-780x150-1.jpg","width":780,"height":150,"caption":"Barneleker.no"},"image":{"@id":"https:\/\/barneleker.no\/#\/schema\/logo\/image\/"}}]}},"_links":{"self":[{"href":"https:\/\/barneleker.no\/index.php\/wp-json\/wp\/v2\/product\/12194","targetHints":{"allow":["GET"]}}],"collection":[{"href":"https:\/\/barneleker.no\/index.php\/wp-json\/wp\/v2\/product"}],"about":[{"href":"https:\/\/barneleker.no\/index.php\/wp-json\/wp\/v2\/types\/product"}],"replies":[{"embeddable":true,"href":"https:\/\/barneleker.no\/index.php\/wp-json\/wp\/v2\/comments?post=12194"}],"wp:featuredmedia":[{"embeddable":true,"href":"https:\/\/barneleker.no\/index.php\/wp-json\/wp\/v2\/media\/12193"}],"wp:attachment":[{"href":"https:\/\/barneleker.no\/index.php\/wp-json\/wp\/v2\/media?parent=12194"}],"wp:term":[{"taxonomy":"product_brand","embeddable":true,"href":"https:\/\/barneleker.no\/index.php\/wp-json\/wp\/v2\/product_brand?post=12194"},{"taxonomy":"product_cat","embeddable":true,"href":"https:\/\/barneleker.no\/index.php\/wp-json\/wp\/v2\/product_cat?post=12194"},{"taxonomy":"product_tag","embeddable":true,"href":"https:\/\/barneleker.no\/index.php\/wp-json\/wp\/v2\/product_tag?post=12194"}],"curies":[{"name":"wp","href":"https:\/\/api.w.org\/{rel}","templated":true}]}}