{"id":12270,"date":"2022-02-08T19:49:35","date_gmt":"2022-02-08T19:49:35","guid":{"rendered":"https:\/\/barneleker.no\/index.php\/product\/lego-art-31202-disneys-mikke-mus\/"},"modified":"2022-02-08T19:49:35","modified_gmt":"2022-02-08T19:49:35","slug":"lego-art-31202-disneys-mikke-mus","status":"publish","type":"product","link":"https:\/\/barneleker.no\/index.php\/product\/lego-art-31202-disneys-mikke-mus\/","title":{"rendered":"LEGO ART 31202, Disneys Mikke Mus"},"content":{"rendered":"<p>Har du sans for klassiske Disney-figurer, har vi prosjektet for deg! Med LEGO\u00ae Art \u01c0 Disneys Mikke Mus (31202) kan du bygge 1 av 2 mulige veggportretter i et avslappende og kreativt mosaikkprosjekt.LEGO avslapning for voksneF\u00e5 ny energi med dette settet som best\u00e5r av 2658 deler og gir deg muligheten til \u00e5 velge mellom \u00e5 lage enten Mikke Mus eller Minni mus fra Disney. Du kan h\u00f8re p\u00e5 lydsporet om de ikoniske figurene mens du bygger. Klar for forandring? Bygg om portrettet, eller kj\u00f8p to sett f   or \u00e5 lage veggkunst med b\u00e5de Minni Mus og Mikke Mus.Kreative muligheterDu trenger ikke \u00e5 v\u00e6re kunstner eller LEGO samler for \u00e5 sette pris p\u00e5 dette kreative settet. Det ferdige verket kan henges opp p\u00e5 veggen eller settes p\u00e5 en hylle, enten hjemme og p\u00e5 jobb. LEGO Art settet er en del av en unik serie med byggesett som har kunst, musikk, design og arkitektur som tema, og som alle som leter etter et nytt prosjekt (inkludert deg selv), vil sette pris p\u00e5.<\/p>\n","protected":false},"excerpt":{"rendered":"<p>Har du sans for klassiske Disney-figurer, har vi prosjektet for deg! Med LEGO\u00ae Art \u01c0 Disneys Mikke Mus (31202) kan du bygge 1 av 2&hellip;<\/p>\n","protected":false},"featured_media":12269,"comment_status":"open","ping_status":"closed","template":"","meta":[],"product_brand":[],"product_cat":[340],"product_tag":[],"class_list":{"0":"post-12270","1":"product","2":"type-product","3":"status-publish","4":"has-post-thumbnail","6":"product_cat-set","8":"first","9":"instock","10":"shipping-taxable","11":"product-type-external","12":"customify-col"},"yoast_head":"<!-- This site is optimized with the Yoast SEO plugin v26.0 - https:\/\/yoast.com\/wordpress\/plugins\/seo\/ -->\n<title>LEGO ART 31202, Disneys Mikke Mus - Barneleker.no<\/title>\n<meta name=\"robots\" content=\"index, follow, max-snippet:-1, max-image-preview:large, max-video-preview:-1\" \/>\n<link rel=\"canonical\" href=\"https:\/\/barneleker.no\/index.php\/product\/lego-art-31202-disneys-mikke-mus\/\" \/>\n<meta property=\"og:locale\" content=\"nb_NO\" \/>\n<meta property=\"og:type\" content=\"article\" \/>\n<meta property=\"og:title\" content=\"LEGO ART 31202, Disneys Mikke Mus - Barneleker.no\" \/>\n<meta property=\"og:description\" content=\"Har du sans for klassiske Disney-figurer, har vi prosjektet for deg! Med LEGO\u00ae Art \u01c0 Disneys Mikke Mus (31202) kan du bygge 1 av 2&hellip;\" \/>\n<meta property=\"og:url\" content=\"https:\/\/barneleker.no\/index.php\/product\/lego-art-31202-disneys-mikke-mus\/\" \/>\n<meta property=\"og:site_name\" content=\"Barneleker.no\" \/>\n<meta name=\"twitter:card\" content=\"summary_large_image\" \/>\n<meta name=\"twitter:label1\" content=\"Ansl. lesetid\" \/>\n\t<meta name=\"twitter:data1\" content=\"1 minutt\" \/>\n<script type=\"application\/ld+json\" class=\"yoast-schema-graph\">{\"@context\":\"https:\/\/schema.org\",\"@graph\":[{\"@type\":\"WebPage\",\"@id\":\"https:\/\/barneleker.no\/index.php\/product\/lego-art-31202-disneys-mikke-mus\/\",\"url\":\"https:\/\/barneleker.no\/index.php\/product\/lego-art-31202-disneys-mikke-mus\/\",\"name\":\"LEGO ART 31202, Disneys Mikke Mus - Barneleker.no\",\"isPartOf\":{\"@id\":\"https:\/\/barneleker.no\/#website\"},\"primaryImageOfPage\":{\"@id\":\"https:\/\/barneleker.no\/index.php\/product\/lego-art-31202-disneys-mikke-mus\/#primaryimage\"},\"image\":{\"@id\":\"https:\/\/barneleker.no\/index.php\/product\/lego-art-31202-disneys-mikke-mus\/#primaryimage\"},\"thumbnailUrl\":\"https:\/\/barneleker.no\/wp-content\/uploads\/2022\/02\/lego-art-31202-disneys-mikke-mus.jpg\",\"datePublished\":\"2022-02-08T19:49:35+00:00\",\"breadcrumb\":{\"@id\":\"https:\/\/barneleker.no\/index.php\/product\/lego-art-31202-disneys-mikke-mus\/#breadcrumb\"},\"inLanguage\":\"nb-NO\",\"potentialAction\":[{\"@type\":\"ReadAction\",\"target\":[\"https:\/\/barneleker.no\/index.php\/product\/lego-art-31202-disneys-mikke-mus\/\"]}]},{\"@type\":\"ImageObject\",\"inLanguage\":\"nb-NO\",\"@id\":\"https:\/\/barneleker.no\/index.php\/product\/lego-art-31202-disneys-mikke-mus\/#primaryimage\",\"url\":\"https:\/\/barneleker.no\/wp-content\/uploads\/2022\/02\/lego-art-31202-disneys-mikke-mus.jpg\",\"contentUrl\":\"https:\/\/barneleker.no\/wp-content\/uploads\/2022\/02\/lego-art-31202-disneys-mikke-mus.jpg\",\"width\":555,\"height\":555},{\"@type\":\"BreadcrumbList\",\"@id\":\"https:\/\/barneleker.no\/index.php\/product\/lego-art-31202-disneys-mikke-mus\/#breadcrumb\",\"itemListElement\":[{\"@type\":\"ListItem\",\"position\":1,\"name\":\"Butikken\",\"item\":\"https:\/\/barneleker.no\/\"},{\"@type\":\"ListItem\",\"position\":2,\"name\":\"LEGO ART 31202, Disneys Mikke Mus\"}]},{\"@type\":\"WebSite\",\"@id\":\"https:\/\/barneleker.no\/#website\",\"url\":\"https:\/\/barneleker.no\/\",\"name\":\"Barneleker.no\",\"description\":\"Selvf\u00f8lgelig!\",\"publisher\":{\"@id\":\"https:\/\/barneleker.no\/#organization\"},\"potentialAction\":[{\"@type\":\"SearchAction\",\"target\":{\"@type\":\"EntryPoint\",\"urlTemplate\":\"https:\/\/barneleker.no\/?s={search_term_string}\"},\"query-input\":{\"@type\":\"PropertyValueSpecification\",\"valueRequired\":true,\"valueName\":\"search_term_string\"}}],\"inLanguage\":\"nb-NO\"},{\"@type\":\"Organization\",\"@id\":\"https:\/\/barneleker.no\/#organization\",\"name\":\"Barneleker.no\",\"url\":\"https:\/\/barneleker.no\/\",\"logo\":{\"@type\":\"ImageObject\",\"inLanguage\":\"nb-NO\",\"@id\":\"https:\/\/barneleker.no\/#\/schema\/logo\/image\/\",\"url\":\"https:\/\/barneleker.no\/wp-content\/uploads\/2021\/11\/barneleker_logo-780x150-1.jpg\",\"contentUrl\":\"https:\/\/barneleker.no\/wp-content\/uploads\/2021\/11\/barneleker_logo-780x150-1.jpg\",\"width\":780,\"height\":150,\"caption\":\"Barneleker.no\"},\"image\":{\"@id\":\"https:\/\/barneleker.no\/#\/schema\/logo\/image\/\"}}]}<\/script>\n<!-- \/ Yoast SEO plugin. -->","yoast_head_json":{"title":"LEGO ART 31202, Disneys Mikke Mus - Barneleker.no","robots":{"index":"index","follow":"follow","max-snippet":"max-snippet:-1","max-image-preview":"max-image-preview:large","max-video-preview":"max-video-preview:-1"},"canonical":"https:\/\/barneleker.no\/index.php\/product\/lego-art-31202-disneys-mikke-mus\/","og_locale":"nb_NO","og_type":"article","og_title":"LEGO ART 31202, Disneys Mikke Mus - Barneleker.no","og_description":"Har du sans for klassiske Disney-figurer, har vi prosjektet for deg! Med LEGO\u00ae Art \u01c0 Disneys Mikke Mus (31202) kan du bygge 1 av 2&hellip;","og_url":"https:\/\/barneleker.no\/index.php\/product\/lego-art-31202-disneys-mikke-mus\/","og_site_name":"Barneleker.no","twitter_card":"summary_large_image","twitter_misc":{"Ansl. lesetid":"1 minutt"},"schema":{"@context":"https:\/\/schema.org","@graph":[{"@type":"WebPage","@id":"https:\/\/barneleker.no\/index.php\/product\/lego-art-31202-disneys-mikke-mus\/","url":"https:\/\/barneleker.no\/index.php\/product\/lego-art-31202-disneys-mikke-mus\/","name":"LEGO ART 31202, Disneys Mikke Mus - Barneleker.no","isPartOf":{"@id":"https:\/\/barneleker.no\/#website"},"primaryImageOfPage":{"@id":"https:\/\/barneleker.no\/index.php\/product\/lego-art-31202-disneys-mikke-mus\/#primaryimage"},"image":{"@id":"https:\/\/barneleker.no\/index.php\/product\/lego-art-31202-disneys-mikke-mus\/#primaryimage"},"thumbnailUrl":"https:\/\/barneleker.no\/wp-content\/uploads\/2022\/02\/lego-art-31202-disneys-mikke-mus.jpg","datePublished":"2022-02-08T19:49:35+00:00","breadcrumb":{"@id":"https:\/\/barneleker.no\/index.php\/product\/lego-art-31202-disneys-mikke-mus\/#breadcrumb"},"inLanguage":"nb-NO","potentialAction":[{"@type":"ReadAction","target":["https:\/\/barneleker.no\/index.php\/product\/lego-art-31202-disneys-mikke-mus\/"]}]},{"@type":"ImageObject","inLanguage":"nb-NO","@id":"https:\/\/barneleker.no\/index.php\/product\/lego-art-31202-disneys-mikke-mus\/#primaryimage","url":"https:\/\/barneleker.no\/wp-content\/uploads\/2022\/02\/lego-art-31202-disneys-mikke-mus.jpg","contentUrl":"https:\/\/barneleker.no\/wp-content\/uploads\/2022\/02\/lego-art-31202-disneys-mikke-mus.jpg","width":555,"height":555},{"@type":"BreadcrumbList","@id":"https:\/\/barneleker.no\/index.php\/product\/lego-art-31202-disneys-mikke-mus\/#breadcrumb","itemListElement":[{"@type":"ListItem","position":1,"name":"Butikken","item":"https:\/\/barneleker.no\/"},{"@type":"ListItem","position":2,"name":"LEGO ART 31202, Disneys Mikke Mus"}]},{"@type":"WebSite","@id":"https:\/\/barneleker.no\/#website","url":"https:\/\/barneleker.no\/","name":"Barneleker.no","description":"Selvf\u00f8lgelig!","publisher":{"@id":"https:\/\/barneleker.no\/#organization"},"potentialAction":[{"@type":"SearchAction","target":{"@type":"EntryPoint","urlTemplate":"https:\/\/barneleker.no\/?s={search_term_string}"},"query-input":{"@type":"PropertyValueSpecification","valueRequired":true,"valueName":"search_term_string"}}],"inLanguage":"nb-NO"},{"@type":"Organization","@id":"https:\/\/barneleker.no\/#organization","name":"Barneleker.no","url":"https:\/\/barneleker.no\/","logo":{"@type":"ImageObject","inLanguage":"nb-NO","@id":"https:\/\/barneleker.no\/#\/schema\/logo\/image\/","url":"https:\/\/barneleker.no\/wp-content\/uploads\/2021\/11\/barneleker_logo-780x150-1.jpg","contentUrl":"https:\/\/barneleker.no\/wp-content\/uploads\/2021\/11\/barneleker_logo-780x150-1.jpg","width":780,"height":150,"caption":"Barneleker.no"},"image":{"@id":"https:\/\/barneleker.no\/#\/schema\/logo\/image\/"}}]}},"_links":{"self":[{"href":"https:\/\/barneleker.no\/index.php\/wp-json\/wp\/v2\/product\/12270","targetHints":{"allow":["GET"]}}],"collection":[{"href":"https:\/\/barneleker.no\/index.php\/wp-json\/wp\/v2\/product"}],"about":[{"href":"https:\/\/barneleker.no\/index.php\/wp-json\/wp\/v2\/types\/product"}],"replies":[{"embeddable":true,"href":"https:\/\/barneleker.no\/index.php\/wp-json\/wp\/v2\/comments?post=12270"}],"wp:featuredmedia":[{"embeddable":true,"href":"https:\/\/barneleker.no\/index.php\/wp-json\/wp\/v2\/media\/12269"}],"wp:attachment":[{"href":"https:\/\/barneleker.no\/index.php\/wp-json\/wp\/v2\/media?parent=12270"}],"wp:term":[{"taxonomy":"product_brand","embeddable":true,"href":"https:\/\/barneleker.no\/index.php\/wp-json\/wp\/v2\/product_brand?post=12270"},{"taxonomy":"product_cat","embeddable":true,"href":"https:\/\/barneleker.no\/index.php\/wp-json\/wp\/v2\/product_cat?post=12270"},{"taxonomy":"product_tag","embeddable":true,"href":"https:\/\/barneleker.no\/index.php\/wp-json\/wp\/v2\/product_tag?post=12270"}],"curies":[{"name":"wp","href":"https:\/\/api.w.org\/{rel}","templated":true}]}}