{"id":12326,"date":"2022-02-08T19:49:56","date_gmt":"2022-02-08T19:49:56","guid":{"rendered":"https:\/\/barneleker.no\/index.php\/product\/lamaze-sierra-the-swan-mini-clip-go\/"},"modified":"2022-02-08T19:49:56","modified_gmt":"2022-02-08T19:49:56","slug":"lamaze-sierra-the-swan-mini-clip-go","status":"publish","type":"product","link":"https:\/\/barneleker.no\/index.php\/product\/lamaze-sierra-the-swan-mini-clip-go\/","title":{"rendered":"Lamaze, Sierra the Swan Mini Clip &#038; Go"},"content":{"rendered":"<p>Skap nye fortryllende \u00f8yeblikk n\u00e5r du knytter b\u00e5nd til babyen din og leker med svanen fra Lamaze Sierra. Denne utviklende leken har engasjerende f\u00f8lelse som gj\u00f8r det morsommere \u00e5 gripe og klemme p\u00e5, og knirke- og ranglelydene er laget for \u00e5 stimulere utviklingen av h\u00f8rselen. Sierra har en g\u00f8yal blomst med interessante former \u00e5 bite p\u00e5. De kontrastfylte m\u00f8nstrene og sterke fargene gir dessuten babyen din visuell stimulans mens han eller hun leker. Lamaze on-the-go med klips er lett \u00e5 henge denne s\u00f8te babyleken p\u00e5 vognen, reisesengen eller stellbagen hvor enn dere er p\u00e5 farten.<\/p>\n","protected":false},"excerpt":{"rendered":"<p>Skap nye fortryllende \u00f8yeblikk n\u00e5r du knytter b\u00e5nd til babyen din og leker med svanen fra Lamaze Sierra. Denne utviklende leken har engasjerende f\u00f8lelse som&hellip;<\/p>\n","protected":false},"featured_media":12325,"comment_status":"open","ping_status":"closed","template":"","meta":[],"product_brand":[],"product_cat":[428],"product_tag":[],"class_list":{"0":"post-12326","1":"product","2":"type-product","3":"status-publish","4":"has-post-thumbnail","6":"product_cat-djur-figurer","8":"first","9":"instock","10":"shipping-taxable","11":"product-type-external","12":"customify-col"},"yoast_head":"<!-- This site is optimized with the Yoast SEO plugin v26.0 - https:\/\/yoast.com\/wordpress\/plugins\/seo\/ -->\n<title>Lamaze, Sierra the Swan Mini Clip &amp; Go - Barneleker.no<\/title>\n<meta name=\"robots\" content=\"index, follow, max-snippet:-1, max-image-preview:large, max-video-preview:-1\" \/>\n<link rel=\"canonical\" href=\"https:\/\/barneleker.no\/index.php\/product\/lamaze-sierra-the-swan-mini-clip-go\/\" \/>\n<meta property=\"og:locale\" content=\"nb_NO\" \/>\n<meta property=\"og:type\" content=\"article\" \/>\n<meta property=\"og:title\" content=\"Lamaze, Sierra the Swan Mini Clip &amp; Go - Barneleker.no\" \/>\n<meta property=\"og:description\" content=\"Skap nye fortryllende \u00f8yeblikk n\u00e5r du knytter b\u00e5nd til babyen din og leker med svanen fra Lamaze Sierra. Denne utviklende leken har engasjerende f\u00f8lelse som&hellip;\" \/>\n<meta property=\"og:url\" content=\"https:\/\/barneleker.no\/index.php\/product\/lamaze-sierra-the-swan-mini-clip-go\/\" \/>\n<meta property=\"og:site_name\" content=\"Barneleker.no\" \/>\n<meta name=\"twitter:card\" content=\"summary_large_image\" \/>\n<script type=\"application\/ld+json\" class=\"yoast-schema-graph\">{\"@context\":\"https:\/\/schema.org\",\"@graph\":[{\"@type\":\"WebPage\",\"@id\":\"https:\/\/barneleker.no\/index.php\/product\/lamaze-sierra-the-swan-mini-clip-go\/\",\"url\":\"https:\/\/barneleker.no\/index.php\/product\/lamaze-sierra-the-swan-mini-clip-go\/\",\"name\":\"Lamaze, Sierra the Swan Mini Clip & Go - Barneleker.no\",\"isPartOf\":{\"@id\":\"https:\/\/barneleker.no\/#website\"},\"primaryImageOfPage\":{\"@id\":\"https:\/\/barneleker.no\/index.php\/product\/lamaze-sierra-the-swan-mini-clip-go\/#primaryimage\"},\"image\":{\"@id\":\"https:\/\/barneleker.no\/index.php\/product\/lamaze-sierra-the-swan-mini-clip-go\/#primaryimage\"},\"thumbnailUrl\":\"https:\/\/barneleker.no\/wp-content\/uploads\/2022\/02\/lamaze-sierra-the-swan-mini-clip-go.jpg\",\"datePublished\":\"2022-02-08T19:49:56+00:00\",\"breadcrumb\":{\"@id\":\"https:\/\/barneleker.no\/index.php\/product\/lamaze-sierra-the-swan-mini-clip-go\/#breadcrumb\"},\"inLanguage\":\"nb-NO\",\"potentialAction\":[{\"@type\":\"ReadAction\",\"target\":[\"https:\/\/barneleker.no\/index.php\/product\/lamaze-sierra-the-swan-mini-clip-go\/\"]}]},{\"@type\":\"ImageObject\",\"inLanguage\":\"nb-NO\",\"@id\":\"https:\/\/barneleker.no\/index.php\/product\/lamaze-sierra-the-swan-mini-clip-go\/#primaryimage\",\"url\":\"https:\/\/barneleker.no\/wp-content\/uploads\/2022\/02\/lamaze-sierra-the-swan-mini-clip-go.jpg\",\"contentUrl\":\"https:\/\/barneleker.no\/wp-content\/uploads\/2022\/02\/lamaze-sierra-the-swan-mini-clip-go.jpg\",\"width\":555,\"height\":555},{\"@type\":\"BreadcrumbList\",\"@id\":\"https:\/\/barneleker.no\/index.php\/product\/lamaze-sierra-the-swan-mini-clip-go\/#breadcrumb\",\"itemListElement\":[{\"@type\":\"ListItem\",\"position\":1,\"name\":\"Butikken\",\"item\":\"https:\/\/barneleker.no\/\"},{\"@type\":\"ListItem\",\"position\":2,\"name\":\"Lamaze, Sierra the Swan Mini Clip &#038; Go\"}]},{\"@type\":\"WebSite\",\"@id\":\"https:\/\/barneleker.no\/#website\",\"url\":\"https:\/\/barneleker.no\/\",\"name\":\"Barneleker.no\",\"description\":\"Selvf\u00f8lgelig!\",\"publisher\":{\"@id\":\"https:\/\/barneleker.no\/#organization\"},\"potentialAction\":[{\"@type\":\"SearchAction\",\"target\":{\"@type\":\"EntryPoint\",\"urlTemplate\":\"https:\/\/barneleker.no\/?s={search_term_string}\"},\"query-input\":{\"@type\":\"PropertyValueSpecification\",\"valueRequired\":true,\"valueName\":\"search_term_string\"}}],\"inLanguage\":\"nb-NO\"},{\"@type\":\"Organization\",\"@id\":\"https:\/\/barneleker.no\/#organization\",\"name\":\"Barneleker.no\",\"url\":\"https:\/\/barneleker.no\/\",\"logo\":{\"@type\":\"ImageObject\",\"inLanguage\":\"nb-NO\",\"@id\":\"https:\/\/barneleker.no\/#\/schema\/logo\/image\/\",\"url\":\"https:\/\/barneleker.no\/wp-content\/uploads\/2021\/11\/barneleker_logo-780x150-1.jpg\",\"contentUrl\":\"https:\/\/barneleker.no\/wp-content\/uploads\/2021\/11\/barneleker_logo-780x150-1.jpg\",\"width\":780,\"height\":150,\"caption\":\"Barneleker.no\"},\"image\":{\"@id\":\"https:\/\/barneleker.no\/#\/schema\/logo\/image\/\"}}]}<\/script>\n<!-- \/ Yoast SEO plugin. -->","yoast_head_json":{"title":"Lamaze, Sierra the Swan Mini Clip & Go - Barneleker.no","robots":{"index":"index","follow":"follow","max-snippet":"max-snippet:-1","max-image-preview":"max-image-preview:large","max-video-preview":"max-video-preview:-1"},"canonical":"https:\/\/barneleker.no\/index.php\/product\/lamaze-sierra-the-swan-mini-clip-go\/","og_locale":"nb_NO","og_type":"article","og_title":"Lamaze, Sierra the Swan Mini Clip & Go - Barneleker.no","og_description":"Skap nye fortryllende \u00f8yeblikk n\u00e5r du knytter b\u00e5nd til babyen din og leker med svanen fra Lamaze Sierra. Denne utviklende leken har engasjerende f\u00f8lelse som&hellip;","og_url":"https:\/\/barneleker.no\/index.php\/product\/lamaze-sierra-the-swan-mini-clip-go\/","og_site_name":"Barneleker.no","twitter_card":"summary_large_image","schema":{"@context":"https:\/\/schema.org","@graph":[{"@type":"WebPage","@id":"https:\/\/barneleker.no\/index.php\/product\/lamaze-sierra-the-swan-mini-clip-go\/","url":"https:\/\/barneleker.no\/index.php\/product\/lamaze-sierra-the-swan-mini-clip-go\/","name":"Lamaze, Sierra the Swan Mini Clip & Go - Barneleker.no","isPartOf":{"@id":"https:\/\/barneleker.no\/#website"},"primaryImageOfPage":{"@id":"https:\/\/barneleker.no\/index.php\/product\/lamaze-sierra-the-swan-mini-clip-go\/#primaryimage"},"image":{"@id":"https:\/\/barneleker.no\/index.php\/product\/lamaze-sierra-the-swan-mini-clip-go\/#primaryimage"},"thumbnailUrl":"https:\/\/barneleker.no\/wp-content\/uploads\/2022\/02\/lamaze-sierra-the-swan-mini-clip-go.jpg","datePublished":"2022-02-08T19:49:56+00:00","breadcrumb":{"@id":"https:\/\/barneleker.no\/index.php\/product\/lamaze-sierra-the-swan-mini-clip-go\/#breadcrumb"},"inLanguage":"nb-NO","potentialAction":[{"@type":"ReadAction","target":["https:\/\/barneleker.no\/index.php\/product\/lamaze-sierra-the-swan-mini-clip-go\/"]}]},{"@type":"ImageObject","inLanguage":"nb-NO","@id":"https:\/\/barneleker.no\/index.php\/product\/lamaze-sierra-the-swan-mini-clip-go\/#primaryimage","url":"https:\/\/barneleker.no\/wp-content\/uploads\/2022\/02\/lamaze-sierra-the-swan-mini-clip-go.jpg","contentUrl":"https:\/\/barneleker.no\/wp-content\/uploads\/2022\/02\/lamaze-sierra-the-swan-mini-clip-go.jpg","width":555,"height":555},{"@type":"BreadcrumbList","@id":"https:\/\/barneleker.no\/index.php\/product\/lamaze-sierra-the-swan-mini-clip-go\/#breadcrumb","itemListElement":[{"@type":"ListItem","position":1,"name":"Butikken","item":"https:\/\/barneleker.no\/"},{"@type":"ListItem","position":2,"name":"Lamaze, Sierra the Swan Mini Clip &#038; Go"}]},{"@type":"WebSite","@id":"https:\/\/barneleker.no\/#website","url":"https:\/\/barneleker.no\/","name":"Barneleker.no","description":"Selvf\u00f8lgelig!","publisher":{"@id":"https:\/\/barneleker.no\/#organization"},"potentialAction":[{"@type":"SearchAction","target":{"@type":"EntryPoint","urlTemplate":"https:\/\/barneleker.no\/?s={search_term_string}"},"query-input":{"@type":"PropertyValueSpecification","valueRequired":true,"valueName":"search_term_string"}}],"inLanguage":"nb-NO"},{"@type":"Organization","@id":"https:\/\/barneleker.no\/#organization","name":"Barneleker.no","url":"https:\/\/barneleker.no\/","logo":{"@type":"ImageObject","inLanguage":"nb-NO","@id":"https:\/\/barneleker.no\/#\/schema\/logo\/image\/","url":"https:\/\/barneleker.no\/wp-content\/uploads\/2021\/11\/barneleker_logo-780x150-1.jpg","contentUrl":"https:\/\/barneleker.no\/wp-content\/uploads\/2021\/11\/barneleker_logo-780x150-1.jpg","width":780,"height":150,"caption":"Barneleker.no"},"image":{"@id":"https:\/\/barneleker.no\/#\/schema\/logo\/image\/"}}]}},"_links":{"self":[{"href":"https:\/\/barneleker.no\/index.php\/wp-json\/wp\/v2\/product\/12326","targetHints":{"allow":["GET"]}}],"collection":[{"href":"https:\/\/barneleker.no\/index.php\/wp-json\/wp\/v2\/product"}],"about":[{"href":"https:\/\/barneleker.no\/index.php\/wp-json\/wp\/v2\/types\/product"}],"replies":[{"embeddable":true,"href":"https:\/\/barneleker.no\/index.php\/wp-json\/wp\/v2\/comments?post=12326"}],"wp:featuredmedia":[{"embeddable":true,"href":"https:\/\/barneleker.no\/index.php\/wp-json\/wp\/v2\/media\/12325"}],"wp:attachment":[{"href":"https:\/\/barneleker.no\/index.php\/wp-json\/wp\/v2\/media?parent=12326"}],"wp:term":[{"taxonomy":"product_brand","embeddable":true,"href":"https:\/\/barneleker.no\/index.php\/wp-json\/wp\/v2\/product_brand?post=12326"},{"taxonomy":"product_cat","embeddable":true,"href":"https:\/\/barneleker.no\/index.php\/wp-json\/wp\/v2\/product_cat?post=12326"},{"taxonomy":"product_tag","embeddable":true,"href":"https:\/\/barneleker.no\/index.php\/wp-json\/wp\/v2\/product_tag?post=12326"}],"curies":[{"name":"wp","href":"https:\/\/api.w.org\/{rel}","templated":true}]}}