{"id":12437,"date":"2022-02-08T19:50:36","date_gmt":"2022-02-08T19:50:36","guid":{"rendered":"https:\/\/barneleker.no\/index.php\/product\/the-stage-stage-dj-mixerbord\/"},"modified":"2022-02-08T19:50:36","modified_gmt":"2022-02-08T19:50:36","slug":"the-stage-stage-dj-mixerbord","status":"publish","type":"product","link":"https:\/\/barneleker.no\/index.php\/product\/the-stage-stage-dj-mixerbord\/","title":{"rendered":"The Stage Stage, DJ Mixerbord"},"content":{"rendered":"<p>N\u00e5 kan du fordype deg i rollen som en verdenskjent DJ p\u00e5 turne med et fullt dansegulv p\u00e5 Ibiza eller en fullsatt Oslo Spectrum foran deg. Mixebordet har flere forskjellige lydeffekter og et innebygd diskolys. Kan kobles til eksterne lydkilder som f.eks. for eksempel en mobiltelefon. Et mikrofon-hodesett er ogs\u00e5 inkludert som kan brukes til \u00e5 snakke gjennom og til \u00e5 lytte til miksene dine mens du \u00f8ver uten \u00e5 vekke foreldre dine.<\/p>\n","protected":false},"excerpt":{"rendered":"<p>N\u00e5 kan du fordype deg i rollen som en verdenskjent DJ p\u00e5 turne med et fullt dansegulv p\u00e5 Ibiza eller en fullsatt Oslo Spectrum foran&hellip;<\/p>\n","protected":false},"featured_media":12436,"comment_status":"open","ping_status":"closed","template":"","meta":[],"product_brand":[],"product_cat":[441],"product_tag":[],"class_list":{"0":"post-12437","1":"product","2":"type-product","3":"status-publish","4":"has-post-thumbnail","6":"product_cat-leksaksinstrument","8":"first","9":"instock","10":"shipping-taxable","11":"product-type-external","12":"customify-col"},"yoast_head":"<!-- This site is optimized with the Yoast SEO plugin v26.0 - https:\/\/yoast.com\/wordpress\/plugins\/seo\/ -->\n<title>The Stage Stage, DJ Mixerbord - Barneleker.no<\/title>\n<meta name=\"robots\" content=\"index, follow, max-snippet:-1, max-image-preview:large, max-video-preview:-1\" \/>\n<link rel=\"canonical\" href=\"https:\/\/barneleker.no\/index.php\/product\/the-stage-stage-dj-mixerbord\/\" \/>\n<meta property=\"og:locale\" content=\"nb_NO\" \/>\n<meta property=\"og:type\" content=\"article\" \/>\n<meta property=\"og:title\" content=\"The Stage Stage, DJ Mixerbord - Barneleker.no\" \/>\n<meta property=\"og:description\" content=\"N\u00e5 kan du fordype deg i rollen som en verdenskjent DJ p\u00e5 turne med et fullt dansegulv p\u00e5 Ibiza eller en fullsatt Oslo Spectrum foran&hellip;\" \/>\n<meta property=\"og:url\" content=\"https:\/\/barneleker.no\/index.php\/product\/the-stage-stage-dj-mixerbord\/\" \/>\n<meta property=\"og:site_name\" content=\"Barneleker.no\" \/>\n<meta name=\"twitter:card\" content=\"summary_large_image\" \/>\n<script type=\"application\/ld+json\" class=\"yoast-schema-graph\">{\"@context\":\"https:\/\/schema.org\",\"@graph\":[{\"@type\":\"WebPage\",\"@id\":\"https:\/\/barneleker.no\/index.php\/product\/the-stage-stage-dj-mixerbord\/\",\"url\":\"https:\/\/barneleker.no\/index.php\/product\/the-stage-stage-dj-mixerbord\/\",\"name\":\"The Stage Stage, DJ Mixerbord - Barneleker.no\",\"isPartOf\":{\"@id\":\"https:\/\/barneleker.no\/#website\"},\"primaryImageOfPage\":{\"@id\":\"https:\/\/barneleker.no\/index.php\/product\/the-stage-stage-dj-mixerbord\/#primaryimage\"},\"image\":{\"@id\":\"https:\/\/barneleker.no\/index.php\/product\/the-stage-stage-dj-mixerbord\/#primaryimage\"},\"thumbnailUrl\":\"https:\/\/barneleker.no\/wp-content\/uploads\/2022\/02\/stage-dj-mixerbord.jpg\",\"datePublished\":\"2022-02-08T19:50:36+00:00\",\"breadcrumb\":{\"@id\":\"https:\/\/barneleker.no\/index.php\/product\/the-stage-stage-dj-mixerbord\/#breadcrumb\"},\"inLanguage\":\"nb-NO\",\"potentialAction\":[{\"@type\":\"ReadAction\",\"target\":[\"https:\/\/barneleker.no\/index.php\/product\/the-stage-stage-dj-mixerbord\/\"]}]},{\"@type\":\"ImageObject\",\"inLanguage\":\"nb-NO\",\"@id\":\"https:\/\/barneleker.no\/index.php\/product\/the-stage-stage-dj-mixerbord\/#primaryimage\",\"url\":\"https:\/\/barneleker.no\/wp-content\/uploads\/2022\/02\/stage-dj-mixerbord.jpg\",\"contentUrl\":\"https:\/\/barneleker.no\/wp-content\/uploads\/2022\/02\/stage-dj-mixerbord.jpg\",\"width\":555,\"height\":555},{\"@type\":\"BreadcrumbList\",\"@id\":\"https:\/\/barneleker.no\/index.php\/product\/the-stage-stage-dj-mixerbord\/#breadcrumb\",\"itemListElement\":[{\"@type\":\"ListItem\",\"position\":1,\"name\":\"Butikken\",\"item\":\"https:\/\/barneleker.no\/\"},{\"@type\":\"ListItem\",\"position\":2,\"name\":\"The Stage Stage, DJ Mixerbord\"}]},{\"@type\":\"WebSite\",\"@id\":\"https:\/\/barneleker.no\/#website\",\"url\":\"https:\/\/barneleker.no\/\",\"name\":\"Barneleker.no\",\"description\":\"Selvf\u00f8lgelig!\",\"publisher\":{\"@id\":\"https:\/\/barneleker.no\/#organization\"},\"potentialAction\":[{\"@type\":\"SearchAction\",\"target\":{\"@type\":\"EntryPoint\",\"urlTemplate\":\"https:\/\/barneleker.no\/?s={search_term_string}\"},\"query-input\":{\"@type\":\"PropertyValueSpecification\",\"valueRequired\":true,\"valueName\":\"search_term_string\"}}],\"inLanguage\":\"nb-NO\"},{\"@type\":\"Organization\",\"@id\":\"https:\/\/barneleker.no\/#organization\",\"name\":\"Barneleker.no\",\"url\":\"https:\/\/barneleker.no\/\",\"logo\":{\"@type\":\"ImageObject\",\"inLanguage\":\"nb-NO\",\"@id\":\"https:\/\/barneleker.no\/#\/schema\/logo\/image\/\",\"url\":\"https:\/\/barneleker.no\/wp-content\/uploads\/2021\/11\/barneleker_logo-780x150-1.jpg\",\"contentUrl\":\"https:\/\/barneleker.no\/wp-content\/uploads\/2021\/11\/barneleker_logo-780x150-1.jpg\",\"width\":780,\"height\":150,\"caption\":\"Barneleker.no\"},\"image\":{\"@id\":\"https:\/\/barneleker.no\/#\/schema\/logo\/image\/\"}}]}<\/script>\n<!-- \/ Yoast SEO plugin. -->","yoast_head_json":{"title":"The Stage Stage, DJ Mixerbord - Barneleker.no","robots":{"index":"index","follow":"follow","max-snippet":"max-snippet:-1","max-image-preview":"max-image-preview:large","max-video-preview":"max-video-preview:-1"},"canonical":"https:\/\/barneleker.no\/index.php\/product\/the-stage-stage-dj-mixerbord\/","og_locale":"nb_NO","og_type":"article","og_title":"The Stage Stage, DJ Mixerbord - Barneleker.no","og_description":"N\u00e5 kan du fordype deg i rollen som en verdenskjent DJ p\u00e5 turne med et fullt dansegulv p\u00e5 Ibiza eller en fullsatt Oslo Spectrum foran&hellip;","og_url":"https:\/\/barneleker.no\/index.php\/product\/the-stage-stage-dj-mixerbord\/","og_site_name":"Barneleker.no","twitter_card":"summary_large_image","schema":{"@context":"https:\/\/schema.org","@graph":[{"@type":"WebPage","@id":"https:\/\/barneleker.no\/index.php\/product\/the-stage-stage-dj-mixerbord\/","url":"https:\/\/barneleker.no\/index.php\/product\/the-stage-stage-dj-mixerbord\/","name":"The Stage Stage, DJ Mixerbord - Barneleker.no","isPartOf":{"@id":"https:\/\/barneleker.no\/#website"},"primaryImageOfPage":{"@id":"https:\/\/barneleker.no\/index.php\/product\/the-stage-stage-dj-mixerbord\/#primaryimage"},"image":{"@id":"https:\/\/barneleker.no\/index.php\/product\/the-stage-stage-dj-mixerbord\/#primaryimage"},"thumbnailUrl":"https:\/\/barneleker.no\/wp-content\/uploads\/2022\/02\/stage-dj-mixerbord.jpg","datePublished":"2022-02-08T19:50:36+00:00","breadcrumb":{"@id":"https:\/\/barneleker.no\/index.php\/product\/the-stage-stage-dj-mixerbord\/#breadcrumb"},"inLanguage":"nb-NO","potentialAction":[{"@type":"ReadAction","target":["https:\/\/barneleker.no\/index.php\/product\/the-stage-stage-dj-mixerbord\/"]}]},{"@type":"ImageObject","inLanguage":"nb-NO","@id":"https:\/\/barneleker.no\/index.php\/product\/the-stage-stage-dj-mixerbord\/#primaryimage","url":"https:\/\/barneleker.no\/wp-content\/uploads\/2022\/02\/stage-dj-mixerbord.jpg","contentUrl":"https:\/\/barneleker.no\/wp-content\/uploads\/2022\/02\/stage-dj-mixerbord.jpg","width":555,"height":555},{"@type":"BreadcrumbList","@id":"https:\/\/barneleker.no\/index.php\/product\/the-stage-stage-dj-mixerbord\/#breadcrumb","itemListElement":[{"@type":"ListItem","position":1,"name":"Butikken","item":"https:\/\/barneleker.no\/"},{"@type":"ListItem","position":2,"name":"The Stage Stage, DJ Mixerbord"}]},{"@type":"WebSite","@id":"https:\/\/barneleker.no\/#website","url":"https:\/\/barneleker.no\/","name":"Barneleker.no","description":"Selvf\u00f8lgelig!","publisher":{"@id":"https:\/\/barneleker.no\/#organization"},"potentialAction":[{"@type":"SearchAction","target":{"@type":"EntryPoint","urlTemplate":"https:\/\/barneleker.no\/?s={search_term_string}"},"query-input":{"@type":"PropertyValueSpecification","valueRequired":true,"valueName":"search_term_string"}}],"inLanguage":"nb-NO"},{"@type":"Organization","@id":"https:\/\/barneleker.no\/#organization","name":"Barneleker.no","url":"https:\/\/barneleker.no\/","logo":{"@type":"ImageObject","inLanguage":"nb-NO","@id":"https:\/\/barneleker.no\/#\/schema\/logo\/image\/","url":"https:\/\/barneleker.no\/wp-content\/uploads\/2021\/11\/barneleker_logo-780x150-1.jpg","contentUrl":"https:\/\/barneleker.no\/wp-content\/uploads\/2021\/11\/barneleker_logo-780x150-1.jpg","width":780,"height":150,"caption":"Barneleker.no"},"image":{"@id":"https:\/\/barneleker.no\/#\/schema\/logo\/image\/"}}]}},"_links":{"self":[{"href":"https:\/\/barneleker.no\/index.php\/wp-json\/wp\/v2\/product\/12437","targetHints":{"allow":["GET"]}}],"collection":[{"href":"https:\/\/barneleker.no\/index.php\/wp-json\/wp\/v2\/product"}],"about":[{"href":"https:\/\/barneleker.no\/index.php\/wp-json\/wp\/v2\/types\/product"}],"replies":[{"embeddable":true,"href":"https:\/\/barneleker.no\/index.php\/wp-json\/wp\/v2\/comments?post=12437"}],"wp:featuredmedia":[{"embeddable":true,"href":"https:\/\/barneleker.no\/index.php\/wp-json\/wp\/v2\/media\/12436"}],"wp:attachment":[{"href":"https:\/\/barneleker.no\/index.php\/wp-json\/wp\/v2\/media?parent=12437"}],"wp:term":[{"taxonomy":"product_brand","embeddable":true,"href":"https:\/\/barneleker.no\/index.php\/wp-json\/wp\/v2\/product_brand?post=12437"},{"taxonomy":"product_cat","embeddable":true,"href":"https:\/\/barneleker.no\/index.php\/wp-json\/wp\/v2\/product_cat?post=12437"},{"taxonomy":"product_tag","embeddable":true,"href":"https:\/\/barneleker.no\/index.php\/wp-json\/wp\/v2\/product_tag?post=12437"}],"curies":[{"name":"wp","href":"https:\/\/api.w.org\/{rel}","templated":true}]}}