{"id":12509,"date":"2022-02-08T19:51:01","date_gmt":"2022-02-08T19:51:01","guid":{"rendered":"https:\/\/barneleker.no\/index.php\/product\/paw-patrol-movie-chase-larger-than-life-vehicle\/"},"modified":"2022-02-08T19:51:01","modified_gmt":"2022-02-08T19:51:01","slug":"paw-patrol-movie-chase-larger-than-life-vehicle","status":"publish","type":"product","link":"https:\/\/barneleker.no\/index.php\/product\/paw-patrol-movie-chase-larger-than-life-vehicle\/","title":{"rendered":"Paw Patrol, Movie Chase Larger Than Life Vehicle"},"content":{"rendered":"<p>Gj\u00f8r deg klar for action utover livet med PAW Patrol: The Movie Chase Larger Than Life Vehicle! Denne offisielle PAW Patrol: The Movie Vehicle bringer Chase&#8217;s slanke bycruiser til live fra storskjermen. Denne politibilen m\u00e5ler en fantastisk 18-tommer lang og er det st\u00f8rste PAW Patrol Chase-kj\u00f8ret\u00f8yet hittil! Med autentiske filmdetaljer og grafikk, arbeidshjul og Chase st\u00f8pt i f\u00f8rersetet, kan du l\u00f8pe til unnsetning med din favoritt heroiske valp! Push Chase&#8217;s Larger Than Life Vehicle og bruk fantasien til \u00e5 gjenskape spennende scener fra PAW Patrol: The Movie eller skape helt nye eventyr. Dette store PAW Patrol-leket\u00f8yet er det perfekte tilskuddet til samlingen din og er en flott gave til barn. Ingen batterier kreves! G\u00e5 sammen med Chase for st\u00f8rre, dristigere redninger med sin offisielle PAW Patrol: The Movie Larger Than Life Vehicle!<\/p>\n","protected":false},"excerpt":{"rendered":"<p>Gj\u00f8r deg klar for action utover livet med PAW Patrol: The Movie Chase Larger Than Life Vehicle! Denne offisielle PAW Patrol: The Movie Vehicle bringer&hellip;<\/p>\n","protected":false},"featured_media":12508,"comment_status":"open","ping_status":"closed","template":"","meta":[],"product_brand":[],"product_cat":[352],"product_tag":[],"class_list":{"0":"post-12509","1":"product","2":"type-product","3":"status-publish","4":"has-post-thumbnail","6":"product_cat-figurer-roboter","8":"first","9":"instock","10":"shipping-taxable","11":"product-type-external","12":"customify-col"},"yoast_head":"<!-- This site is optimized with the Yoast SEO plugin v26.0 - https:\/\/yoast.com\/wordpress\/plugins\/seo\/ -->\n<title>Paw Patrol, Movie Chase Larger Than Life Vehicle - Barneleker.no<\/title>\n<meta name=\"robots\" content=\"index, follow, max-snippet:-1, max-image-preview:large, max-video-preview:-1\" \/>\n<link rel=\"canonical\" href=\"https:\/\/barneleker.no\/index.php\/product\/paw-patrol-movie-chase-larger-than-life-vehicle\/\" \/>\n<meta property=\"og:locale\" content=\"nb_NO\" \/>\n<meta property=\"og:type\" content=\"article\" \/>\n<meta property=\"og:title\" content=\"Paw Patrol, Movie Chase Larger Than Life Vehicle - Barneleker.no\" \/>\n<meta property=\"og:description\" content=\"Gj\u00f8r deg klar for action utover livet med PAW Patrol: The Movie Chase Larger Than Life Vehicle! Denne offisielle PAW Patrol: The Movie Vehicle bringer&hellip;\" \/>\n<meta property=\"og:url\" content=\"https:\/\/barneleker.no\/index.php\/product\/paw-patrol-movie-chase-larger-than-life-vehicle\/\" \/>\n<meta property=\"og:site_name\" content=\"Barneleker.no\" \/>\n<meta name=\"twitter:card\" content=\"summary_large_image\" \/>\n<meta name=\"twitter:label1\" content=\"Ansl. lesetid\" \/>\n\t<meta name=\"twitter:data1\" content=\"1 minutt\" \/>\n<script type=\"application\/ld+json\" class=\"yoast-schema-graph\">{\"@context\":\"https:\/\/schema.org\",\"@graph\":[{\"@type\":\"WebPage\",\"@id\":\"https:\/\/barneleker.no\/index.php\/product\/paw-patrol-movie-chase-larger-than-life-vehicle\/\",\"url\":\"https:\/\/barneleker.no\/index.php\/product\/paw-patrol-movie-chase-larger-than-life-vehicle\/\",\"name\":\"Paw Patrol, Movie Chase Larger Than Life Vehicle - Barneleker.no\",\"isPartOf\":{\"@id\":\"https:\/\/barneleker.no\/#website\"},\"primaryImageOfPage\":{\"@id\":\"https:\/\/barneleker.no\/index.php\/product\/paw-patrol-movie-chase-larger-than-life-vehicle\/#primaryimage\"},\"image\":{\"@id\":\"https:\/\/barneleker.no\/index.php\/product\/paw-patrol-movie-chase-larger-than-life-vehicle\/#primaryimage\"},\"thumbnailUrl\":\"https:\/\/barneleker.no\/wp-content\/uploads\/2022\/02\/paw-patrol-movie-chase-larger-than-life-vehicle.jpg\",\"datePublished\":\"2022-02-08T19:51:01+00:00\",\"breadcrumb\":{\"@id\":\"https:\/\/barneleker.no\/index.php\/product\/paw-patrol-movie-chase-larger-than-life-vehicle\/#breadcrumb\"},\"inLanguage\":\"nb-NO\",\"potentialAction\":[{\"@type\":\"ReadAction\",\"target\":[\"https:\/\/barneleker.no\/index.php\/product\/paw-patrol-movie-chase-larger-than-life-vehicle\/\"]}]},{\"@type\":\"ImageObject\",\"inLanguage\":\"nb-NO\",\"@id\":\"https:\/\/barneleker.no\/index.php\/product\/paw-patrol-movie-chase-larger-than-life-vehicle\/#primaryimage\",\"url\":\"https:\/\/barneleker.no\/wp-content\/uploads\/2022\/02\/paw-patrol-movie-chase-larger-than-life-vehicle.jpg\",\"contentUrl\":\"https:\/\/barneleker.no\/wp-content\/uploads\/2022\/02\/paw-patrol-movie-chase-larger-than-life-vehicle.jpg\",\"width\":555,\"height\":555},{\"@type\":\"BreadcrumbList\",\"@id\":\"https:\/\/barneleker.no\/index.php\/product\/paw-patrol-movie-chase-larger-than-life-vehicle\/#breadcrumb\",\"itemListElement\":[{\"@type\":\"ListItem\",\"position\":1,\"name\":\"Butikken\",\"item\":\"https:\/\/barneleker.no\/\"},{\"@type\":\"ListItem\",\"position\":2,\"name\":\"Paw Patrol, Movie Chase Larger Than Life Vehicle\"}]},{\"@type\":\"WebSite\",\"@id\":\"https:\/\/barneleker.no\/#website\",\"url\":\"https:\/\/barneleker.no\/\",\"name\":\"Barneleker.no\",\"description\":\"Selvf\u00f8lgelig!\",\"publisher\":{\"@id\":\"https:\/\/barneleker.no\/#organization\"},\"potentialAction\":[{\"@type\":\"SearchAction\",\"target\":{\"@type\":\"EntryPoint\",\"urlTemplate\":\"https:\/\/barneleker.no\/?s={search_term_string}\"},\"query-input\":{\"@type\":\"PropertyValueSpecification\",\"valueRequired\":true,\"valueName\":\"search_term_string\"}}],\"inLanguage\":\"nb-NO\"},{\"@type\":\"Organization\",\"@id\":\"https:\/\/barneleker.no\/#organization\",\"name\":\"Barneleker.no\",\"url\":\"https:\/\/barneleker.no\/\",\"logo\":{\"@type\":\"ImageObject\",\"inLanguage\":\"nb-NO\",\"@id\":\"https:\/\/barneleker.no\/#\/schema\/logo\/image\/\",\"url\":\"https:\/\/barneleker.no\/wp-content\/uploads\/2021\/11\/barneleker_logo-780x150-1.jpg\",\"contentUrl\":\"https:\/\/barneleker.no\/wp-content\/uploads\/2021\/11\/barneleker_logo-780x150-1.jpg\",\"width\":780,\"height\":150,\"caption\":\"Barneleker.no\"},\"image\":{\"@id\":\"https:\/\/barneleker.no\/#\/schema\/logo\/image\/\"}}]}<\/script>\n<!-- \/ Yoast SEO plugin. -->","yoast_head_json":{"title":"Paw Patrol, Movie Chase Larger Than Life Vehicle - Barneleker.no","robots":{"index":"index","follow":"follow","max-snippet":"max-snippet:-1","max-image-preview":"max-image-preview:large","max-video-preview":"max-video-preview:-1"},"canonical":"https:\/\/barneleker.no\/index.php\/product\/paw-patrol-movie-chase-larger-than-life-vehicle\/","og_locale":"nb_NO","og_type":"article","og_title":"Paw Patrol, Movie Chase Larger Than Life Vehicle - Barneleker.no","og_description":"Gj\u00f8r deg klar for action utover livet med PAW Patrol: The Movie Chase Larger Than Life Vehicle! Denne offisielle PAW Patrol: The Movie Vehicle bringer&hellip;","og_url":"https:\/\/barneleker.no\/index.php\/product\/paw-patrol-movie-chase-larger-than-life-vehicle\/","og_site_name":"Barneleker.no","twitter_card":"summary_large_image","twitter_misc":{"Ansl. lesetid":"1 minutt"},"schema":{"@context":"https:\/\/schema.org","@graph":[{"@type":"WebPage","@id":"https:\/\/barneleker.no\/index.php\/product\/paw-patrol-movie-chase-larger-than-life-vehicle\/","url":"https:\/\/barneleker.no\/index.php\/product\/paw-patrol-movie-chase-larger-than-life-vehicle\/","name":"Paw Patrol, Movie Chase Larger Than Life Vehicle - Barneleker.no","isPartOf":{"@id":"https:\/\/barneleker.no\/#website"},"primaryImageOfPage":{"@id":"https:\/\/barneleker.no\/index.php\/product\/paw-patrol-movie-chase-larger-than-life-vehicle\/#primaryimage"},"image":{"@id":"https:\/\/barneleker.no\/index.php\/product\/paw-patrol-movie-chase-larger-than-life-vehicle\/#primaryimage"},"thumbnailUrl":"https:\/\/barneleker.no\/wp-content\/uploads\/2022\/02\/paw-patrol-movie-chase-larger-than-life-vehicle.jpg","datePublished":"2022-02-08T19:51:01+00:00","breadcrumb":{"@id":"https:\/\/barneleker.no\/index.php\/product\/paw-patrol-movie-chase-larger-than-life-vehicle\/#breadcrumb"},"inLanguage":"nb-NO","potentialAction":[{"@type":"ReadAction","target":["https:\/\/barneleker.no\/index.php\/product\/paw-patrol-movie-chase-larger-than-life-vehicle\/"]}]},{"@type":"ImageObject","inLanguage":"nb-NO","@id":"https:\/\/barneleker.no\/index.php\/product\/paw-patrol-movie-chase-larger-than-life-vehicle\/#primaryimage","url":"https:\/\/barneleker.no\/wp-content\/uploads\/2022\/02\/paw-patrol-movie-chase-larger-than-life-vehicle.jpg","contentUrl":"https:\/\/barneleker.no\/wp-content\/uploads\/2022\/02\/paw-patrol-movie-chase-larger-than-life-vehicle.jpg","width":555,"height":555},{"@type":"BreadcrumbList","@id":"https:\/\/barneleker.no\/index.php\/product\/paw-patrol-movie-chase-larger-than-life-vehicle\/#breadcrumb","itemListElement":[{"@type":"ListItem","position":1,"name":"Butikken","item":"https:\/\/barneleker.no\/"},{"@type":"ListItem","position":2,"name":"Paw Patrol, Movie Chase Larger Than Life Vehicle"}]},{"@type":"WebSite","@id":"https:\/\/barneleker.no\/#website","url":"https:\/\/barneleker.no\/","name":"Barneleker.no","description":"Selvf\u00f8lgelig!","publisher":{"@id":"https:\/\/barneleker.no\/#organization"},"potentialAction":[{"@type":"SearchAction","target":{"@type":"EntryPoint","urlTemplate":"https:\/\/barneleker.no\/?s={search_term_string}"},"query-input":{"@type":"PropertyValueSpecification","valueRequired":true,"valueName":"search_term_string"}}],"inLanguage":"nb-NO"},{"@type":"Organization","@id":"https:\/\/barneleker.no\/#organization","name":"Barneleker.no","url":"https:\/\/barneleker.no\/","logo":{"@type":"ImageObject","inLanguage":"nb-NO","@id":"https:\/\/barneleker.no\/#\/schema\/logo\/image\/","url":"https:\/\/barneleker.no\/wp-content\/uploads\/2021\/11\/barneleker_logo-780x150-1.jpg","contentUrl":"https:\/\/barneleker.no\/wp-content\/uploads\/2021\/11\/barneleker_logo-780x150-1.jpg","width":780,"height":150,"caption":"Barneleker.no"},"image":{"@id":"https:\/\/barneleker.no\/#\/schema\/logo\/image\/"}}]}},"_links":{"self":[{"href":"https:\/\/barneleker.no\/index.php\/wp-json\/wp\/v2\/product\/12509","targetHints":{"allow":["GET"]}}],"collection":[{"href":"https:\/\/barneleker.no\/index.php\/wp-json\/wp\/v2\/product"}],"about":[{"href":"https:\/\/barneleker.no\/index.php\/wp-json\/wp\/v2\/types\/product"}],"replies":[{"embeddable":true,"href":"https:\/\/barneleker.no\/index.php\/wp-json\/wp\/v2\/comments?post=12509"}],"wp:featuredmedia":[{"embeddable":true,"href":"https:\/\/barneleker.no\/index.php\/wp-json\/wp\/v2\/media\/12508"}],"wp:attachment":[{"href":"https:\/\/barneleker.no\/index.php\/wp-json\/wp\/v2\/media?parent=12509"}],"wp:term":[{"taxonomy":"product_brand","embeddable":true,"href":"https:\/\/barneleker.no\/index.php\/wp-json\/wp\/v2\/product_brand?post=12509"},{"taxonomy":"product_cat","embeddable":true,"href":"https:\/\/barneleker.no\/index.php\/wp-json\/wp\/v2\/product_cat?post=12509"},{"taxonomy":"product_tag","embeddable":true,"href":"https:\/\/barneleker.no\/index.php\/wp-json\/wp\/v2\/product_tag?post=12509"}],"curies":[{"name":"wp","href":"https:\/\/api.w.org\/{rel}","templated":true}]}}