{"id":12605,"date":"2022-02-08T19:51:35","date_gmt":"2022-02-08T19:51:35","guid":{"rendered":"https:\/\/barneleker.no\/index.php\/product\/orbeez-grown-orbeez-bubbly-blue\/"},"modified":"2022-02-08T19:51:35","modified_gmt":"2022-02-08T19:51:35","slug":"orbeez-grown-orbeez-bubbly-blue","status":"publish","type":"product","link":"https:\/\/barneleker.no\/index.php\/product\/orbeez-grown-orbeez-bubbly-blue\/","title":{"rendered":"Orbeez, Grown Orbeez, Bubbly Blue"},"content":{"rendered":"<p>Opplev Orbeez, de myke og squishy, morsomme og rare fargerike vannperler, du ikke kan f\u00e5 nok av. Dette r\u00f8ret leveres med 400 levende og myke Orbeez klar til lek. Kom direkte i gang med alt det morsomme uten \u00e5 vente p\u00e5 at de vokser. Hell dine fargerike Orbeez-vannperler ut av r\u00f8ret, rull dem, klem dem, bruk dem som sprettball, knus dem, bruk dem i din beroligende spa (selges separat) eller la dem str\u00f8mme gjennom dine hender. Med Orbeez f\u00e5r du uendelige mengder av moro. Det er s\u00e5 mange str\u00e5lende farger \u00e5 velge mellom, Klar Bl\u00e5, Perfekt Pink, Majestetisk Lilla, Klar Gul og mange flere (hver selges separat). Ta med yndlingsfargene dine med hjem og lek med Orbeez, som du vil.<\/p>\n","protected":false},"excerpt":{"rendered":"<p>Opplev Orbeez, de myke og squishy, morsomme og rare fargerike vannperler, du ikke kan f\u00e5 nok av. Dette r\u00f8ret leveres med 400 levende og myke&hellip;<\/p>\n","protected":false},"featured_media":12604,"comment_status":"open","ping_status":"closed","template":"","meta":[],"product_brand":[],"product_cat":[396],"product_tag":[],"class_list":{"0":"post-12605","1":"product","2":"type-product","3":"status-publish","4":"has-post-thumbnail","6":"product_cat-interaktivt-pyssel","8":"first","9":"instock","10":"shipping-taxable","11":"product-type-external","12":"customify-col"},"yoast_head":"<!-- This site is optimized with the Yoast SEO plugin v26.0 - https:\/\/yoast.com\/wordpress\/plugins\/seo\/ -->\n<title>Orbeez, Grown Orbeez, Bubbly Blue - Barneleker.no<\/title>\n<meta name=\"robots\" content=\"index, follow, max-snippet:-1, max-image-preview:large, max-video-preview:-1\" \/>\n<link rel=\"canonical\" href=\"https:\/\/barneleker.no\/index.php\/product\/orbeez-grown-orbeez-bubbly-blue\/\" \/>\n<meta property=\"og:locale\" content=\"nb_NO\" \/>\n<meta property=\"og:type\" content=\"article\" \/>\n<meta property=\"og:title\" content=\"Orbeez, Grown Orbeez, Bubbly Blue - Barneleker.no\" \/>\n<meta property=\"og:description\" content=\"Opplev Orbeez, de myke og squishy, morsomme og rare fargerike vannperler, du ikke kan f\u00e5 nok av. Dette r\u00f8ret leveres med 400 levende og myke&hellip;\" \/>\n<meta property=\"og:url\" content=\"https:\/\/barneleker.no\/index.php\/product\/orbeez-grown-orbeez-bubbly-blue\/\" \/>\n<meta property=\"og:site_name\" content=\"Barneleker.no\" \/>\n<meta name=\"twitter:card\" content=\"summary_large_image\" \/>\n<meta name=\"twitter:label1\" content=\"Ansl. lesetid\" \/>\n\t<meta name=\"twitter:data1\" content=\"1 minutt\" \/>\n<script type=\"application\/ld+json\" class=\"yoast-schema-graph\">{\"@context\":\"https:\/\/schema.org\",\"@graph\":[{\"@type\":\"WebPage\",\"@id\":\"https:\/\/barneleker.no\/index.php\/product\/orbeez-grown-orbeez-bubbly-blue\/\",\"url\":\"https:\/\/barneleker.no\/index.php\/product\/orbeez-grown-orbeez-bubbly-blue\/\",\"name\":\"Orbeez, Grown Orbeez, Bubbly Blue - Barneleker.no\",\"isPartOf\":{\"@id\":\"https:\/\/barneleker.no\/#website\"},\"primaryImageOfPage\":{\"@id\":\"https:\/\/barneleker.no\/index.php\/product\/orbeez-grown-orbeez-bubbly-blue\/#primaryimage\"},\"image\":{\"@id\":\"https:\/\/barneleker.no\/index.php\/product\/orbeez-grown-orbeez-bubbly-blue\/#primaryimage\"},\"thumbnailUrl\":\"https:\/\/barneleker.no\/wp-content\/uploads\/2022\/02\/orbeez-grown-orbeez-bubbly-blue.jpg\",\"datePublished\":\"2022-02-08T19:51:35+00:00\",\"breadcrumb\":{\"@id\":\"https:\/\/barneleker.no\/index.php\/product\/orbeez-grown-orbeez-bubbly-blue\/#breadcrumb\"},\"inLanguage\":\"nb-NO\",\"potentialAction\":[{\"@type\":\"ReadAction\",\"target\":[\"https:\/\/barneleker.no\/index.php\/product\/orbeez-grown-orbeez-bubbly-blue\/\"]}]},{\"@type\":\"ImageObject\",\"inLanguage\":\"nb-NO\",\"@id\":\"https:\/\/barneleker.no\/index.php\/product\/orbeez-grown-orbeez-bubbly-blue\/#primaryimage\",\"url\":\"https:\/\/barneleker.no\/wp-content\/uploads\/2022\/02\/orbeez-grown-orbeez-bubbly-blue.jpg\",\"contentUrl\":\"https:\/\/barneleker.no\/wp-content\/uploads\/2022\/02\/orbeez-grown-orbeez-bubbly-blue.jpg\",\"width\":555,\"height\":555},{\"@type\":\"BreadcrumbList\",\"@id\":\"https:\/\/barneleker.no\/index.php\/product\/orbeez-grown-orbeez-bubbly-blue\/#breadcrumb\",\"itemListElement\":[{\"@type\":\"ListItem\",\"position\":1,\"name\":\"Butikken\",\"item\":\"https:\/\/barneleker.no\/\"},{\"@type\":\"ListItem\",\"position\":2,\"name\":\"Orbeez, Grown Orbeez, Bubbly Blue\"}]},{\"@type\":\"WebSite\",\"@id\":\"https:\/\/barneleker.no\/#website\",\"url\":\"https:\/\/barneleker.no\/\",\"name\":\"Barneleker.no\",\"description\":\"Selvf\u00f8lgelig!\",\"publisher\":{\"@id\":\"https:\/\/barneleker.no\/#organization\"},\"potentialAction\":[{\"@type\":\"SearchAction\",\"target\":{\"@type\":\"EntryPoint\",\"urlTemplate\":\"https:\/\/barneleker.no\/?s={search_term_string}\"},\"query-input\":{\"@type\":\"PropertyValueSpecification\",\"valueRequired\":true,\"valueName\":\"search_term_string\"}}],\"inLanguage\":\"nb-NO\"},{\"@type\":\"Organization\",\"@id\":\"https:\/\/barneleker.no\/#organization\",\"name\":\"Barneleker.no\",\"url\":\"https:\/\/barneleker.no\/\",\"logo\":{\"@type\":\"ImageObject\",\"inLanguage\":\"nb-NO\",\"@id\":\"https:\/\/barneleker.no\/#\/schema\/logo\/image\/\",\"url\":\"https:\/\/barneleker.no\/wp-content\/uploads\/2021\/11\/barneleker_logo-780x150-1.jpg\",\"contentUrl\":\"https:\/\/barneleker.no\/wp-content\/uploads\/2021\/11\/barneleker_logo-780x150-1.jpg\",\"width\":780,\"height\":150,\"caption\":\"Barneleker.no\"},\"image\":{\"@id\":\"https:\/\/barneleker.no\/#\/schema\/logo\/image\/\"}}]}<\/script>\n<!-- \/ Yoast SEO plugin. -->","yoast_head_json":{"title":"Orbeez, Grown Orbeez, Bubbly Blue - Barneleker.no","robots":{"index":"index","follow":"follow","max-snippet":"max-snippet:-1","max-image-preview":"max-image-preview:large","max-video-preview":"max-video-preview:-1"},"canonical":"https:\/\/barneleker.no\/index.php\/product\/orbeez-grown-orbeez-bubbly-blue\/","og_locale":"nb_NO","og_type":"article","og_title":"Orbeez, Grown Orbeez, Bubbly Blue - Barneleker.no","og_description":"Opplev Orbeez, de myke og squishy, morsomme og rare fargerike vannperler, du ikke kan f\u00e5 nok av. Dette r\u00f8ret leveres med 400 levende og myke&hellip;","og_url":"https:\/\/barneleker.no\/index.php\/product\/orbeez-grown-orbeez-bubbly-blue\/","og_site_name":"Barneleker.no","twitter_card":"summary_large_image","twitter_misc":{"Ansl. lesetid":"1 minutt"},"schema":{"@context":"https:\/\/schema.org","@graph":[{"@type":"WebPage","@id":"https:\/\/barneleker.no\/index.php\/product\/orbeez-grown-orbeez-bubbly-blue\/","url":"https:\/\/barneleker.no\/index.php\/product\/orbeez-grown-orbeez-bubbly-blue\/","name":"Orbeez, Grown Orbeez, Bubbly Blue - Barneleker.no","isPartOf":{"@id":"https:\/\/barneleker.no\/#website"},"primaryImageOfPage":{"@id":"https:\/\/barneleker.no\/index.php\/product\/orbeez-grown-orbeez-bubbly-blue\/#primaryimage"},"image":{"@id":"https:\/\/barneleker.no\/index.php\/product\/orbeez-grown-orbeez-bubbly-blue\/#primaryimage"},"thumbnailUrl":"https:\/\/barneleker.no\/wp-content\/uploads\/2022\/02\/orbeez-grown-orbeez-bubbly-blue.jpg","datePublished":"2022-02-08T19:51:35+00:00","breadcrumb":{"@id":"https:\/\/barneleker.no\/index.php\/product\/orbeez-grown-orbeez-bubbly-blue\/#breadcrumb"},"inLanguage":"nb-NO","potentialAction":[{"@type":"ReadAction","target":["https:\/\/barneleker.no\/index.php\/product\/orbeez-grown-orbeez-bubbly-blue\/"]}]},{"@type":"ImageObject","inLanguage":"nb-NO","@id":"https:\/\/barneleker.no\/index.php\/product\/orbeez-grown-orbeez-bubbly-blue\/#primaryimage","url":"https:\/\/barneleker.no\/wp-content\/uploads\/2022\/02\/orbeez-grown-orbeez-bubbly-blue.jpg","contentUrl":"https:\/\/barneleker.no\/wp-content\/uploads\/2022\/02\/orbeez-grown-orbeez-bubbly-blue.jpg","width":555,"height":555},{"@type":"BreadcrumbList","@id":"https:\/\/barneleker.no\/index.php\/product\/orbeez-grown-orbeez-bubbly-blue\/#breadcrumb","itemListElement":[{"@type":"ListItem","position":1,"name":"Butikken","item":"https:\/\/barneleker.no\/"},{"@type":"ListItem","position":2,"name":"Orbeez, Grown Orbeez, Bubbly Blue"}]},{"@type":"WebSite","@id":"https:\/\/barneleker.no\/#website","url":"https:\/\/barneleker.no\/","name":"Barneleker.no","description":"Selvf\u00f8lgelig!","publisher":{"@id":"https:\/\/barneleker.no\/#organization"},"potentialAction":[{"@type":"SearchAction","target":{"@type":"EntryPoint","urlTemplate":"https:\/\/barneleker.no\/?s={search_term_string}"},"query-input":{"@type":"PropertyValueSpecification","valueRequired":true,"valueName":"search_term_string"}}],"inLanguage":"nb-NO"},{"@type":"Organization","@id":"https:\/\/barneleker.no\/#organization","name":"Barneleker.no","url":"https:\/\/barneleker.no\/","logo":{"@type":"ImageObject","inLanguage":"nb-NO","@id":"https:\/\/barneleker.no\/#\/schema\/logo\/image\/","url":"https:\/\/barneleker.no\/wp-content\/uploads\/2021\/11\/barneleker_logo-780x150-1.jpg","contentUrl":"https:\/\/barneleker.no\/wp-content\/uploads\/2021\/11\/barneleker_logo-780x150-1.jpg","width":780,"height":150,"caption":"Barneleker.no"},"image":{"@id":"https:\/\/barneleker.no\/#\/schema\/logo\/image\/"}}]}},"_links":{"self":[{"href":"https:\/\/barneleker.no\/index.php\/wp-json\/wp\/v2\/product\/12605","targetHints":{"allow":["GET"]}}],"collection":[{"href":"https:\/\/barneleker.no\/index.php\/wp-json\/wp\/v2\/product"}],"about":[{"href":"https:\/\/barneleker.no\/index.php\/wp-json\/wp\/v2\/types\/product"}],"replies":[{"embeddable":true,"href":"https:\/\/barneleker.no\/index.php\/wp-json\/wp\/v2\/comments?post=12605"}],"wp:featuredmedia":[{"embeddable":true,"href":"https:\/\/barneleker.no\/index.php\/wp-json\/wp\/v2\/media\/12604"}],"wp:attachment":[{"href":"https:\/\/barneleker.no\/index.php\/wp-json\/wp\/v2\/media?parent=12605"}],"wp:term":[{"taxonomy":"product_brand","embeddable":true,"href":"https:\/\/barneleker.no\/index.php\/wp-json\/wp\/v2\/product_brand?post=12605"},{"taxonomy":"product_cat","embeddable":true,"href":"https:\/\/barneleker.no\/index.php\/wp-json\/wp\/v2\/product_cat?post=12605"},{"taxonomy":"product_tag","embeddable":true,"href":"https:\/\/barneleker.no\/index.php\/wp-json\/wp\/v2\/product_tag?post=12605"}],"curies":[{"name":"wp","href":"https:\/\/api.w.org\/{rel}","templated":true}]}}