{"id":12643,"date":"2022-02-08T19:51:48","date_gmt":"2022-02-08T19:51:48","guid":{"rendered":"https:\/\/barneleker.no\/index.php\/product\/my-little-pony-smashin-fashion-pinkie-pie-og-dj-pon-3\/"},"modified":"2022-02-08T19:51:48","modified_gmt":"2022-02-08T19:51:48","slug":"my-little-pony-smashin-fashion-pinkie-pie-og-dj-pon-3","status":"publish","type":"product","link":"https:\/\/barneleker.no\/index.php\/product\/my-little-pony-smashin-fashion-pinkie-pie-og-dj-pon-3\/","title":{"rendered":"My Little Pony, Smashin\u2019 Fashion Pinkie Pie og DJ Pon-3"},"content":{"rendered":"<p>Superkule ponnifigurer! Smashin&#8217; Fashion-settet inneholder bevegelige Pinkie Pie- og DJ Pon-3-ponnifigurer som er klare for ville og g\u00e6rne eventyr. Ponnier kommer med over 20 motetilbeh\u00f8r, inkludert 4 skjulte antrekkstilbeh\u00f8r! Plasser de 4 inkluderte Smashin&#8217; Packs-pakkene p\u00e5 et flatt underlag og knus dem med h\u00e5nden slik at de utvider seg, og s\u00e5 POPP! Hver pakke avsl\u00f8rer et figurinspirert motetilbeh\u00f8r og vennskapsballong. Forestill deg en livlig motefest med de festligste innbyggerne i Ponyville \u2013 DJ. Pinkie Pie- og DJ Pon-3-figurene leveres med motetilbeh\u00f8r, inkludert kjoler, sko, solbriller og panneb\u00e5nd. 4 kjoler skjuler seg inne i Smashin&#8217; Packs-pakkene for en spennende avsl\u00f8ring! Denne My Little Pony: Pony Life-inspirerte leken er for jenter og gutter fra 5 \u00e5r og oppover. My Little Pony og alle tilh\u00f8rende figurer er varemerker som tilh\u00f8rer Hasbro.<\/p>\n","protected":false},"excerpt":{"rendered":"<p>Superkule ponnifigurer! Smashin&#8217; Fashion-settet inneholder bevegelige Pinkie Pie- og DJ Pon-3-ponnifigurer som er klare for ville og g\u00e6rne eventyr. Ponnier kommer med over 20 motetilbeh\u00f8r,&hellip;<\/p>\n","protected":false},"featured_media":12642,"comment_status":"open","ping_status":"closed","template":"","meta":[],"product_brand":[],"product_cat":[352],"product_tag":[],"class_list":{"0":"post-12643","1":"product","2":"type-product","3":"status-publish","4":"has-post-thumbnail","6":"product_cat-figurer-roboter","8":"first","9":"instock","10":"shipping-taxable","11":"product-type-external","12":"customify-col"},"yoast_head":"<!-- This site is optimized with the Yoast SEO plugin v26.0 - https:\/\/yoast.com\/wordpress\/plugins\/seo\/ -->\n<title>My Little Pony, Smashin\u2019 Fashion Pinkie Pie og DJ Pon-3 - Barneleker.no<\/title>\n<meta name=\"robots\" content=\"index, follow, max-snippet:-1, max-image-preview:large, max-video-preview:-1\" \/>\n<link rel=\"canonical\" href=\"https:\/\/barneleker.no\/index.php\/product\/my-little-pony-smashin-fashion-pinkie-pie-og-dj-pon-3\/\" \/>\n<meta property=\"og:locale\" content=\"nb_NO\" \/>\n<meta property=\"og:type\" content=\"article\" \/>\n<meta property=\"og:title\" content=\"My Little Pony, Smashin\u2019 Fashion Pinkie Pie og DJ Pon-3 - Barneleker.no\" \/>\n<meta property=\"og:description\" content=\"Superkule ponnifigurer! Smashin&#8217; Fashion-settet inneholder bevegelige Pinkie Pie- og DJ Pon-3-ponnifigurer som er klare for ville og g\u00e6rne eventyr. Ponnier kommer med over 20 motetilbeh\u00f8r,&hellip;\" \/>\n<meta property=\"og:url\" content=\"https:\/\/barneleker.no\/index.php\/product\/my-little-pony-smashin-fashion-pinkie-pie-og-dj-pon-3\/\" \/>\n<meta property=\"og:site_name\" content=\"Barneleker.no\" \/>\n<meta name=\"twitter:card\" content=\"summary_large_image\" \/>\n<meta name=\"twitter:label1\" content=\"Ansl. lesetid\" \/>\n\t<meta name=\"twitter:data1\" content=\"1 minutt\" \/>\n<script type=\"application\/ld+json\" class=\"yoast-schema-graph\">{\"@context\":\"https:\/\/schema.org\",\"@graph\":[{\"@type\":\"WebPage\",\"@id\":\"https:\/\/barneleker.no\/index.php\/product\/my-little-pony-smashin-fashion-pinkie-pie-og-dj-pon-3\/\",\"url\":\"https:\/\/barneleker.no\/index.php\/product\/my-little-pony-smashin-fashion-pinkie-pie-og-dj-pon-3\/\",\"name\":\"My Little Pony, Smashin\u2019 Fashion Pinkie Pie og DJ Pon-3 - Barneleker.no\",\"isPartOf\":{\"@id\":\"https:\/\/barneleker.no\/#website\"},\"primaryImageOfPage\":{\"@id\":\"https:\/\/barneleker.no\/index.php\/product\/my-little-pony-smashin-fashion-pinkie-pie-og-dj-pon-3\/#primaryimage\"},\"image\":{\"@id\":\"https:\/\/barneleker.no\/index.php\/product\/my-little-pony-smashin-fashion-pinkie-pie-og-dj-pon-3\/#primaryimage\"},\"thumbnailUrl\":\"https:\/\/barneleker.no\/wp-content\/uploads\/2022\/02\/my-little-pony-smashin-fashion-pinkie-pie-og-dj-pon-3.jpg\",\"datePublished\":\"2022-02-08T19:51:48+00:00\",\"breadcrumb\":{\"@id\":\"https:\/\/barneleker.no\/index.php\/product\/my-little-pony-smashin-fashion-pinkie-pie-og-dj-pon-3\/#breadcrumb\"},\"inLanguage\":\"nb-NO\",\"potentialAction\":[{\"@type\":\"ReadAction\",\"target\":[\"https:\/\/barneleker.no\/index.php\/product\/my-little-pony-smashin-fashion-pinkie-pie-og-dj-pon-3\/\"]}]},{\"@type\":\"ImageObject\",\"inLanguage\":\"nb-NO\",\"@id\":\"https:\/\/barneleker.no\/index.php\/product\/my-little-pony-smashin-fashion-pinkie-pie-og-dj-pon-3\/#primaryimage\",\"url\":\"https:\/\/barneleker.no\/wp-content\/uploads\/2022\/02\/my-little-pony-smashin-fashion-pinkie-pie-og-dj-pon-3.jpg\",\"contentUrl\":\"https:\/\/barneleker.no\/wp-content\/uploads\/2022\/02\/my-little-pony-smashin-fashion-pinkie-pie-og-dj-pon-3.jpg\",\"width\":555,\"height\":555},{\"@type\":\"BreadcrumbList\",\"@id\":\"https:\/\/barneleker.no\/index.php\/product\/my-little-pony-smashin-fashion-pinkie-pie-og-dj-pon-3\/#breadcrumb\",\"itemListElement\":[{\"@type\":\"ListItem\",\"position\":1,\"name\":\"Butikken\",\"item\":\"https:\/\/barneleker.no\/\"},{\"@type\":\"ListItem\",\"position\":2,\"name\":\"My Little Pony, Smashin\u2019 Fashion Pinkie Pie og DJ Pon-3\"}]},{\"@type\":\"WebSite\",\"@id\":\"https:\/\/barneleker.no\/#website\",\"url\":\"https:\/\/barneleker.no\/\",\"name\":\"Barneleker.no\",\"description\":\"Selvf\u00f8lgelig!\",\"publisher\":{\"@id\":\"https:\/\/barneleker.no\/#organization\"},\"potentialAction\":[{\"@type\":\"SearchAction\",\"target\":{\"@type\":\"EntryPoint\",\"urlTemplate\":\"https:\/\/barneleker.no\/?s={search_term_string}\"},\"query-input\":{\"@type\":\"PropertyValueSpecification\",\"valueRequired\":true,\"valueName\":\"search_term_string\"}}],\"inLanguage\":\"nb-NO\"},{\"@type\":\"Organization\",\"@id\":\"https:\/\/barneleker.no\/#organization\",\"name\":\"Barneleker.no\",\"url\":\"https:\/\/barneleker.no\/\",\"logo\":{\"@type\":\"ImageObject\",\"inLanguage\":\"nb-NO\",\"@id\":\"https:\/\/barneleker.no\/#\/schema\/logo\/image\/\",\"url\":\"https:\/\/barneleker.no\/wp-content\/uploads\/2021\/11\/barneleker_logo-780x150-1.jpg\",\"contentUrl\":\"https:\/\/barneleker.no\/wp-content\/uploads\/2021\/11\/barneleker_logo-780x150-1.jpg\",\"width\":780,\"height\":150,\"caption\":\"Barneleker.no\"},\"image\":{\"@id\":\"https:\/\/barneleker.no\/#\/schema\/logo\/image\/\"}}]}<\/script>\n<!-- \/ Yoast SEO plugin. -->","yoast_head_json":{"title":"My Little Pony, Smashin\u2019 Fashion Pinkie Pie og DJ Pon-3 - Barneleker.no","robots":{"index":"index","follow":"follow","max-snippet":"max-snippet:-1","max-image-preview":"max-image-preview:large","max-video-preview":"max-video-preview:-1"},"canonical":"https:\/\/barneleker.no\/index.php\/product\/my-little-pony-smashin-fashion-pinkie-pie-og-dj-pon-3\/","og_locale":"nb_NO","og_type":"article","og_title":"My Little Pony, Smashin\u2019 Fashion Pinkie Pie og DJ Pon-3 - Barneleker.no","og_description":"Superkule ponnifigurer! Smashin&#8217; Fashion-settet inneholder bevegelige Pinkie Pie- og DJ Pon-3-ponnifigurer som er klare for ville og g\u00e6rne eventyr. Ponnier kommer med over 20 motetilbeh\u00f8r,&hellip;","og_url":"https:\/\/barneleker.no\/index.php\/product\/my-little-pony-smashin-fashion-pinkie-pie-og-dj-pon-3\/","og_site_name":"Barneleker.no","twitter_card":"summary_large_image","twitter_misc":{"Ansl. lesetid":"1 minutt"},"schema":{"@context":"https:\/\/schema.org","@graph":[{"@type":"WebPage","@id":"https:\/\/barneleker.no\/index.php\/product\/my-little-pony-smashin-fashion-pinkie-pie-og-dj-pon-3\/","url":"https:\/\/barneleker.no\/index.php\/product\/my-little-pony-smashin-fashion-pinkie-pie-og-dj-pon-3\/","name":"My Little Pony, Smashin\u2019 Fashion Pinkie Pie og DJ Pon-3 - Barneleker.no","isPartOf":{"@id":"https:\/\/barneleker.no\/#website"},"primaryImageOfPage":{"@id":"https:\/\/barneleker.no\/index.php\/product\/my-little-pony-smashin-fashion-pinkie-pie-og-dj-pon-3\/#primaryimage"},"image":{"@id":"https:\/\/barneleker.no\/index.php\/product\/my-little-pony-smashin-fashion-pinkie-pie-og-dj-pon-3\/#primaryimage"},"thumbnailUrl":"https:\/\/barneleker.no\/wp-content\/uploads\/2022\/02\/my-little-pony-smashin-fashion-pinkie-pie-og-dj-pon-3.jpg","datePublished":"2022-02-08T19:51:48+00:00","breadcrumb":{"@id":"https:\/\/barneleker.no\/index.php\/product\/my-little-pony-smashin-fashion-pinkie-pie-og-dj-pon-3\/#breadcrumb"},"inLanguage":"nb-NO","potentialAction":[{"@type":"ReadAction","target":["https:\/\/barneleker.no\/index.php\/product\/my-little-pony-smashin-fashion-pinkie-pie-og-dj-pon-3\/"]}]},{"@type":"ImageObject","inLanguage":"nb-NO","@id":"https:\/\/barneleker.no\/index.php\/product\/my-little-pony-smashin-fashion-pinkie-pie-og-dj-pon-3\/#primaryimage","url":"https:\/\/barneleker.no\/wp-content\/uploads\/2022\/02\/my-little-pony-smashin-fashion-pinkie-pie-og-dj-pon-3.jpg","contentUrl":"https:\/\/barneleker.no\/wp-content\/uploads\/2022\/02\/my-little-pony-smashin-fashion-pinkie-pie-og-dj-pon-3.jpg","width":555,"height":555},{"@type":"BreadcrumbList","@id":"https:\/\/barneleker.no\/index.php\/product\/my-little-pony-smashin-fashion-pinkie-pie-og-dj-pon-3\/#breadcrumb","itemListElement":[{"@type":"ListItem","position":1,"name":"Butikken","item":"https:\/\/barneleker.no\/"},{"@type":"ListItem","position":2,"name":"My Little Pony, Smashin\u2019 Fashion Pinkie Pie og DJ Pon-3"}]},{"@type":"WebSite","@id":"https:\/\/barneleker.no\/#website","url":"https:\/\/barneleker.no\/","name":"Barneleker.no","description":"Selvf\u00f8lgelig!","publisher":{"@id":"https:\/\/barneleker.no\/#organization"},"potentialAction":[{"@type":"SearchAction","target":{"@type":"EntryPoint","urlTemplate":"https:\/\/barneleker.no\/?s={search_term_string}"},"query-input":{"@type":"PropertyValueSpecification","valueRequired":true,"valueName":"search_term_string"}}],"inLanguage":"nb-NO"},{"@type":"Organization","@id":"https:\/\/barneleker.no\/#organization","name":"Barneleker.no","url":"https:\/\/barneleker.no\/","logo":{"@type":"ImageObject","inLanguage":"nb-NO","@id":"https:\/\/barneleker.no\/#\/schema\/logo\/image\/","url":"https:\/\/barneleker.no\/wp-content\/uploads\/2021\/11\/barneleker_logo-780x150-1.jpg","contentUrl":"https:\/\/barneleker.no\/wp-content\/uploads\/2021\/11\/barneleker_logo-780x150-1.jpg","width":780,"height":150,"caption":"Barneleker.no"},"image":{"@id":"https:\/\/barneleker.no\/#\/schema\/logo\/image\/"}}]}},"_links":{"self":[{"href":"https:\/\/barneleker.no\/index.php\/wp-json\/wp\/v2\/product\/12643","targetHints":{"allow":["GET"]}}],"collection":[{"href":"https:\/\/barneleker.no\/index.php\/wp-json\/wp\/v2\/product"}],"about":[{"href":"https:\/\/barneleker.no\/index.php\/wp-json\/wp\/v2\/types\/product"}],"replies":[{"embeddable":true,"href":"https:\/\/barneleker.no\/index.php\/wp-json\/wp\/v2\/comments?post=12643"}],"wp:featuredmedia":[{"embeddable":true,"href":"https:\/\/barneleker.no\/index.php\/wp-json\/wp\/v2\/media\/12642"}],"wp:attachment":[{"href":"https:\/\/barneleker.no\/index.php\/wp-json\/wp\/v2\/media?parent=12643"}],"wp:term":[{"taxonomy":"product_brand","embeddable":true,"href":"https:\/\/barneleker.no\/index.php\/wp-json\/wp\/v2\/product_brand?post=12643"},{"taxonomy":"product_cat","embeddable":true,"href":"https:\/\/barneleker.no\/index.php\/wp-json\/wp\/v2\/product_cat?post=12643"},{"taxonomy":"product_tag","embeddable":true,"href":"https:\/\/barneleker.no\/index.php\/wp-json\/wp\/v2\/product_tag?post=12643"}],"curies":[{"name":"wp","href":"https:\/\/api.w.org\/{rel}","templated":true}]}}