{"id":12713,"date":"2022-02-08T19:52:13","date_gmt":"2022-02-08T19:52:13","guid":{"rendered":"https:\/\/barneleker.no\/index.php\/product\/greta-gris-shop-n-pay\/"},"modified":"2022-02-08T19:52:13","modified_gmt":"2022-02-08T19:52:13","slug":"greta-gris-shop-n-pay","status":"publish","type":"product","link":"https:\/\/barneleker.no\/index.php\/product\/greta-gris-shop-n-pay\/","title":{"rendered":"Greta Gris, Shop &#8216;N&#8217; Pay"},"content":{"rendered":"<p>Alt tilbeh\u00f8r du trenger for shoppingglede med Peppa Gris og vennene dine. Skann varene og lytt etter pipet, bruk kalkulatoren til \u00e5 beregne bel\u00f8pet og betal med Peppas penger eller debetkort ved hjelp av det kontaktl\u00f8se pipet. Sett varene dine i Peppa Gris handlekurv, og du er klar til \u00e5 g\u00e5. Peppa Gris Supermarked sett fremmer fantasifull lek, sosial interaksjon og kommunikasjon, samt utvikler numeriske ferdigheter. G\u00f8yalt Peppa Gris design de sm\u00e5 fansene vil elske og umiddelbart kjenne igjen.<\/p>\n","protected":false},"excerpt":{"rendered":"<p>Alt tilbeh\u00f8r du trenger for shoppingglede med Peppa Gris og vennene dine. Skann varene og lytt etter pipet, bruk kalkulatoren til \u00e5 beregne bel\u00f8pet og&hellip;<\/p>\n","protected":false},"featured_media":12712,"comment_status":"open","ping_status":"closed","template":"","meta":[],"product_brand":[],"product_cat":[458],"product_tag":[],"class_list":{"0":"post-12713","1":"product","2":"type-product","3":"status-publish","4":"has-post-thumbnail","6":"product_cat-kassaapparater","8":"first","9":"instock","10":"shipping-taxable","11":"product-type-external","12":"customify-col"},"yoast_head":"<!-- This site is optimized with the Yoast SEO plugin v26.0 - https:\/\/yoast.com\/wordpress\/plugins\/seo\/ -->\n<title>Greta Gris, Shop &#039;N&#039; Pay - Barneleker.no<\/title>\n<meta name=\"robots\" content=\"index, follow, max-snippet:-1, max-image-preview:large, max-video-preview:-1\" \/>\n<link rel=\"canonical\" href=\"https:\/\/barneleker.no\/index.php\/product\/greta-gris-shop-n-pay\/\" \/>\n<meta property=\"og:locale\" content=\"nb_NO\" \/>\n<meta property=\"og:type\" content=\"article\" \/>\n<meta property=\"og:title\" content=\"Greta Gris, Shop &#039;N&#039; Pay - Barneleker.no\" \/>\n<meta property=\"og:description\" content=\"Alt tilbeh\u00f8r du trenger for shoppingglede med Peppa Gris og vennene dine. Skann varene og lytt etter pipet, bruk kalkulatoren til \u00e5 beregne bel\u00f8pet og&hellip;\" \/>\n<meta property=\"og:url\" content=\"https:\/\/barneleker.no\/index.php\/product\/greta-gris-shop-n-pay\/\" \/>\n<meta property=\"og:site_name\" content=\"Barneleker.no\" \/>\n<meta name=\"twitter:card\" content=\"summary_large_image\" \/>\n<script type=\"application\/ld+json\" class=\"yoast-schema-graph\">{\"@context\":\"https:\/\/schema.org\",\"@graph\":[{\"@type\":\"WebPage\",\"@id\":\"https:\/\/barneleker.no\/index.php\/product\/greta-gris-shop-n-pay\/\",\"url\":\"https:\/\/barneleker.no\/index.php\/product\/greta-gris-shop-n-pay\/\",\"name\":\"Greta Gris, Shop 'N' Pay - Barneleker.no\",\"isPartOf\":{\"@id\":\"https:\/\/barneleker.no\/#website\"},\"primaryImageOfPage\":{\"@id\":\"https:\/\/barneleker.no\/index.php\/product\/greta-gris-shop-n-pay\/#primaryimage\"},\"image\":{\"@id\":\"https:\/\/barneleker.no\/index.php\/product\/greta-gris-shop-n-pay\/#primaryimage\"},\"thumbnailUrl\":\"https:\/\/barneleker.no\/wp-content\/uploads\/2022\/02\/greta-gris-shop-n-pay.jpg\",\"datePublished\":\"2022-02-08T19:52:13+00:00\",\"breadcrumb\":{\"@id\":\"https:\/\/barneleker.no\/index.php\/product\/greta-gris-shop-n-pay\/#breadcrumb\"},\"inLanguage\":\"nb-NO\",\"potentialAction\":[{\"@type\":\"ReadAction\",\"target\":[\"https:\/\/barneleker.no\/index.php\/product\/greta-gris-shop-n-pay\/\"]}]},{\"@type\":\"ImageObject\",\"inLanguage\":\"nb-NO\",\"@id\":\"https:\/\/barneleker.no\/index.php\/product\/greta-gris-shop-n-pay\/#primaryimage\",\"url\":\"https:\/\/barneleker.no\/wp-content\/uploads\/2022\/02\/greta-gris-shop-n-pay.jpg\",\"contentUrl\":\"https:\/\/barneleker.no\/wp-content\/uploads\/2022\/02\/greta-gris-shop-n-pay.jpg\",\"width\":555,\"height\":555},{\"@type\":\"BreadcrumbList\",\"@id\":\"https:\/\/barneleker.no\/index.php\/product\/greta-gris-shop-n-pay\/#breadcrumb\",\"itemListElement\":[{\"@type\":\"ListItem\",\"position\":1,\"name\":\"Butikken\",\"item\":\"https:\/\/barneleker.no\/\"},{\"@type\":\"ListItem\",\"position\":2,\"name\":\"Greta Gris, Shop &#8216;N&#8217; Pay\"}]},{\"@type\":\"WebSite\",\"@id\":\"https:\/\/barneleker.no\/#website\",\"url\":\"https:\/\/barneleker.no\/\",\"name\":\"Barneleker.no\",\"description\":\"Selvf\u00f8lgelig!\",\"publisher\":{\"@id\":\"https:\/\/barneleker.no\/#organization\"},\"potentialAction\":[{\"@type\":\"SearchAction\",\"target\":{\"@type\":\"EntryPoint\",\"urlTemplate\":\"https:\/\/barneleker.no\/?s={search_term_string}\"},\"query-input\":{\"@type\":\"PropertyValueSpecification\",\"valueRequired\":true,\"valueName\":\"search_term_string\"}}],\"inLanguage\":\"nb-NO\"},{\"@type\":\"Organization\",\"@id\":\"https:\/\/barneleker.no\/#organization\",\"name\":\"Barneleker.no\",\"url\":\"https:\/\/barneleker.no\/\",\"logo\":{\"@type\":\"ImageObject\",\"inLanguage\":\"nb-NO\",\"@id\":\"https:\/\/barneleker.no\/#\/schema\/logo\/image\/\",\"url\":\"https:\/\/barneleker.no\/wp-content\/uploads\/2021\/11\/barneleker_logo-780x150-1.jpg\",\"contentUrl\":\"https:\/\/barneleker.no\/wp-content\/uploads\/2021\/11\/barneleker_logo-780x150-1.jpg\",\"width\":780,\"height\":150,\"caption\":\"Barneleker.no\"},\"image\":{\"@id\":\"https:\/\/barneleker.no\/#\/schema\/logo\/image\/\"}}]}<\/script>\n<!-- \/ Yoast SEO plugin. -->","yoast_head_json":{"title":"Greta Gris, Shop 'N' Pay - Barneleker.no","robots":{"index":"index","follow":"follow","max-snippet":"max-snippet:-1","max-image-preview":"max-image-preview:large","max-video-preview":"max-video-preview:-1"},"canonical":"https:\/\/barneleker.no\/index.php\/product\/greta-gris-shop-n-pay\/","og_locale":"nb_NO","og_type":"article","og_title":"Greta Gris, Shop 'N' Pay - Barneleker.no","og_description":"Alt tilbeh\u00f8r du trenger for shoppingglede med Peppa Gris og vennene dine. Skann varene og lytt etter pipet, bruk kalkulatoren til \u00e5 beregne bel\u00f8pet og&hellip;","og_url":"https:\/\/barneleker.no\/index.php\/product\/greta-gris-shop-n-pay\/","og_site_name":"Barneleker.no","twitter_card":"summary_large_image","schema":{"@context":"https:\/\/schema.org","@graph":[{"@type":"WebPage","@id":"https:\/\/barneleker.no\/index.php\/product\/greta-gris-shop-n-pay\/","url":"https:\/\/barneleker.no\/index.php\/product\/greta-gris-shop-n-pay\/","name":"Greta Gris, Shop 'N' Pay - Barneleker.no","isPartOf":{"@id":"https:\/\/barneleker.no\/#website"},"primaryImageOfPage":{"@id":"https:\/\/barneleker.no\/index.php\/product\/greta-gris-shop-n-pay\/#primaryimage"},"image":{"@id":"https:\/\/barneleker.no\/index.php\/product\/greta-gris-shop-n-pay\/#primaryimage"},"thumbnailUrl":"https:\/\/barneleker.no\/wp-content\/uploads\/2022\/02\/greta-gris-shop-n-pay.jpg","datePublished":"2022-02-08T19:52:13+00:00","breadcrumb":{"@id":"https:\/\/barneleker.no\/index.php\/product\/greta-gris-shop-n-pay\/#breadcrumb"},"inLanguage":"nb-NO","potentialAction":[{"@type":"ReadAction","target":["https:\/\/barneleker.no\/index.php\/product\/greta-gris-shop-n-pay\/"]}]},{"@type":"ImageObject","inLanguage":"nb-NO","@id":"https:\/\/barneleker.no\/index.php\/product\/greta-gris-shop-n-pay\/#primaryimage","url":"https:\/\/barneleker.no\/wp-content\/uploads\/2022\/02\/greta-gris-shop-n-pay.jpg","contentUrl":"https:\/\/barneleker.no\/wp-content\/uploads\/2022\/02\/greta-gris-shop-n-pay.jpg","width":555,"height":555},{"@type":"BreadcrumbList","@id":"https:\/\/barneleker.no\/index.php\/product\/greta-gris-shop-n-pay\/#breadcrumb","itemListElement":[{"@type":"ListItem","position":1,"name":"Butikken","item":"https:\/\/barneleker.no\/"},{"@type":"ListItem","position":2,"name":"Greta Gris, Shop &#8216;N&#8217; Pay"}]},{"@type":"WebSite","@id":"https:\/\/barneleker.no\/#website","url":"https:\/\/barneleker.no\/","name":"Barneleker.no","description":"Selvf\u00f8lgelig!","publisher":{"@id":"https:\/\/barneleker.no\/#organization"},"potentialAction":[{"@type":"SearchAction","target":{"@type":"EntryPoint","urlTemplate":"https:\/\/barneleker.no\/?s={search_term_string}"},"query-input":{"@type":"PropertyValueSpecification","valueRequired":true,"valueName":"search_term_string"}}],"inLanguage":"nb-NO"},{"@type":"Organization","@id":"https:\/\/barneleker.no\/#organization","name":"Barneleker.no","url":"https:\/\/barneleker.no\/","logo":{"@type":"ImageObject","inLanguage":"nb-NO","@id":"https:\/\/barneleker.no\/#\/schema\/logo\/image\/","url":"https:\/\/barneleker.no\/wp-content\/uploads\/2021\/11\/barneleker_logo-780x150-1.jpg","contentUrl":"https:\/\/barneleker.no\/wp-content\/uploads\/2021\/11\/barneleker_logo-780x150-1.jpg","width":780,"height":150,"caption":"Barneleker.no"},"image":{"@id":"https:\/\/barneleker.no\/#\/schema\/logo\/image\/"}}]}},"_links":{"self":[{"href":"https:\/\/barneleker.no\/index.php\/wp-json\/wp\/v2\/product\/12713","targetHints":{"allow":["GET"]}}],"collection":[{"href":"https:\/\/barneleker.no\/index.php\/wp-json\/wp\/v2\/product"}],"about":[{"href":"https:\/\/barneleker.no\/index.php\/wp-json\/wp\/v2\/types\/product"}],"replies":[{"embeddable":true,"href":"https:\/\/barneleker.no\/index.php\/wp-json\/wp\/v2\/comments?post=12713"}],"wp:featuredmedia":[{"embeddable":true,"href":"https:\/\/barneleker.no\/index.php\/wp-json\/wp\/v2\/media\/12712"}],"wp:attachment":[{"href":"https:\/\/barneleker.no\/index.php\/wp-json\/wp\/v2\/media?parent=12713"}],"wp:term":[{"taxonomy":"product_brand","embeddable":true,"href":"https:\/\/barneleker.no\/index.php\/wp-json\/wp\/v2\/product_brand?post=12713"},{"taxonomy":"product_cat","embeddable":true,"href":"https:\/\/barneleker.no\/index.php\/wp-json\/wp\/v2\/product_cat?post=12713"},{"taxonomy":"product_tag","embeddable":true,"href":"https:\/\/barneleker.no\/index.php\/wp-json\/wp\/v2\/product_tag?post=12713"}],"curies":[{"name":"wp","href":"https:\/\/api.w.org\/{rel}","templated":true}]}}