{"id":13075,"date":"2022-02-08T19:54:24","date_gmt":"2022-02-08T19:54:24","guid":{"rendered":"https:\/\/barneleker.no\/index.php\/product\/present-pets-minis-1-pack-in\/"},"modified":"2022-02-08T19:54:24","modified_gmt":"2022-02-08T19:54:24","slug":"present-pets-minis-1-pack-in","status":"publish","type":"product","link":"https:\/\/barneleker.no\/index.php\/product\/present-pets-minis-1-pack-in\/","title":{"rendered":"Present Pets, Minis 1 pack in"},"content":{"rendered":"<p>Opplev en popup-overraskelse med Present Pets Minis: s\u00f8te plysjdyr med en spennende avsl\u00f8ring. I hver Present Pets Minis gaveeske venter et s\u00f8tt kj\u00e6ledyr p\u00e5 7,6 cm med et halsb\u00e5nd som matcher stilen, et adopsjonsbevis, et hundehus og et klistremerke. Du vet ikke hvilken Present Pets Mini du f\u00e5r f\u00f8r du trekker i gavemerket p\u00e5 esken. L\u00f8ft gavemerket og se hvordan esken forvandles og \u00e5pner seg fra en gaveeske til et supers\u00f8tt hundehus for kj\u00e6ledyret ditt. Toppen av esken blir et tak, og d\u00f8ren \u00e5pnes for \u00e5 avsl\u00f8re ditt myke og kosete mysteriumsdyr. Etter at kj\u00e6ledyret ditt er pakket ut, finn ut dets personlighet ved \u00e5 sjekke symbolet p\u00e5 halsb\u00e5ndet &#8211; hvert halsb\u00e5nd har ett av to mulige ikoner p\u00e5 seg, for eksempel en kunstners palett, krone, musikknote og mer. N\u00e5r du har m\u00f8tt Present Pets Mini, fyller du ut adopsjonsbeviset med kj\u00e6ledyrets f\u00f8dselsdag og gir den nye vennen et spesielt navn. Deretter kan du tilpasse hundehuset med klistremerker og leke med kj\u00e6ledyret ditt eller vise det inne. Hver Present Pets Mini har et unikt hundehus med grafikk som matcher deres personlighet. Legg til alle 10 Present Pets Mini -utstoppede dyr i samlingen din (hver selges separat) og oppdag alle BFF -kj\u00e6ledyrene: Beach og Sporty, Candy og Princess og mer. I tillegg kan du til og med finne det sjeldne Snow Skier -enhj\u00f8rningen eller Cosmo -pusen i gaveesken. For \u00e5 pakke ut enda mer moro, se etter Present Pets Minis 3-Packs (hver selges separat). Ta med deg din egen Present Pets Mini og unbox for en popup-overraskelse.<\/p>\n","protected":false},"excerpt":{"rendered":"<p>Opplev en popup-overraskelse med Present Pets Minis: s\u00f8te plysjdyr med en spennende avsl\u00f8ring. I hver Present Pets Minis gaveeske venter et s\u00f8tt kj\u00e6ledyr p\u00e5 7,6&hellip;<\/p>\n","protected":false},"featured_media":13074,"comment_status":"open","ping_status":"closed","template":"","meta":[],"product_brand":[],"product_cat":[413],"product_tag":[],"class_list":{"0":"post-13075","1":"product","2":"type-product","3":"status-publish","4":"has-post-thumbnail","6":"product_cat-interaktiva-djur","8":"first","9":"instock","10":"shipping-taxable","11":"product-type-external","12":"customify-col"},"yoast_head":"<!-- This site is optimized with the Yoast SEO plugin v26.0 - https:\/\/yoast.com\/wordpress\/plugins\/seo\/ -->\n<title>Present Pets, Minis 1 pack in - Barneleker.no<\/title>\n<meta name=\"robots\" content=\"index, follow, max-snippet:-1, max-image-preview:large, max-video-preview:-1\" \/>\n<link rel=\"canonical\" href=\"https:\/\/barneleker.no\/index.php\/product\/present-pets-minis-1-pack-in\/\" \/>\n<meta property=\"og:locale\" content=\"nb_NO\" \/>\n<meta property=\"og:type\" content=\"article\" \/>\n<meta property=\"og:title\" content=\"Present Pets, Minis 1 pack in - Barneleker.no\" \/>\n<meta property=\"og:description\" content=\"Opplev en popup-overraskelse med Present Pets Minis: s\u00f8te plysjdyr med en spennende avsl\u00f8ring. I hver Present Pets Minis gaveeske venter et s\u00f8tt kj\u00e6ledyr p\u00e5 7,6&hellip;\" \/>\n<meta property=\"og:url\" content=\"https:\/\/barneleker.no\/index.php\/product\/present-pets-minis-1-pack-in\/\" \/>\n<meta property=\"og:site_name\" content=\"Barneleker.no\" \/>\n<meta name=\"twitter:card\" content=\"summary_large_image\" \/>\n<meta name=\"twitter:label1\" content=\"Ansl. lesetid\" \/>\n\t<meta name=\"twitter:data1\" content=\"1 minutt\" \/>\n<script type=\"application\/ld+json\" class=\"yoast-schema-graph\">{\"@context\":\"https:\/\/schema.org\",\"@graph\":[{\"@type\":\"WebPage\",\"@id\":\"https:\/\/barneleker.no\/index.php\/product\/present-pets-minis-1-pack-in\/\",\"url\":\"https:\/\/barneleker.no\/index.php\/product\/present-pets-minis-1-pack-in\/\",\"name\":\"Present Pets, Minis 1 pack in - Barneleker.no\",\"isPartOf\":{\"@id\":\"https:\/\/barneleker.no\/#website\"},\"primaryImageOfPage\":{\"@id\":\"https:\/\/barneleker.no\/index.php\/product\/present-pets-minis-1-pack-in\/#primaryimage\"},\"image\":{\"@id\":\"https:\/\/barneleker.no\/index.php\/product\/present-pets-minis-1-pack-in\/#primaryimage\"},\"thumbnailUrl\":\"https:\/\/barneleker.no\/wp-content\/uploads\/2022\/02\/present-pets-minis-1-pack-in.jpg\",\"datePublished\":\"2022-02-08T19:54:24+00:00\",\"breadcrumb\":{\"@id\":\"https:\/\/barneleker.no\/index.php\/product\/present-pets-minis-1-pack-in\/#breadcrumb\"},\"inLanguage\":\"nb-NO\",\"potentialAction\":[{\"@type\":\"ReadAction\",\"target\":[\"https:\/\/barneleker.no\/index.php\/product\/present-pets-minis-1-pack-in\/\"]}]},{\"@type\":\"ImageObject\",\"inLanguage\":\"nb-NO\",\"@id\":\"https:\/\/barneleker.no\/index.php\/product\/present-pets-minis-1-pack-in\/#primaryimage\",\"url\":\"https:\/\/barneleker.no\/wp-content\/uploads\/2022\/02\/present-pets-minis-1-pack-in.jpg\",\"contentUrl\":\"https:\/\/barneleker.no\/wp-content\/uploads\/2022\/02\/present-pets-minis-1-pack-in.jpg\",\"width\":555,\"height\":555},{\"@type\":\"BreadcrumbList\",\"@id\":\"https:\/\/barneleker.no\/index.php\/product\/present-pets-minis-1-pack-in\/#breadcrumb\",\"itemListElement\":[{\"@type\":\"ListItem\",\"position\":1,\"name\":\"Butikken\",\"item\":\"https:\/\/barneleker.no\/\"},{\"@type\":\"ListItem\",\"position\":2,\"name\":\"Present Pets, Minis 1 pack in\"}]},{\"@type\":\"WebSite\",\"@id\":\"https:\/\/barneleker.no\/#website\",\"url\":\"https:\/\/barneleker.no\/\",\"name\":\"Barneleker.no\",\"description\":\"Selvf\u00f8lgelig!\",\"publisher\":{\"@id\":\"https:\/\/barneleker.no\/#organization\"},\"potentialAction\":[{\"@type\":\"SearchAction\",\"target\":{\"@type\":\"EntryPoint\",\"urlTemplate\":\"https:\/\/barneleker.no\/?s={search_term_string}\"},\"query-input\":{\"@type\":\"PropertyValueSpecification\",\"valueRequired\":true,\"valueName\":\"search_term_string\"}}],\"inLanguage\":\"nb-NO\"},{\"@type\":\"Organization\",\"@id\":\"https:\/\/barneleker.no\/#organization\",\"name\":\"Barneleker.no\",\"url\":\"https:\/\/barneleker.no\/\",\"logo\":{\"@type\":\"ImageObject\",\"inLanguage\":\"nb-NO\",\"@id\":\"https:\/\/barneleker.no\/#\/schema\/logo\/image\/\",\"url\":\"https:\/\/barneleker.no\/wp-content\/uploads\/2021\/11\/barneleker_logo-780x150-1.jpg\",\"contentUrl\":\"https:\/\/barneleker.no\/wp-content\/uploads\/2021\/11\/barneleker_logo-780x150-1.jpg\",\"width\":780,\"height\":150,\"caption\":\"Barneleker.no\"},\"image\":{\"@id\":\"https:\/\/barneleker.no\/#\/schema\/logo\/image\/\"}}]}<\/script>\n<!-- \/ Yoast SEO plugin. -->","yoast_head_json":{"title":"Present Pets, Minis 1 pack in - Barneleker.no","robots":{"index":"index","follow":"follow","max-snippet":"max-snippet:-1","max-image-preview":"max-image-preview:large","max-video-preview":"max-video-preview:-1"},"canonical":"https:\/\/barneleker.no\/index.php\/product\/present-pets-minis-1-pack-in\/","og_locale":"nb_NO","og_type":"article","og_title":"Present Pets, Minis 1 pack in - Barneleker.no","og_description":"Opplev en popup-overraskelse med Present Pets Minis: s\u00f8te plysjdyr med en spennende avsl\u00f8ring. I hver Present Pets Minis gaveeske venter et s\u00f8tt kj\u00e6ledyr p\u00e5 7,6&hellip;","og_url":"https:\/\/barneleker.no\/index.php\/product\/present-pets-minis-1-pack-in\/","og_site_name":"Barneleker.no","twitter_card":"summary_large_image","twitter_misc":{"Ansl. lesetid":"1 minutt"},"schema":{"@context":"https:\/\/schema.org","@graph":[{"@type":"WebPage","@id":"https:\/\/barneleker.no\/index.php\/product\/present-pets-minis-1-pack-in\/","url":"https:\/\/barneleker.no\/index.php\/product\/present-pets-minis-1-pack-in\/","name":"Present Pets, Minis 1 pack in - Barneleker.no","isPartOf":{"@id":"https:\/\/barneleker.no\/#website"},"primaryImageOfPage":{"@id":"https:\/\/barneleker.no\/index.php\/product\/present-pets-minis-1-pack-in\/#primaryimage"},"image":{"@id":"https:\/\/barneleker.no\/index.php\/product\/present-pets-minis-1-pack-in\/#primaryimage"},"thumbnailUrl":"https:\/\/barneleker.no\/wp-content\/uploads\/2022\/02\/present-pets-minis-1-pack-in.jpg","datePublished":"2022-02-08T19:54:24+00:00","breadcrumb":{"@id":"https:\/\/barneleker.no\/index.php\/product\/present-pets-minis-1-pack-in\/#breadcrumb"},"inLanguage":"nb-NO","potentialAction":[{"@type":"ReadAction","target":["https:\/\/barneleker.no\/index.php\/product\/present-pets-minis-1-pack-in\/"]}]},{"@type":"ImageObject","inLanguage":"nb-NO","@id":"https:\/\/barneleker.no\/index.php\/product\/present-pets-minis-1-pack-in\/#primaryimage","url":"https:\/\/barneleker.no\/wp-content\/uploads\/2022\/02\/present-pets-minis-1-pack-in.jpg","contentUrl":"https:\/\/barneleker.no\/wp-content\/uploads\/2022\/02\/present-pets-minis-1-pack-in.jpg","width":555,"height":555},{"@type":"BreadcrumbList","@id":"https:\/\/barneleker.no\/index.php\/product\/present-pets-minis-1-pack-in\/#breadcrumb","itemListElement":[{"@type":"ListItem","position":1,"name":"Butikken","item":"https:\/\/barneleker.no\/"},{"@type":"ListItem","position":2,"name":"Present Pets, Minis 1 pack in"}]},{"@type":"WebSite","@id":"https:\/\/barneleker.no\/#website","url":"https:\/\/barneleker.no\/","name":"Barneleker.no","description":"Selvf\u00f8lgelig!","publisher":{"@id":"https:\/\/barneleker.no\/#organization"},"potentialAction":[{"@type":"SearchAction","target":{"@type":"EntryPoint","urlTemplate":"https:\/\/barneleker.no\/?s={search_term_string}"},"query-input":{"@type":"PropertyValueSpecification","valueRequired":true,"valueName":"search_term_string"}}],"inLanguage":"nb-NO"},{"@type":"Organization","@id":"https:\/\/barneleker.no\/#organization","name":"Barneleker.no","url":"https:\/\/barneleker.no\/","logo":{"@type":"ImageObject","inLanguage":"nb-NO","@id":"https:\/\/barneleker.no\/#\/schema\/logo\/image\/","url":"https:\/\/barneleker.no\/wp-content\/uploads\/2021\/11\/barneleker_logo-780x150-1.jpg","contentUrl":"https:\/\/barneleker.no\/wp-content\/uploads\/2021\/11\/barneleker_logo-780x150-1.jpg","width":780,"height":150,"caption":"Barneleker.no"},"image":{"@id":"https:\/\/barneleker.no\/#\/schema\/logo\/image\/"}}]}},"_links":{"self":[{"href":"https:\/\/barneleker.no\/index.php\/wp-json\/wp\/v2\/product\/13075","targetHints":{"allow":["GET"]}}],"collection":[{"href":"https:\/\/barneleker.no\/index.php\/wp-json\/wp\/v2\/product"}],"about":[{"href":"https:\/\/barneleker.no\/index.php\/wp-json\/wp\/v2\/types\/product"}],"replies":[{"embeddable":true,"href":"https:\/\/barneleker.no\/index.php\/wp-json\/wp\/v2\/comments?post=13075"}],"wp:featuredmedia":[{"embeddable":true,"href":"https:\/\/barneleker.no\/index.php\/wp-json\/wp\/v2\/media\/13074"}],"wp:attachment":[{"href":"https:\/\/barneleker.no\/index.php\/wp-json\/wp\/v2\/media?parent=13075"}],"wp:term":[{"taxonomy":"product_brand","embeddable":true,"href":"https:\/\/barneleker.no\/index.php\/wp-json\/wp\/v2\/product_brand?post=13075"},{"taxonomy":"product_cat","embeddable":true,"href":"https:\/\/barneleker.no\/index.php\/wp-json\/wp\/v2\/product_cat?post=13075"},{"taxonomy":"product_tag","embeddable":true,"href":"https:\/\/barneleker.no\/index.php\/wp-json\/wp\/v2\/product_tag?post=13075"}],"curies":[{"name":"wp","href":"https:\/\/api.w.org\/{rel}","templated":true}]}}