{"id":13149,"date":"2022-02-08T19:54:50","date_gmt":"2022-02-08T19:54:50","guid":{"rendered":"https:\/\/barneleker.no\/index.php\/product\/barbie-and-chelsea-the-lost-birthday-lekesett\/"},"modified":"2022-02-08T19:54:50","modified_gmt":"2022-02-08T19:54:50","slug":"barbie-and-chelsea-the-lost-birthday-lekesett","status":"publish","type":"product","link":"https:\/\/barneleker.no\/index.php\/product\/barbie-and-chelsea-the-lost-birthday-lekesett\/","title":{"rendered":"Barbie, and Chelsea the Lost Birthday, Lekesett"},"content":{"rendered":"<p>Dukker og lekesett inspirert av Barbie\u00ae and Chelsea The Lost Birthday tar med seg fantasifulle unge p\u00e5 eventyr med massevis av utforsking og dyrevenner! Chelsea-dukken feirer bursdag med de sm\u00e5 dyrevennene sine og en stor gave som er full av morsomme overraskelser. Barn kan feste Chelsea-dukken og apevennen hennes til lekesetet for s\u00e5 \u00e5 snurre dem for \u00e5 hjelpe Chelsea-dukken med \u00e5 sl\u00e5 p\u00e5 overraskelsesgaven. N\u00e5r den \u00e5pnes, str\u00f8mmer det ut en regnbue av plug-and-play-tilbeh\u00f8r! Bruk dem til \u00e5 dekorere treet og Chelsea-dukkens kake, for s\u00e5 \u00e5 feire med de sm\u00e5 dovendyrene og apene hennes \u2013 dyrevennene hennes kan kobles til lekesettet for massevis av aktiv lek og inspirert historiefortelling! Dukken kan ikke st\u00e5 uten st\u00f8tte. Farger og dekor kan variere.<\/p>\n","protected":false},"excerpt":{"rendered":"<p>Dukker og lekesett inspirert av Barbie\u00ae and Chelsea The Lost Birthday tar med seg fantasifulle unge p\u00e5 eventyr med massevis av utforsking og dyrevenner! Chelsea-dukken&hellip;<\/p>\n","protected":false},"featured_media":13148,"comment_status":"open","ping_status":"closed","template":"","meta":[],"product_brand":[],"product_cat":[349],"product_tag":[],"class_list":{"0":"post-13149","1":"product","2":"type-product","3":"status-publish","4":"has-post-thumbnail","6":"product_cat-modedockor","8":"first","9":"instock","10":"shipping-taxable","11":"product-type-external","12":"customify-col"},"yoast_head":"<!-- This site is optimized with the Yoast SEO plugin v26.0 - https:\/\/yoast.com\/wordpress\/plugins\/seo\/ -->\n<title>Barbie, and Chelsea the Lost Birthday, Lekesett - Barneleker.no<\/title>\n<meta name=\"robots\" content=\"index, follow, max-snippet:-1, max-image-preview:large, max-video-preview:-1\" \/>\n<link rel=\"canonical\" href=\"https:\/\/barneleker.no\/index.php\/product\/barbie-and-chelsea-the-lost-birthday-lekesett\/\" \/>\n<meta property=\"og:locale\" content=\"nb_NO\" \/>\n<meta property=\"og:type\" content=\"article\" \/>\n<meta property=\"og:title\" content=\"Barbie, and Chelsea the Lost Birthday, Lekesett - Barneleker.no\" \/>\n<meta property=\"og:description\" content=\"Dukker og lekesett inspirert av Barbie\u00ae and Chelsea The Lost Birthday tar med seg fantasifulle unge p\u00e5 eventyr med massevis av utforsking og dyrevenner! Chelsea-dukken&hellip;\" \/>\n<meta property=\"og:url\" content=\"https:\/\/barneleker.no\/index.php\/product\/barbie-and-chelsea-the-lost-birthday-lekesett\/\" \/>\n<meta property=\"og:site_name\" content=\"Barneleker.no\" \/>\n<meta name=\"twitter:card\" content=\"summary_large_image\" \/>\n<meta name=\"twitter:label1\" content=\"Ansl. lesetid\" \/>\n\t<meta name=\"twitter:data1\" content=\"1 minutt\" \/>\n<script type=\"application\/ld+json\" class=\"yoast-schema-graph\">{\"@context\":\"https:\/\/schema.org\",\"@graph\":[{\"@type\":\"WebPage\",\"@id\":\"https:\/\/barneleker.no\/index.php\/product\/barbie-and-chelsea-the-lost-birthday-lekesett\/\",\"url\":\"https:\/\/barneleker.no\/index.php\/product\/barbie-and-chelsea-the-lost-birthday-lekesett\/\",\"name\":\"Barbie, and Chelsea the Lost Birthday, Lekesett - Barneleker.no\",\"isPartOf\":{\"@id\":\"https:\/\/barneleker.no\/#website\"},\"primaryImageOfPage\":{\"@id\":\"https:\/\/barneleker.no\/index.php\/product\/barbie-and-chelsea-the-lost-birthday-lekesett\/#primaryimage\"},\"image\":{\"@id\":\"https:\/\/barneleker.no\/index.php\/product\/barbie-and-chelsea-the-lost-birthday-lekesett\/#primaryimage\"},\"thumbnailUrl\":\"https:\/\/barneleker.no\/wp-content\/uploads\/2022\/02\/barbie-and-chelsea-the-lost-birthday-lekesett.jpg\",\"datePublished\":\"2022-02-08T19:54:50+00:00\",\"breadcrumb\":{\"@id\":\"https:\/\/barneleker.no\/index.php\/product\/barbie-and-chelsea-the-lost-birthday-lekesett\/#breadcrumb\"},\"inLanguage\":\"nb-NO\",\"potentialAction\":[{\"@type\":\"ReadAction\",\"target\":[\"https:\/\/barneleker.no\/index.php\/product\/barbie-and-chelsea-the-lost-birthday-lekesett\/\"]}]},{\"@type\":\"ImageObject\",\"inLanguage\":\"nb-NO\",\"@id\":\"https:\/\/barneleker.no\/index.php\/product\/barbie-and-chelsea-the-lost-birthday-lekesett\/#primaryimage\",\"url\":\"https:\/\/barneleker.no\/wp-content\/uploads\/2022\/02\/barbie-and-chelsea-the-lost-birthday-lekesett.jpg\",\"contentUrl\":\"https:\/\/barneleker.no\/wp-content\/uploads\/2022\/02\/barbie-and-chelsea-the-lost-birthday-lekesett.jpg\",\"width\":555,\"height\":555},{\"@type\":\"BreadcrumbList\",\"@id\":\"https:\/\/barneleker.no\/index.php\/product\/barbie-and-chelsea-the-lost-birthday-lekesett\/#breadcrumb\",\"itemListElement\":[{\"@type\":\"ListItem\",\"position\":1,\"name\":\"Butikken\",\"item\":\"https:\/\/barneleker.no\/\"},{\"@type\":\"ListItem\",\"position\":2,\"name\":\"Barbie, and Chelsea the Lost Birthday, Lekesett\"}]},{\"@type\":\"WebSite\",\"@id\":\"https:\/\/barneleker.no\/#website\",\"url\":\"https:\/\/barneleker.no\/\",\"name\":\"Barneleker.no\",\"description\":\"Selvf\u00f8lgelig!\",\"publisher\":{\"@id\":\"https:\/\/barneleker.no\/#organization\"},\"potentialAction\":[{\"@type\":\"SearchAction\",\"target\":{\"@type\":\"EntryPoint\",\"urlTemplate\":\"https:\/\/barneleker.no\/?s={search_term_string}\"},\"query-input\":{\"@type\":\"PropertyValueSpecification\",\"valueRequired\":true,\"valueName\":\"search_term_string\"}}],\"inLanguage\":\"nb-NO\"},{\"@type\":\"Organization\",\"@id\":\"https:\/\/barneleker.no\/#organization\",\"name\":\"Barneleker.no\",\"url\":\"https:\/\/barneleker.no\/\",\"logo\":{\"@type\":\"ImageObject\",\"inLanguage\":\"nb-NO\",\"@id\":\"https:\/\/barneleker.no\/#\/schema\/logo\/image\/\",\"url\":\"https:\/\/barneleker.no\/wp-content\/uploads\/2021\/11\/barneleker_logo-780x150-1.jpg\",\"contentUrl\":\"https:\/\/barneleker.no\/wp-content\/uploads\/2021\/11\/barneleker_logo-780x150-1.jpg\",\"width\":780,\"height\":150,\"caption\":\"Barneleker.no\"},\"image\":{\"@id\":\"https:\/\/barneleker.no\/#\/schema\/logo\/image\/\"}}]}<\/script>\n<!-- \/ Yoast SEO plugin. -->","yoast_head_json":{"title":"Barbie, and Chelsea the Lost Birthday, Lekesett - Barneleker.no","robots":{"index":"index","follow":"follow","max-snippet":"max-snippet:-1","max-image-preview":"max-image-preview:large","max-video-preview":"max-video-preview:-1"},"canonical":"https:\/\/barneleker.no\/index.php\/product\/barbie-and-chelsea-the-lost-birthday-lekesett\/","og_locale":"nb_NO","og_type":"article","og_title":"Barbie, and Chelsea the Lost Birthday, Lekesett - Barneleker.no","og_description":"Dukker og lekesett inspirert av Barbie\u00ae and Chelsea The Lost Birthday tar med seg fantasifulle unge p\u00e5 eventyr med massevis av utforsking og dyrevenner! Chelsea-dukken&hellip;","og_url":"https:\/\/barneleker.no\/index.php\/product\/barbie-and-chelsea-the-lost-birthday-lekesett\/","og_site_name":"Barneleker.no","twitter_card":"summary_large_image","twitter_misc":{"Ansl. lesetid":"1 minutt"},"schema":{"@context":"https:\/\/schema.org","@graph":[{"@type":"WebPage","@id":"https:\/\/barneleker.no\/index.php\/product\/barbie-and-chelsea-the-lost-birthday-lekesett\/","url":"https:\/\/barneleker.no\/index.php\/product\/barbie-and-chelsea-the-lost-birthday-lekesett\/","name":"Barbie, and Chelsea the Lost Birthday, Lekesett - Barneleker.no","isPartOf":{"@id":"https:\/\/barneleker.no\/#website"},"primaryImageOfPage":{"@id":"https:\/\/barneleker.no\/index.php\/product\/barbie-and-chelsea-the-lost-birthday-lekesett\/#primaryimage"},"image":{"@id":"https:\/\/barneleker.no\/index.php\/product\/barbie-and-chelsea-the-lost-birthday-lekesett\/#primaryimage"},"thumbnailUrl":"https:\/\/barneleker.no\/wp-content\/uploads\/2022\/02\/barbie-and-chelsea-the-lost-birthday-lekesett.jpg","datePublished":"2022-02-08T19:54:50+00:00","breadcrumb":{"@id":"https:\/\/barneleker.no\/index.php\/product\/barbie-and-chelsea-the-lost-birthday-lekesett\/#breadcrumb"},"inLanguage":"nb-NO","potentialAction":[{"@type":"ReadAction","target":["https:\/\/barneleker.no\/index.php\/product\/barbie-and-chelsea-the-lost-birthday-lekesett\/"]}]},{"@type":"ImageObject","inLanguage":"nb-NO","@id":"https:\/\/barneleker.no\/index.php\/product\/barbie-and-chelsea-the-lost-birthday-lekesett\/#primaryimage","url":"https:\/\/barneleker.no\/wp-content\/uploads\/2022\/02\/barbie-and-chelsea-the-lost-birthday-lekesett.jpg","contentUrl":"https:\/\/barneleker.no\/wp-content\/uploads\/2022\/02\/barbie-and-chelsea-the-lost-birthday-lekesett.jpg","width":555,"height":555},{"@type":"BreadcrumbList","@id":"https:\/\/barneleker.no\/index.php\/product\/barbie-and-chelsea-the-lost-birthday-lekesett\/#breadcrumb","itemListElement":[{"@type":"ListItem","position":1,"name":"Butikken","item":"https:\/\/barneleker.no\/"},{"@type":"ListItem","position":2,"name":"Barbie, and Chelsea the Lost Birthday, Lekesett"}]},{"@type":"WebSite","@id":"https:\/\/barneleker.no\/#website","url":"https:\/\/barneleker.no\/","name":"Barneleker.no","description":"Selvf\u00f8lgelig!","publisher":{"@id":"https:\/\/barneleker.no\/#organization"},"potentialAction":[{"@type":"SearchAction","target":{"@type":"EntryPoint","urlTemplate":"https:\/\/barneleker.no\/?s={search_term_string}"},"query-input":{"@type":"PropertyValueSpecification","valueRequired":true,"valueName":"search_term_string"}}],"inLanguage":"nb-NO"},{"@type":"Organization","@id":"https:\/\/barneleker.no\/#organization","name":"Barneleker.no","url":"https:\/\/barneleker.no\/","logo":{"@type":"ImageObject","inLanguage":"nb-NO","@id":"https:\/\/barneleker.no\/#\/schema\/logo\/image\/","url":"https:\/\/barneleker.no\/wp-content\/uploads\/2021\/11\/barneleker_logo-780x150-1.jpg","contentUrl":"https:\/\/barneleker.no\/wp-content\/uploads\/2021\/11\/barneleker_logo-780x150-1.jpg","width":780,"height":150,"caption":"Barneleker.no"},"image":{"@id":"https:\/\/barneleker.no\/#\/schema\/logo\/image\/"}}]}},"_links":{"self":[{"href":"https:\/\/barneleker.no\/index.php\/wp-json\/wp\/v2\/product\/13149","targetHints":{"allow":["GET"]}}],"collection":[{"href":"https:\/\/barneleker.no\/index.php\/wp-json\/wp\/v2\/product"}],"about":[{"href":"https:\/\/barneleker.no\/index.php\/wp-json\/wp\/v2\/types\/product"}],"replies":[{"embeddable":true,"href":"https:\/\/barneleker.no\/index.php\/wp-json\/wp\/v2\/comments?post=13149"}],"wp:featuredmedia":[{"embeddable":true,"href":"https:\/\/barneleker.no\/index.php\/wp-json\/wp\/v2\/media\/13148"}],"wp:attachment":[{"href":"https:\/\/barneleker.no\/index.php\/wp-json\/wp\/v2\/media?parent=13149"}],"wp:term":[{"taxonomy":"product_brand","embeddable":true,"href":"https:\/\/barneleker.no\/index.php\/wp-json\/wp\/v2\/product_brand?post=13149"},{"taxonomy":"product_cat","embeddable":true,"href":"https:\/\/barneleker.no\/index.php\/wp-json\/wp\/v2\/product_cat?post=13149"},{"taxonomy":"product_tag","embeddable":true,"href":"https:\/\/barneleker.no\/index.php\/wp-json\/wp\/v2\/product_tag?post=13149"}],"curies":[{"name":"wp","href":"https:\/\/api.w.org\/{rel}","templated":true}]}}