{"id":13191,"date":"2022-02-08T19:55:05","date_gmt":"2022-02-08T19:55:05","guid":{"rendered":"https:\/\/barneleker.no\/index.php\/product\/play-doh-kassaapparat\/"},"modified":"2022-02-08T19:55:05","modified_gmt":"2022-02-08T19:55:05","slug":"play-doh-kassaapparat","status":"publish","type":"product","link":"https:\/\/barneleker.no\/index.php\/product\/play-doh-kassaapparat\/","title":{"rendered":"Play-Doh, Kassaapparat"},"content":{"rendered":"<p>Barn elsker leke-kassaapparater, og n\u00e5 kan de f\u00e5 seg sin egen Play-Doh-kassaapparatleke! Sjekk ut hvor mye moro de kan ha med den innebygde lekeskanneren som piper, h\u00e5ndholdt strekkodestempel, og kontantskuff som \u00e5pnes ved \u00e5 trykke p\u00e5 en knapp, og lager en velklingende \u00abtjing-tjing\u00bb-lyd. Det er mulighet for masse supermarked-moro mens barna bruker de 5 lekematkutterne og former til \u00e5 lage sine egne Play-Doh-matretter, for eksempel liksom-melk og g\u00f8yale gr\u00f8nnsaker. Putt alt i kurven og handleposen for den aller beste turen til lekebutikken. Lommeboken former mynter og kontanter til \u00e5 putte i skuffen, og det finnes ogs\u00e5 en kredittkortform. Dette butikk-lekesettet er en flott gave for barn fra 3 \u00e5r, og det kan ogs\u00e5 hjelpe f\u00f8rskolebarn med \u00e5 \u00f8ve seg p\u00e5 \u00e5 telle i klasserommet. Vil du ha kvittering? Trykk en ut fra Play-Doh-kvitteringsskriveren, og ha en fin dag! Hasbro, Play-Doh og alle relaterte produkter er varemerker som tilh\u00f8rer Hasbro.<\/p>\n","protected":false},"excerpt":{"rendered":"<p>Barn elsker leke-kassaapparater, og n\u00e5 kan de f\u00e5 seg sin egen Play-Doh-kassaapparatleke! Sjekk ut hvor mye moro de kan ha med den innebygde lekeskanneren som&hellip;<\/p>\n","protected":false},"featured_media":13190,"comment_status":"open","ping_status":"closed","template":"","meta":[],"product_brand":[],"product_cat":[347],"product_tag":[],"class_list":{"0":"post-13191","1":"product","2":"type-product","3":"status-publish","4":"has-post-thumbnail","6":"product_cat-hobby","8":"first","9":"instock","10":"shipping-taxable","11":"product-type-external","12":"customify-col"},"yoast_head":"<!-- This site is optimized with the Yoast SEO plugin v26.0 - https:\/\/yoast.com\/wordpress\/plugins\/seo\/ -->\n<title>Play-Doh, Kassaapparat - Barneleker.no<\/title>\n<meta name=\"robots\" content=\"index, follow, max-snippet:-1, max-image-preview:large, max-video-preview:-1\" \/>\n<link rel=\"canonical\" href=\"https:\/\/barneleker.no\/index.php\/product\/play-doh-kassaapparat\/\" \/>\n<meta property=\"og:locale\" content=\"nb_NO\" \/>\n<meta property=\"og:type\" content=\"article\" \/>\n<meta property=\"og:title\" content=\"Play-Doh, Kassaapparat - Barneleker.no\" \/>\n<meta property=\"og:description\" content=\"Barn elsker leke-kassaapparater, og n\u00e5 kan de f\u00e5 seg sin egen Play-Doh-kassaapparatleke! Sjekk ut hvor mye moro de kan ha med den innebygde lekeskanneren som&hellip;\" \/>\n<meta property=\"og:url\" content=\"https:\/\/barneleker.no\/index.php\/product\/play-doh-kassaapparat\/\" \/>\n<meta property=\"og:site_name\" content=\"Barneleker.no\" \/>\n<meta name=\"twitter:card\" content=\"summary_large_image\" \/>\n<meta name=\"twitter:label1\" content=\"Ansl. lesetid\" \/>\n\t<meta name=\"twitter:data1\" content=\"1 minutt\" \/>\n<script type=\"application\/ld+json\" class=\"yoast-schema-graph\">{\"@context\":\"https:\/\/schema.org\",\"@graph\":[{\"@type\":\"WebPage\",\"@id\":\"https:\/\/barneleker.no\/index.php\/product\/play-doh-kassaapparat\/\",\"url\":\"https:\/\/barneleker.no\/index.php\/product\/play-doh-kassaapparat\/\",\"name\":\"Play-Doh, Kassaapparat - Barneleker.no\",\"isPartOf\":{\"@id\":\"https:\/\/barneleker.no\/#website\"},\"primaryImageOfPage\":{\"@id\":\"https:\/\/barneleker.no\/index.php\/product\/play-doh-kassaapparat\/#primaryimage\"},\"image\":{\"@id\":\"https:\/\/barneleker.no\/index.php\/product\/play-doh-kassaapparat\/#primaryimage\"},\"thumbnailUrl\":\"https:\/\/barneleker.no\/wp-content\/uploads\/2022\/02\/play-doh-kassaapparat.jpg\",\"datePublished\":\"2022-02-08T19:55:05+00:00\",\"breadcrumb\":{\"@id\":\"https:\/\/barneleker.no\/index.php\/product\/play-doh-kassaapparat\/#breadcrumb\"},\"inLanguage\":\"nb-NO\",\"potentialAction\":[{\"@type\":\"ReadAction\",\"target\":[\"https:\/\/barneleker.no\/index.php\/product\/play-doh-kassaapparat\/\"]}]},{\"@type\":\"ImageObject\",\"inLanguage\":\"nb-NO\",\"@id\":\"https:\/\/barneleker.no\/index.php\/product\/play-doh-kassaapparat\/#primaryimage\",\"url\":\"https:\/\/barneleker.no\/wp-content\/uploads\/2022\/02\/play-doh-kassaapparat.jpg\",\"contentUrl\":\"https:\/\/barneleker.no\/wp-content\/uploads\/2022\/02\/play-doh-kassaapparat.jpg\",\"width\":555,\"height\":555},{\"@type\":\"BreadcrumbList\",\"@id\":\"https:\/\/barneleker.no\/index.php\/product\/play-doh-kassaapparat\/#breadcrumb\",\"itemListElement\":[{\"@type\":\"ListItem\",\"position\":1,\"name\":\"Butikken\",\"item\":\"https:\/\/barneleker.no\/\"},{\"@type\":\"ListItem\",\"position\":2,\"name\":\"Play-Doh, Kassaapparat\"}]},{\"@type\":\"WebSite\",\"@id\":\"https:\/\/barneleker.no\/#website\",\"url\":\"https:\/\/barneleker.no\/\",\"name\":\"Barneleker.no\",\"description\":\"Selvf\u00f8lgelig!\",\"publisher\":{\"@id\":\"https:\/\/barneleker.no\/#organization\"},\"potentialAction\":[{\"@type\":\"SearchAction\",\"target\":{\"@type\":\"EntryPoint\",\"urlTemplate\":\"https:\/\/barneleker.no\/?s={search_term_string}\"},\"query-input\":{\"@type\":\"PropertyValueSpecification\",\"valueRequired\":true,\"valueName\":\"search_term_string\"}}],\"inLanguage\":\"nb-NO\"},{\"@type\":\"Organization\",\"@id\":\"https:\/\/barneleker.no\/#organization\",\"name\":\"Barneleker.no\",\"url\":\"https:\/\/barneleker.no\/\",\"logo\":{\"@type\":\"ImageObject\",\"inLanguage\":\"nb-NO\",\"@id\":\"https:\/\/barneleker.no\/#\/schema\/logo\/image\/\",\"url\":\"https:\/\/barneleker.no\/wp-content\/uploads\/2021\/11\/barneleker_logo-780x150-1.jpg\",\"contentUrl\":\"https:\/\/barneleker.no\/wp-content\/uploads\/2021\/11\/barneleker_logo-780x150-1.jpg\",\"width\":780,\"height\":150,\"caption\":\"Barneleker.no\"},\"image\":{\"@id\":\"https:\/\/barneleker.no\/#\/schema\/logo\/image\/\"}}]}<\/script>\n<!-- \/ Yoast SEO plugin. -->","yoast_head_json":{"title":"Play-Doh, Kassaapparat - Barneleker.no","robots":{"index":"index","follow":"follow","max-snippet":"max-snippet:-1","max-image-preview":"max-image-preview:large","max-video-preview":"max-video-preview:-1"},"canonical":"https:\/\/barneleker.no\/index.php\/product\/play-doh-kassaapparat\/","og_locale":"nb_NO","og_type":"article","og_title":"Play-Doh, Kassaapparat - Barneleker.no","og_description":"Barn elsker leke-kassaapparater, og n\u00e5 kan de f\u00e5 seg sin egen Play-Doh-kassaapparatleke! Sjekk ut hvor mye moro de kan ha med den innebygde lekeskanneren som&hellip;","og_url":"https:\/\/barneleker.no\/index.php\/product\/play-doh-kassaapparat\/","og_site_name":"Barneleker.no","twitter_card":"summary_large_image","twitter_misc":{"Ansl. lesetid":"1 minutt"},"schema":{"@context":"https:\/\/schema.org","@graph":[{"@type":"WebPage","@id":"https:\/\/barneleker.no\/index.php\/product\/play-doh-kassaapparat\/","url":"https:\/\/barneleker.no\/index.php\/product\/play-doh-kassaapparat\/","name":"Play-Doh, Kassaapparat - Barneleker.no","isPartOf":{"@id":"https:\/\/barneleker.no\/#website"},"primaryImageOfPage":{"@id":"https:\/\/barneleker.no\/index.php\/product\/play-doh-kassaapparat\/#primaryimage"},"image":{"@id":"https:\/\/barneleker.no\/index.php\/product\/play-doh-kassaapparat\/#primaryimage"},"thumbnailUrl":"https:\/\/barneleker.no\/wp-content\/uploads\/2022\/02\/play-doh-kassaapparat.jpg","datePublished":"2022-02-08T19:55:05+00:00","breadcrumb":{"@id":"https:\/\/barneleker.no\/index.php\/product\/play-doh-kassaapparat\/#breadcrumb"},"inLanguage":"nb-NO","potentialAction":[{"@type":"ReadAction","target":["https:\/\/barneleker.no\/index.php\/product\/play-doh-kassaapparat\/"]}]},{"@type":"ImageObject","inLanguage":"nb-NO","@id":"https:\/\/barneleker.no\/index.php\/product\/play-doh-kassaapparat\/#primaryimage","url":"https:\/\/barneleker.no\/wp-content\/uploads\/2022\/02\/play-doh-kassaapparat.jpg","contentUrl":"https:\/\/barneleker.no\/wp-content\/uploads\/2022\/02\/play-doh-kassaapparat.jpg","width":555,"height":555},{"@type":"BreadcrumbList","@id":"https:\/\/barneleker.no\/index.php\/product\/play-doh-kassaapparat\/#breadcrumb","itemListElement":[{"@type":"ListItem","position":1,"name":"Butikken","item":"https:\/\/barneleker.no\/"},{"@type":"ListItem","position":2,"name":"Play-Doh, Kassaapparat"}]},{"@type":"WebSite","@id":"https:\/\/barneleker.no\/#website","url":"https:\/\/barneleker.no\/","name":"Barneleker.no","description":"Selvf\u00f8lgelig!","publisher":{"@id":"https:\/\/barneleker.no\/#organization"},"potentialAction":[{"@type":"SearchAction","target":{"@type":"EntryPoint","urlTemplate":"https:\/\/barneleker.no\/?s={search_term_string}"},"query-input":{"@type":"PropertyValueSpecification","valueRequired":true,"valueName":"search_term_string"}}],"inLanguage":"nb-NO"},{"@type":"Organization","@id":"https:\/\/barneleker.no\/#organization","name":"Barneleker.no","url":"https:\/\/barneleker.no\/","logo":{"@type":"ImageObject","inLanguage":"nb-NO","@id":"https:\/\/barneleker.no\/#\/schema\/logo\/image\/","url":"https:\/\/barneleker.no\/wp-content\/uploads\/2021\/11\/barneleker_logo-780x150-1.jpg","contentUrl":"https:\/\/barneleker.no\/wp-content\/uploads\/2021\/11\/barneleker_logo-780x150-1.jpg","width":780,"height":150,"caption":"Barneleker.no"},"image":{"@id":"https:\/\/barneleker.no\/#\/schema\/logo\/image\/"}}]}},"_links":{"self":[{"href":"https:\/\/barneleker.no\/index.php\/wp-json\/wp\/v2\/product\/13191","targetHints":{"allow":["GET"]}}],"collection":[{"href":"https:\/\/barneleker.no\/index.php\/wp-json\/wp\/v2\/product"}],"about":[{"href":"https:\/\/barneleker.no\/index.php\/wp-json\/wp\/v2\/types\/product"}],"replies":[{"embeddable":true,"href":"https:\/\/barneleker.no\/index.php\/wp-json\/wp\/v2\/comments?post=13191"}],"wp:featuredmedia":[{"embeddable":true,"href":"https:\/\/barneleker.no\/index.php\/wp-json\/wp\/v2\/media\/13190"}],"wp:attachment":[{"href":"https:\/\/barneleker.no\/index.php\/wp-json\/wp\/v2\/media?parent=13191"}],"wp:term":[{"taxonomy":"product_brand","embeddable":true,"href":"https:\/\/barneleker.no\/index.php\/wp-json\/wp\/v2\/product_brand?post=13191"},{"taxonomy":"product_cat","embeddable":true,"href":"https:\/\/barneleker.no\/index.php\/wp-json\/wp\/v2\/product_cat?post=13191"},{"taxonomy":"product_tag","embeddable":true,"href":"https:\/\/barneleker.no\/index.php\/wp-json\/wp\/v2\/product_tag?post=13191"}],"curies":[{"name":"wp","href":"https:\/\/api.w.org\/{rel}","templated":true}]}}