{"id":13269,"date":"2022-02-08T19:55:33","date_gmt":"2022-02-08T19:55:33","guid":{"rendered":"https:\/\/barneleker.no\/index.php\/product\/lego-super-mario-71382-ekstrabanesett-vrien-utfordring-med-piranha-plant\/"},"modified":"2022-02-08T19:55:33","modified_gmt":"2022-02-08T19:55:33","slug":"lego-super-mario-71382-ekstrabanesett-vrien-utfordring-med-piranha-plant","status":"publish","type":"product","link":"https:\/\/barneleker.no\/index.php\/product\/lego-super-mario-71382-ekstrabanesett-vrien-utfordring-med-piranha-plant\/","title":{"rendered":"LEGO Super Mario 71382, Ekstrabanesett Vrien utfordring med Piranha Plant"},"content":{"rendered":"<p>Barn kan utvide LEGO\u00ae Super Mario\u2122 universet sitt med ekstrabanen Vrien utfordring med Piranha Plant (71382) og f\u00e5 enda mere moro med venner eller n\u00e5r de spiller alene. Ekstrabanesettet inneholder to pirajaplanter og en figur av Spiny som LEGO\u00ae Mario\u2122 (figuren f\u00f8lger ikke med) m\u00e5 beseire, samt en karusell du kan snurre for \u00e5 velte pirajaplantene s\u00e5 du f\u00e5r tilgang til de tre klossene med r\u00f8de mynter. Hopp p\u00e5 dem for \u00e5 f\u00e5 store mengder digitale mynter! (Merk: Du m\u00e5 ha 71360 startbanesettet for \u00e5 kunne spille interaktivt.)  G\u00e5 digitalt LEGO Super Mario gratisappen med Instructions PLUS inneholder visningsverkt\u00f8y som gj\u00f8r det enda morsommere \u00e5 bygge. Appen inspirerer til kreativ bygging og lek og er et trygt forum, hvor barn kan vise modellene sine.  Fysisk Mario-moro Med LEGO Super Mario samlerlekesettene f\u00e5r barn spille med en fysisk versjon av den ikoniske Nintendo\u00ae-figuren. Med startbanesettet, ekstrabanesett og Power-Up-pakker kan barn f\u00e5 enda mer moro ved \u00e5 bygge unike niv\u00e5er.<\/p>\n","protected":false},"excerpt":{"rendered":"<p>Barn kan utvide LEGO\u00ae Super Mario\u2122 universet sitt med ekstrabanen Vrien utfordring med Piranha Plant (71382) og f\u00e5 enda mere moro med venner eller n\u00e5r&hellip;<\/p>\n","protected":false},"featured_media":13268,"comment_status":"open","ping_status":"closed","template":"","meta":[],"product_brand":[],"product_cat":[340],"product_tag":[],"class_list":{"0":"post-13269","1":"product","2":"type-product","3":"status-publish","4":"has-post-thumbnail","6":"product_cat-set","8":"first","9":"instock","10":"shipping-taxable","11":"product-type-external","12":"customify-col"},"yoast_head":"<!-- This site is optimized with the Yoast SEO plugin v26.0 - https:\/\/yoast.com\/wordpress\/plugins\/seo\/ -->\n<title>LEGO Super Mario 71382, Ekstrabanesett Vrien utfordring med Piranha Plant - Barneleker.no<\/title>\n<meta name=\"robots\" content=\"index, follow, max-snippet:-1, max-image-preview:large, max-video-preview:-1\" \/>\n<link rel=\"canonical\" href=\"https:\/\/barneleker.no\/index.php\/product\/lego-super-mario-71382-ekstrabanesett-vrien-utfordring-med-piranha-plant\/\" \/>\n<meta property=\"og:locale\" content=\"nb_NO\" \/>\n<meta property=\"og:type\" content=\"article\" \/>\n<meta property=\"og:title\" content=\"LEGO Super Mario 71382, Ekstrabanesett Vrien utfordring med Piranha Plant - Barneleker.no\" \/>\n<meta property=\"og:description\" content=\"Barn kan utvide LEGO\u00ae Super Mario\u2122 universet sitt med ekstrabanen Vrien utfordring med Piranha Plant (71382) og f\u00e5 enda mere moro med venner eller n\u00e5r&hellip;\" \/>\n<meta property=\"og:url\" content=\"https:\/\/barneleker.no\/index.php\/product\/lego-super-mario-71382-ekstrabanesett-vrien-utfordring-med-piranha-plant\/\" \/>\n<meta property=\"og:site_name\" content=\"Barneleker.no\" \/>\n<meta name=\"twitter:card\" content=\"summary_large_image\" \/>\n<meta name=\"twitter:label1\" content=\"Ansl. lesetid\" \/>\n\t<meta name=\"twitter:data1\" content=\"1 minutt\" \/>\n<script type=\"application\/ld+json\" class=\"yoast-schema-graph\">{\"@context\":\"https:\/\/schema.org\",\"@graph\":[{\"@type\":\"WebPage\",\"@id\":\"https:\/\/barneleker.no\/index.php\/product\/lego-super-mario-71382-ekstrabanesett-vrien-utfordring-med-piranha-plant\/\",\"url\":\"https:\/\/barneleker.no\/index.php\/product\/lego-super-mario-71382-ekstrabanesett-vrien-utfordring-med-piranha-plant\/\",\"name\":\"LEGO Super Mario 71382, Ekstrabanesett Vrien utfordring med Piranha Plant - Barneleker.no\",\"isPartOf\":{\"@id\":\"https:\/\/barneleker.no\/#website\"},\"primaryImageOfPage\":{\"@id\":\"https:\/\/barneleker.no\/index.php\/product\/lego-super-mario-71382-ekstrabanesett-vrien-utfordring-med-piranha-plant\/#primaryimage\"},\"image\":{\"@id\":\"https:\/\/barneleker.no\/index.php\/product\/lego-super-mario-71382-ekstrabanesett-vrien-utfordring-med-piranha-plant\/#primaryimage\"},\"thumbnailUrl\":\"https:\/\/barneleker.no\/wp-content\/uploads\/2022\/02\/lego-super-mario-71382-ekstrabanesett-vrien-utfordring-med-piranha-plant.jpg\",\"datePublished\":\"2022-02-08T19:55:33+00:00\",\"breadcrumb\":{\"@id\":\"https:\/\/barneleker.no\/index.php\/product\/lego-super-mario-71382-ekstrabanesett-vrien-utfordring-med-piranha-plant\/#breadcrumb\"},\"inLanguage\":\"nb-NO\",\"potentialAction\":[{\"@type\":\"ReadAction\",\"target\":[\"https:\/\/barneleker.no\/index.php\/product\/lego-super-mario-71382-ekstrabanesett-vrien-utfordring-med-piranha-plant\/\"]}]},{\"@type\":\"ImageObject\",\"inLanguage\":\"nb-NO\",\"@id\":\"https:\/\/barneleker.no\/index.php\/product\/lego-super-mario-71382-ekstrabanesett-vrien-utfordring-med-piranha-plant\/#primaryimage\",\"url\":\"https:\/\/barneleker.no\/wp-content\/uploads\/2022\/02\/lego-super-mario-71382-ekstrabanesett-vrien-utfordring-med-piranha-plant.jpg\",\"contentUrl\":\"https:\/\/barneleker.no\/wp-content\/uploads\/2022\/02\/lego-super-mario-71382-ekstrabanesett-vrien-utfordring-med-piranha-plant.jpg\",\"width\":555,\"height\":555},{\"@type\":\"BreadcrumbList\",\"@id\":\"https:\/\/barneleker.no\/index.php\/product\/lego-super-mario-71382-ekstrabanesett-vrien-utfordring-med-piranha-plant\/#breadcrumb\",\"itemListElement\":[{\"@type\":\"ListItem\",\"position\":1,\"name\":\"Butikken\",\"item\":\"https:\/\/barneleker.no\/\"},{\"@type\":\"ListItem\",\"position\":2,\"name\":\"LEGO Super Mario 71382, Ekstrabanesett Vrien utfordring med Piranha Plant\"}]},{\"@type\":\"WebSite\",\"@id\":\"https:\/\/barneleker.no\/#website\",\"url\":\"https:\/\/barneleker.no\/\",\"name\":\"Barneleker.no\",\"description\":\"Selvf\u00f8lgelig!\",\"publisher\":{\"@id\":\"https:\/\/barneleker.no\/#organization\"},\"potentialAction\":[{\"@type\":\"SearchAction\",\"target\":{\"@type\":\"EntryPoint\",\"urlTemplate\":\"https:\/\/barneleker.no\/?s={search_term_string}\"},\"query-input\":{\"@type\":\"PropertyValueSpecification\",\"valueRequired\":true,\"valueName\":\"search_term_string\"}}],\"inLanguage\":\"nb-NO\"},{\"@type\":\"Organization\",\"@id\":\"https:\/\/barneleker.no\/#organization\",\"name\":\"Barneleker.no\",\"url\":\"https:\/\/barneleker.no\/\",\"logo\":{\"@type\":\"ImageObject\",\"inLanguage\":\"nb-NO\",\"@id\":\"https:\/\/barneleker.no\/#\/schema\/logo\/image\/\",\"url\":\"https:\/\/barneleker.no\/wp-content\/uploads\/2021\/11\/barneleker_logo-780x150-1.jpg\",\"contentUrl\":\"https:\/\/barneleker.no\/wp-content\/uploads\/2021\/11\/barneleker_logo-780x150-1.jpg\",\"width\":780,\"height\":150,\"caption\":\"Barneleker.no\"},\"image\":{\"@id\":\"https:\/\/barneleker.no\/#\/schema\/logo\/image\/\"}}]}<\/script>\n<!-- \/ Yoast SEO plugin. -->","yoast_head_json":{"title":"LEGO Super Mario 71382, Ekstrabanesett Vrien utfordring med Piranha Plant - Barneleker.no","robots":{"index":"index","follow":"follow","max-snippet":"max-snippet:-1","max-image-preview":"max-image-preview:large","max-video-preview":"max-video-preview:-1"},"canonical":"https:\/\/barneleker.no\/index.php\/product\/lego-super-mario-71382-ekstrabanesett-vrien-utfordring-med-piranha-plant\/","og_locale":"nb_NO","og_type":"article","og_title":"LEGO Super Mario 71382, Ekstrabanesett Vrien utfordring med Piranha Plant - Barneleker.no","og_description":"Barn kan utvide LEGO\u00ae Super Mario\u2122 universet sitt med ekstrabanen Vrien utfordring med Piranha Plant (71382) og f\u00e5 enda mere moro med venner eller n\u00e5r&hellip;","og_url":"https:\/\/barneleker.no\/index.php\/product\/lego-super-mario-71382-ekstrabanesett-vrien-utfordring-med-piranha-plant\/","og_site_name":"Barneleker.no","twitter_card":"summary_large_image","twitter_misc":{"Ansl. lesetid":"1 minutt"},"schema":{"@context":"https:\/\/schema.org","@graph":[{"@type":"WebPage","@id":"https:\/\/barneleker.no\/index.php\/product\/lego-super-mario-71382-ekstrabanesett-vrien-utfordring-med-piranha-plant\/","url":"https:\/\/barneleker.no\/index.php\/product\/lego-super-mario-71382-ekstrabanesett-vrien-utfordring-med-piranha-plant\/","name":"LEGO Super Mario 71382, Ekstrabanesett Vrien utfordring med Piranha Plant - Barneleker.no","isPartOf":{"@id":"https:\/\/barneleker.no\/#website"},"primaryImageOfPage":{"@id":"https:\/\/barneleker.no\/index.php\/product\/lego-super-mario-71382-ekstrabanesett-vrien-utfordring-med-piranha-plant\/#primaryimage"},"image":{"@id":"https:\/\/barneleker.no\/index.php\/product\/lego-super-mario-71382-ekstrabanesett-vrien-utfordring-med-piranha-plant\/#primaryimage"},"thumbnailUrl":"https:\/\/barneleker.no\/wp-content\/uploads\/2022\/02\/lego-super-mario-71382-ekstrabanesett-vrien-utfordring-med-piranha-plant.jpg","datePublished":"2022-02-08T19:55:33+00:00","breadcrumb":{"@id":"https:\/\/barneleker.no\/index.php\/product\/lego-super-mario-71382-ekstrabanesett-vrien-utfordring-med-piranha-plant\/#breadcrumb"},"inLanguage":"nb-NO","potentialAction":[{"@type":"ReadAction","target":["https:\/\/barneleker.no\/index.php\/product\/lego-super-mario-71382-ekstrabanesett-vrien-utfordring-med-piranha-plant\/"]}]},{"@type":"ImageObject","inLanguage":"nb-NO","@id":"https:\/\/barneleker.no\/index.php\/product\/lego-super-mario-71382-ekstrabanesett-vrien-utfordring-med-piranha-plant\/#primaryimage","url":"https:\/\/barneleker.no\/wp-content\/uploads\/2022\/02\/lego-super-mario-71382-ekstrabanesett-vrien-utfordring-med-piranha-plant.jpg","contentUrl":"https:\/\/barneleker.no\/wp-content\/uploads\/2022\/02\/lego-super-mario-71382-ekstrabanesett-vrien-utfordring-med-piranha-plant.jpg","width":555,"height":555},{"@type":"BreadcrumbList","@id":"https:\/\/barneleker.no\/index.php\/product\/lego-super-mario-71382-ekstrabanesett-vrien-utfordring-med-piranha-plant\/#breadcrumb","itemListElement":[{"@type":"ListItem","position":1,"name":"Butikken","item":"https:\/\/barneleker.no\/"},{"@type":"ListItem","position":2,"name":"LEGO Super Mario 71382, Ekstrabanesett Vrien utfordring med Piranha Plant"}]},{"@type":"WebSite","@id":"https:\/\/barneleker.no\/#website","url":"https:\/\/barneleker.no\/","name":"Barneleker.no","description":"Selvf\u00f8lgelig!","publisher":{"@id":"https:\/\/barneleker.no\/#organization"},"potentialAction":[{"@type":"SearchAction","target":{"@type":"EntryPoint","urlTemplate":"https:\/\/barneleker.no\/?s={search_term_string}"},"query-input":{"@type":"PropertyValueSpecification","valueRequired":true,"valueName":"search_term_string"}}],"inLanguage":"nb-NO"},{"@type":"Organization","@id":"https:\/\/barneleker.no\/#organization","name":"Barneleker.no","url":"https:\/\/barneleker.no\/","logo":{"@type":"ImageObject","inLanguage":"nb-NO","@id":"https:\/\/barneleker.no\/#\/schema\/logo\/image\/","url":"https:\/\/barneleker.no\/wp-content\/uploads\/2021\/11\/barneleker_logo-780x150-1.jpg","contentUrl":"https:\/\/barneleker.no\/wp-content\/uploads\/2021\/11\/barneleker_logo-780x150-1.jpg","width":780,"height":150,"caption":"Barneleker.no"},"image":{"@id":"https:\/\/barneleker.no\/#\/schema\/logo\/image\/"}}]}},"_links":{"self":[{"href":"https:\/\/barneleker.no\/index.php\/wp-json\/wp\/v2\/product\/13269","targetHints":{"allow":["GET"]}}],"collection":[{"href":"https:\/\/barneleker.no\/index.php\/wp-json\/wp\/v2\/product"}],"about":[{"href":"https:\/\/barneleker.no\/index.php\/wp-json\/wp\/v2\/types\/product"}],"replies":[{"embeddable":true,"href":"https:\/\/barneleker.no\/index.php\/wp-json\/wp\/v2\/comments?post=13269"}],"wp:featuredmedia":[{"embeddable":true,"href":"https:\/\/barneleker.no\/index.php\/wp-json\/wp\/v2\/media\/13268"}],"wp:attachment":[{"href":"https:\/\/barneleker.no\/index.php\/wp-json\/wp\/v2\/media?parent=13269"}],"wp:term":[{"taxonomy":"product_brand","embeddable":true,"href":"https:\/\/barneleker.no\/index.php\/wp-json\/wp\/v2\/product_brand?post=13269"},{"taxonomy":"product_cat","embeddable":true,"href":"https:\/\/barneleker.no\/index.php\/wp-json\/wp\/v2\/product_cat?post=13269"},{"taxonomy":"product_tag","embeddable":true,"href":"https:\/\/barneleker.no\/index.php\/wp-json\/wp\/v2\/product_tag?post=13269"}],"curies":[{"name":"wp","href":"https:\/\/api.w.org\/{rel}","templated":true}]}}