{"id":13279,"date":"2022-02-08T19:55:36","date_gmt":"2022-02-08T19:55:36","guid":{"rendered":"https:\/\/barneleker.no\/index.php\/product\/alga-fire-pa-rad-3d-reisespill\/"},"modified":"2022-02-08T19:55:36","modified_gmt":"2022-02-08T19:55:36","slug":"alga-fire-pa-rad-3d-reisespill","status":"publish","type":"product","link":"https:\/\/barneleker.no\/index.php\/product\/alga-fire-pa-rad-3d-reisespill\/","title":{"rendered":"Alga, Fire P\u00e5 Rad 3d Reisespill"},"content":{"rendered":"<p>En klassiker i perfekt reiseformat. Du kan legge brikkene dine loddrett, vannrett og diagonalt. Ikke glem \u00e5 f\u00f8lge med p\u00e5 motspillerne dine. Hvem blir den f\u00f8rste til \u00e5 legge fire p\u00e5 rad?  Inneholder sammenleggbart spillebrett, spillebrikker og regler<\/p>\n","protected":false},"excerpt":{"rendered":"<p>En klassiker i perfekt reiseformat. Du kan legge brikkene dine loddrett, vannrett og diagonalt. Ikke glem \u00e5 f\u00f8lge med p\u00e5 motspillerne dine. Hvem blir den&hellip;<\/p>\n","protected":false},"featured_media":13278,"comment_status":"open","ping_status":"closed","template":"","meta":[],"product_brand":[],"product_cat":[500],"product_tag":[],"class_list":{"0":"post-13279","1":"product","2":"type-product","3":"status-publish","4":"has-post-thumbnail","6":"product_cat-resespel","8":"first","9":"instock","10":"shipping-taxable","11":"product-type-external","12":"customify-col"},"yoast_head":"<!-- This site is optimized with the Yoast SEO plugin v26.0 - https:\/\/yoast.com\/wordpress\/plugins\/seo\/ -->\n<title>Alga, Fire P\u00e5 Rad 3d Reisespill - Barneleker.no<\/title>\n<meta name=\"robots\" content=\"index, follow, max-snippet:-1, max-image-preview:large, max-video-preview:-1\" \/>\n<link rel=\"canonical\" href=\"https:\/\/barneleker.no\/index.php\/product\/alga-fire-pa-rad-3d-reisespill\/\" \/>\n<meta property=\"og:locale\" content=\"nb_NO\" \/>\n<meta property=\"og:type\" content=\"article\" \/>\n<meta property=\"og:title\" content=\"Alga, Fire P\u00e5 Rad 3d Reisespill - Barneleker.no\" \/>\n<meta property=\"og:description\" content=\"En klassiker i perfekt reiseformat. Du kan legge brikkene dine loddrett, vannrett og diagonalt. Ikke glem \u00e5 f\u00f8lge med p\u00e5 motspillerne dine. Hvem blir den&hellip;\" \/>\n<meta property=\"og:url\" content=\"https:\/\/barneleker.no\/index.php\/product\/alga-fire-pa-rad-3d-reisespill\/\" \/>\n<meta property=\"og:site_name\" content=\"Barneleker.no\" \/>\n<meta name=\"twitter:card\" content=\"summary_large_image\" \/>\n<script type=\"application\/ld+json\" class=\"yoast-schema-graph\">{\"@context\":\"https:\/\/schema.org\",\"@graph\":[{\"@type\":\"WebPage\",\"@id\":\"https:\/\/barneleker.no\/index.php\/product\/alga-fire-pa-rad-3d-reisespill\/\",\"url\":\"https:\/\/barneleker.no\/index.php\/product\/alga-fire-pa-rad-3d-reisespill\/\",\"name\":\"Alga, Fire P\u00e5 Rad 3d Reisespill - Barneleker.no\",\"isPartOf\":{\"@id\":\"https:\/\/barneleker.no\/#website\"},\"primaryImageOfPage\":{\"@id\":\"https:\/\/barneleker.no\/index.php\/product\/alga-fire-pa-rad-3d-reisespill\/#primaryimage\"},\"image\":{\"@id\":\"https:\/\/barneleker.no\/index.php\/product\/alga-fire-pa-rad-3d-reisespill\/#primaryimage\"},\"thumbnailUrl\":\"https:\/\/barneleker.no\/wp-content\/uploads\/2022\/02\/alga-fire-pa-rad-3d-reisespill.jpg\",\"datePublished\":\"2022-02-08T19:55:36+00:00\",\"breadcrumb\":{\"@id\":\"https:\/\/barneleker.no\/index.php\/product\/alga-fire-pa-rad-3d-reisespill\/#breadcrumb\"},\"inLanguage\":\"nb-NO\",\"potentialAction\":[{\"@type\":\"ReadAction\",\"target\":[\"https:\/\/barneleker.no\/index.php\/product\/alga-fire-pa-rad-3d-reisespill\/\"]}]},{\"@type\":\"ImageObject\",\"inLanguage\":\"nb-NO\",\"@id\":\"https:\/\/barneleker.no\/index.php\/product\/alga-fire-pa-rad-3d-reisespill\/#primaryimage\",\"url\":\"https:\/\/barneleker.no\/wp-content\/uploads\/2022\/02\/alga-fire-pa-rad-3d-reisespill.jpg\",\"contentUrl\":\"https:\/\/barneleker.no\/wp-content\/uploads\/2022\/02\/alga-fire-pa-rad-3d-reisespill.jpg\",\"width\":555,\"height\":555},{\"@type\":\"BreadcrumbList\",\"@id\":\"https:\/\/barneleker.no\/index.php\/product\/alga-fire-pa-rad-3d-reisespill\/#breadcrumb\",\"itemListElement\":[{\"@type\":\"ListItem\",\"position\":1,\"name\":\"Butikken\",\"item\":\"https:\/\/barneleker.no\/\"},{\"@type\":\"ListItem\",\"position\":2,\"name\":\"Alga, Fire P\u00e5 Rad 3d Reisespill\"}]},{\"@type\":\"WebSite\",\"@id\":\"https:\/\/barneleker.no\/#website\",\"url\":\"https:\/\/barneleker.no\/\",\"name\":\"Barneleker.no\",\"description\":\"Selvf\u00f8lgelig!\",\"publisher\":{\"@id\":\"https:\/\/barneleker.no\/#organization\"},\"potentialAction\":[{\"@type\":\"SearchAction\",\"target\":{\"@type\":\"EntryPoint\",\"urlTemplate\":\"https:\/\/barneleker.no\/?s={search_term_string}\"},\"query-input\":{\"@type\":\"PropertyValueSpecification\",\"valueRequired\":true,\"valueName\":\"search_term_string\"}}],\"inLanguage\":\"nb-NO\"},{\"@type\":\"Organization\",\"@id\":\"https:\/\/barneleker.no\/#organization\",\"name\":\"Barneleker.no\",\"url\":\"https:\/\/barneleker.no\/\",\"logo\":{\"@type\":\"ImageObject\",\"inLanguage\":\"nb-NO\",\"@id\":\"https:\/\/barneleker.no\/#\/schema\/logo\/image\/\",\"url\":\"https:\/\/barneleker.no\/wp-content\/uploads\/2021\/11\/barneleker_logo-780x150-1.jpg\",\"contentUrl\":\"https:\/\/barneleker.no\/wp-content\/uploads\/2021\/11\/barneleker_logo-780x150-1.jpg\",\"width\":780,\"height\":150,\"caption\":\"Barneleker.no\"},\"image\":{\"@id\":\"https:\/\/barneleker.no\/#\/schema\/logo\/image\/\"}}]}<\/script>\n<!-- \/ Yoast SEO plugin. -->","yoast_head_json":{"title":"Alga, Fire P\u00e5 Rad 3d Reisespill - Barneleker.no","robots":{"index":"index","follow":"follow","max-snippet":"max-snippet:-1","max-image-preview":"max-image-preview:large","max-video-preview":"max-video-preview:-1"},"canonical":"https:\/\/barneleker.no\/index.php\/product\/alga-fire-pa-rad-3d-reisespill\/","og_locale":"nb_NO","og_type":"article","og_title":"Alga, Fire P\u00e5 Rad 3d Reisespill - Barneleker.no","og_description":"En klassiker i perfekt reiseformat. Du kan legge brikkene dine loddrett, vannrett og diagonalt. Ikke glem \u00e5 f\u00f8lge med p\u00e5 motspillerne dine. Hvem blir den&hellip;","og_url":"https:\/\/barneleker.no\/index.php\/product\/alga-fire-pa-rad-3d-reisespill\/","og_site_name":"Barneleker.no","twitter_card":"summary_large_image","schema":{"@context":"https:\/\/schema.org","@graph":[{"@type":"WebPage","@id":"https:\/\/barneleker.no\/index.php\/product\/alga-fire-pa-rad-3d-reisespill\/","url":"https:\/\/barneleker.no\/index.php\/product\/alga-fire-pa-rad-3d-reisespill\/","name":"Alga, Fire P\u00e5 Rad 3d Reisespill - Barneleker.no","isPartOf":{"@id":"https:\/\/barneleker.no\/#website"},"primaryImageOfPage":{"@id":"https:\/\/barneleker.no\/index.php\/product\/alga-fire-pa-rad-3d-reisespill\/#primaryimage"},"image":{"@id":"https:\/\/barneleker.no\/index.php\/product\/alga-fire-pa-rad-3d-reisespill\/#primaryimage"},"thumbnailUrl":"https:\/\/barneleker.no\/wp-content\/uploads\/2022\/02\/alga-fire-pa-rad-3d-reisespill.jpg","datePublished":"2022-02-08T19:55:36+00:00","breadcrumb":{"@id":"https:\/\/barneleker.no\/index.php\/product\/alga-fire-pa-rad-3d-reisespill\/#breadcrumb"},"inLanguage":"nb-NO","potentialAction":[{"@type":"ReadAction","target":["https:\/\/barneleker.no\/index.php\/product\/alga-fire-pa-rad-3d-reisespill\/"]}]},{"@type":"ImageObject","inLanguage":"nb-NO","@id":"https:\/\/barneleker.no\/index.php\/product\/alga-fire-pa-rad-3d-reisespill\/#primaryimage","url":"https:\/\/barneleker.no\/wp-content\/uploads\/2022\/02\/alga-fire-pa-rad-3d-reisespill.jpg","contentUrl":"https:\/\/barneleker.no\/wp-content\/uploads\/2022\/02\/alga-fire-pa-rad-3d-reisespill.jpg","width":555,"height":555},{"@type":"BreadcrumbList","@id":"https:\/\/barneleker.no\/index.php\/product\/alga-fire-pa-rad-3d-reisespill\/#breadcrumb","itemListElement":[{"@type":"ListItem","position":1,"name":"Butikken","item":"https:\/\/barneleker.no\/"},{"@type":"ListItem","position":2,"name":"Alga, Fire P\u00e5 Rad 3d Reisespill"}]},{"@type":"WebSite","@id":"https:\/\/barneleker.no\/#website","url":"https:\/\/barneleker.no\/","name":"Barneleker.no","description":"Selvf\u00f8lgelig!","publisher":{"@id":"https:\/\/barneleker.no\/#organization"},"potentialAction":[{"@type":"SearchAction","target":{"@type":"EntryPoint","urlTemplate":"https:\/\/barneleker.no\/?s={search_term_string}"},"query-input":{"@type":"PropertyValueSpecification","valueRequired":true,"valueName":"search_term_string"}}],"inLanguage":"nb-NO"},{"@type":"Organization","@id":"https:\/\/barneleker.no\/#organization","name":"Barneleker.no","url":"https:\/\/barneleker.no\/","logo":{"@type":"ImageObject","inLanguage":"nb-NO","@id":"https:\/\/barneleker.no\/#\/schema\/logo\/image\/","url":"https:\/\/barneleker.no\/wp-content\/uploads\/2021\/11\/barneleker_logo-780x150-1.jpg","contentUrl":"https:\/\/barneleker.no\/wp-content\/uploads\/2021\/11\/barneleker_logo-780x150-1.jpg","width":780,"height":150,"caption":"Barneleker.no"},"image":{"@id":"https:\/\/barneleker.no\/#\/schema\/logo\/image\/"}}]}},"_links":{"self":[{"href":"https:\/\/barneleker.no\/index.php\/wp-json\/wp\/v2\/product\/13279","targetHints":{"allow":["GET"]}}],"collection":[{"href":"https:\/\/barneleker.no\/index.php\/wp-json\/wp\/v2\/product"}],"about":[{"href":"https:\/\/barneleker.no\/index.php\/wp-json\/wp\/v2\/types\/product"}],"replies":[{"embeddable":true,"href":"https:\/\/barneleker.no\/index.php\/wp-json\/wp\/v2\/comments?post=13279"}],"wp:featuredmedia":[{"embeddable":true,"href":"https:\/\/barneleker.no\/index.php\/wp-json\/wp\/v2\/media\/13278"}],"wp:attachment":[{"href":"https:\/\/barneleker.no\/index.php\/wp-json\/wp\/v2\/media?parent=13279"}],"wp:term":[{"taxonomy":"product_brand","embeddable":true,"href":"https:\/\/barneleker.no\/index.php\/wp-json\/wp\/v2\/product_brand?post=13279"},{"taxonomy":"product_cat","embeddable":true,"href":"https:\/\/barneleker.no\/index.php\/wp-json\/wp\/v2\/product_cat?post=13279"},{"taxonomy":"product_tag","embeddable":true,"href":"https:\/\/barneleker.no\/index.php\/wp-json\/wp\/v2\/product_tag?post=13279"}],"curies":[{"name":"wp","href":"https:\/\/api.w.org\/{rel}","templated":true}]}}