{"id":13365,"date":"2022-02-08T19:56:07","date_gmt":"2022-02-08T19:56:07","guid":{"rendered":"https:\/\/barneleker.no\/index.php\/product\/play-doh-slime-dino-crew-lava-bones-island\/"},"modified":"2022-02-08T19:56:07","modified_gmt":"2022-02-08T19:56:07","slug":"play-doh-slime-dino-crew-lava-bones-island","status":"publish","type":"product","link":"https:\/\/barneleker.no\/index.php\/product\/play-doh-slime-dino-crew-lava-bones-island\/","title":{"rendered":"Play-Doh, Slime Dino Crew Lava Bones Island"},"content":{"rendered":"<p>Forestill deg en verden langt tilbake i tid med dinosaurer og vulkaner! Lava Bones Island-lekesettet inneholder egg fylt med slimete Play-Doh Slime HydroGlitz-modell\u00e9rmasse som kan gj\u00f8re at lekevulkanen f\u00e5r utbrudd og fyller dalen nedenfor med lekelava. Hvert egg inneholder ogs\u00e5 minidinosaurbein du kan oppdage. Fyll dino-formen med Play-Doh Slime-lava og skjelettet for \u00e5 lage din egen dinosaur! Denne dinosaurleken er for barn fra 4 \u00e5r og er en flott gave for barn som elsker dinosaurer. \u00a92020 VIACOM INTERNATIONAL INC. Med enerett. SLIME og alle relaterte titler, logoer og figurer er varemerker som tilh\u00f8rer Viacom International Inc. Hasbro, Play-Doh og alle tilknyttede produkter er varemerker som tilh\u00f8rer Hasbro.<\/p>\n","protected":false},"excerpt":{"rendered":"<p>Forestill deg en verden langt tilbake i tid med dinosaurer og vulkaner! Lava Bones Island-lekesettet inneholder egg fylt med slimete Play-Doh Slime HydroGlitz-modell\u00e9rmasse som kan&hellip;<\/p>\n","protected":false},"featured_media":13364,"comment_status":"open","ping_status":"closed","template":"","meta":[],"product_brand":[],"product_cat":[347],"product_tag":[],"class_list":{"0":"post-13365","1":"product","2":"type-product","3":"status-publish","4":"has-post-thumbnail","6":"product_cat-hobby","8":"first","9":"instock","10":"shipping-taxable","11":"product-type-external","12":"customify-col"},"yoast_head":"<!-- This site is optimized with the Yoast SEO plugin v26.0 - https:\/\/yoast.com\/wordpress\/plugins\/seo\/ -->\n<title>Play-Doh, Slime Dino Crew Lava Bones Island - Barneleker.no<\/title>\n<meta name=\"robots\" content=\"index, follow, max-snippet:-1, max-image-preview:large, max-video-preview:-1\" \/>\n<link rel=\"canonical\" href=\"https:\/\/barneleker.no\/index.php\/product\/play-doh-slime-dino-crew-lava-bones-island\/\" \/>\n<meta property=\"og:locale\" content=\"nb_NO\" \/>\n<meta property=\"og:type\" content=\"article\" \/>\n<meta property=\"og:title\" content=\"Play-Doh, Slime Dino Crew Lava Bones Island - Barneleker.no\" \/>\n<meta property=\"og:description\" content=\"Forestill deg en verden langt tilbake i tid med dinosaurer og vulkaner! Lava Bones Island-lekesettet inneholder egg fylt med slimete Play-Doh Slime HydroGlitz-modell\u00e9rmasse som kan&hellip;\" \/>\n<meta property=\"og:url\" content=\"https:\/\/barneleker.no\/index.php\/product\/play-doh-slime-dino-crew-lava-bones-island\/\" \/>\n<meta property=\"og:site_name\" content=\"Barneleker.no\" \/>\n<meta name=\"twitter:card\" content=\"summary_large_image\" \/>\n<meta name=\"twitter:label1\" content=\"Ansl. lesetid\" \/>\n\t<meta name=\"twitter:data1\" content=\"1 minutt\" \/>\n<script type=\"application\/ld+json\" class=\"yoast-schema-graph\">{\"@context\":\"https:\/\/schema.org\",\"@graph\":[{\"@type\":\"WebPage\",\"@id\":\"https:\/\/barneleker.no\/index.php\/product\/play-doh-slime-dino-crew-lava-bones-island\/\",\"url\":\"https:\/\/barneleker.no\/index.php\/product\/play-doh-slime-dino-crew-lava-bones-island\/\",\"name\":\"Play-Doh, Slime Dino Crew Lava Bones Island - Barneleker.no\",\"isPartOf\":{\"@id\":\"https:\/\/barneleker.no\/#website\"},\"primaryImageOfPage\":{\"@id\":\"https:\/\/barneleker.no\/index.php\/product\/play-doh-slime-dino-crew-lava-bones-island\/#primaryimage\"},\"image\":{\"@id\":\"https:\/\/barneleker.no\/index.php\/product\/play-doh-slime-dino-crew-lava-bones-island\/#primaryimage\"},\"thumbnailUrl\":\"https:\/\/barneleker.no\/wp-content\/uploads\/2022\/02\/play-doh-slime-dino-crew-lava-bones-island.jpg\",\"datePublished\":\"2022-02-08T19:56:07+00:00\",\"breadcrumb\":{\"@id\":\"https:\/\/barneleker.no\/index.php\/product\/play-doh-slime-dino-crew-lava-bones-island\/#breadcrumb\"},\"inLanguage\":\"nb-NO\",\"potentialAction\":[{\"@type\":\"ReadAction\",\"target\":[\"https:\/\/barneleker.no\/index.php\/product\/play-doh-slime-dino-crew-lava-bones-island\/\"]}]},{\"@type\":\"ImageObject\",\"inLanguage\":\"nb-NO\",\"@id\":\"https:\/\/barneleker.no\/index.php\/product\/play-doh-slime-dino-crew-lava-bones-island\/#primaryimage\",\"url\":\"https:\/\/barneleker.no\/wp-content\/uploads\/2022\/02\/play-doh-slime-dino-crew-lava-bones-island.jpg\",\"contentUrl\":\"https:\/\/barneleker.no\/wp-content\/uploads\/2022\/02\/play-doh-slime-dino-crew-lava-bones-island.jpg\",\"width\":555,\"height\":555},{\"@type\":\"BreadcrumbList\",\"@id\":\"https:\/\/barneleker.no\/index.php\/product\/play-doh-slime-dino-crew-lava-bones-island\/#breadcrumb\",\"itemListElement\":[{\"@type\":\"ListItem\",\"position\":1,\"name\":\"Butikken\",\"item\":\"https:\/\/barneleker.no\/\"},{\"@type\":\"ListItem\",\"position\":2,\"name\":\"Play-Doh, Slime Dino Crew Lava Bones Island\"}]},{\"@type\":\"WebSite\",\"@id\":\"https:\/\/barneleker.no\/#website\",\"url\":\"https:\/\/barneleker.no\/\",\"name\":\"Barneleker.no\",\"description\":\"Selvf\u00f8lgelig!\",\"publisher\":{\"@id\":\"https:\/\/barneleker.no\/#organization\"},\"potentialAction\":[{\"@type\":\"SearchAction\",\"target\":{\"@type\":\"EntryPoint\",\"urlTemplate\":\"https:\/\/barneleker.no\/?s={search_term_string}\"},\"query-input\":{\"@type\":\"PropertyValueSpecification\",\"valueRequired\":true,\"valueName\":\"search_term_string\"}}],\"inLanguage\":\"nb-NO\"},{\"@type\":\"Organization\",\"@id\":\"https:\/\/barneleker.no\/#organization\",\"name\":\"Barneleker.no\",\"url\":\"https:\/\/barneleker.no\/\",\"logo\":{\"@type\":\"ImageObject\",\"inLanguage\":\"nb-NO\",\"@id\":\"https:\/\/barneleker.no\/#\/schema\/logo\/image\/\",\"url\":\"https:\/\/barneleker.no\/wp-content\/uploads\/2021\/11\/barneleker_logo-780x150-1.jpg\",\"contentUrl\":\"https:\/\/barneleker.no\/wp-content\/uploads\/2021\/11\/barneleker_logo-780x150-1.jpg\",\"width\":780,\"height\":150,\"caption\":\"Barneleker.no\"},\"image\":{\"@id\":\"https:\/\/barneleker.no\/#\/schema\/logo\/image\/\"}}]}<\/script>\n<!-- \/ Yoast SEO plugin. -->","yoast_head_json":{"title":"Play-Doh, Slime Dino Crew Lava Bones Island - Barneleker.no","robots":{"index":"index","follow":"follow","max-snippet":"max-snippet:-1","max-image-preview":"max-image-preview:large","max-video-preview":"max-video-preview:-1"},"canonical":"https:\/\/barneleker.no\/index.php\/product\/play-doh-slime-dino-crew-lava-bones-island\/","og_locale":"nb_NO","og_type":"article","og_title":"Play-Doh, Slime Dino Crew Lava Bones Island - Barneleker.no","og_description":"Forestill deg en verden langt tilbake i tid med dinosaurer og vulkaner! Lava Bones Island-lekesettet inneholder egg fylt med slimete Play-Doh Slime HydroGlitz-modell\u00e9rmasse som kan&hellip;","og_url":"https:\/\/barneleker.no\/index.php\/product\/play-doh-slime-dino-crew-lava-bones-island\/","og_site_name":"Barneleker.no","twitter_card":"summary_large_image","twitter_misc":{"Ansl. lesetid":"1 minutt"},"schema":{"@context":"https:\/\/schema.org","@graph":[{"@type":"WebPage","@id":"https:\/\/barneleker.no\/index.php\/product\/play-doh-slime-dino-crew-lava-bones-island\/","url":"https:\/\/barneleker.no\/index.php\/product\/play-doh-slime-dino-crew-lava-bones-island\/","name":"Play-Doh, Slime Dino Crew Lava Bones Island - Barneleker.no","isPartOf":{"@id":"https:\/\/barneleker.no\/#website"},"primaryImageOfPage":{"@id":"https:\/\/barneleker.no\/index.php\/product\/play-doh-slime-dino-crew-lava-bones-island\/#primaryimage"},"image":{"@id":"https:\/\/barneleker.no\/index.php\/product\/play-doh-slime-dino-crew-lava-bones-island\/#primaryimage"},"thumbnailUrl":"https:\/\/barneleker.no\/wp-content\/uploads\/2022\/02\/play-doh-slime-dino-crew-lava-bones-island.jpg","datePublished":"2022-02-08T19:56:07+00:00","breadcrumb":{"@id":"https:\/\/barneleker.no\/index.php\/product\/play-doh-slime-dino-crew-lava-bones-island\/#breadcrumb"},"inLanguage":"nb-NO","potentialAction":[{"@type":"ReadAction","target":["https:\/\/barneleker.no\/index.php\/product\/play-doh-slime-dino-crew-lava-bones-island\/"]}]},{"@type":"ImageObject","inLanguage":"nb-NO","@id":"https:\/\/barneleker.no\/index.php\/product\/play-doh-slime-dino-crew-lava-bones-island\/#primaryimage","url":"https:\/\/barneleker.no\/wp-content\/uploads\/2022\/02\/play-doh-slime-dino-crew-lava-bones-island.jpg","contentUrl":"https:\/\/barneleker.no\/wp-content\/uploads\/2022\/02\/play-doh-slime-dino-crew-lava-bones-island.jpg","width":555,"height":555},{"@type":"BreadcrumbList","@id":"https:\/\/barneleker.no\/index.php\/product\/play-doh-slime-dino-crew-lava-bones-island\/#breadcrumb","itemListElement":[{"@type":"ListItem","position":1,"name":"Butikken","item":"https:\/\/barneleker.no\/"},{"@type":"ListItem","position":2,"name":"Play-Doh, Slime Dino Crew Lava Bones Island"}]},{"@type":"WebSite","@id":"https:\/\/barneleker.no\/#website","url":"https:\/\/barneleker.no\/","name":"Barneleker.no","description":"Selvf\u00f8lgelig!","publisher":{"@id":"https:\/\/barneleker.no\/#organization"},"potentialAction":[{"@type":"SearchAction","target":{"@type":"EntryPoint","urlTemplate":"https:\/\/barneleker.no\/?s={search_term_string}"},"query-input":{"@type":"PropertyValueSpecification","valueRequired":true,"valueName":"search_term_string"}}],"inLanguage":"nb-NO"},{"@type":"Organization","@id":"https:\/\/barneleker.no\/#organization","name":"Barneleker.no","url":"https:\/\/barneleker.no\/","logo":{"@type":"ImageObject","inLanguage":"nb-NO","@id":"https:\/\/barneleker.no\/#\/schema\/logo\/image\/","url":"https:\/\/barneleker.no\/wp-content\/uploads\/2021\/11\/barneleker_logo-780x150-1.jpg","contentUrl":"https:\/\/barneleker.no\/wp-content\/uploads\/2021\/11\/barneleker_logo-780x150-1.jpg","width":780,"height":150,"caption":"Barneleker.no"},"image":{"@id":"https:\/\/barneleker.no\/#\/schema\/logo\/image\/"}}]}},"_links":{"self":[{"href":"https:\/\/barneleker.no\/index.php\/wp-json\/wp\/v2\/product\/13365","targetHints":{"allow":["GET"]}}],"collection":[{"href":"https:\/\/barneleker.no\/index.php\/wp-json\/wp\/v2\/product"}],"about":[{"href":"https:\/\/barneleker.no\/index.php\/wp-json\/wp\/v2\/types\/product"}],"replies":[{"embeddable":true,"href":"https:\/\/barneleker.no\/index.php\/wp-json\/wp\/v2\/comments?post=13365"}],"wp:featuredmedia":[{"embeddable":true,"href":"https:\/\/barneleker.no\/index.php\/wp-json\/wp\/v2\/media\/13364"}],"wp:attachment":[{"href":"https:\/\/barneleker.no\/index.php\/wp-json\/wp\/v2\/media?parent=13365"}],"wp:term":[{"taxonomy":"product_brand","embeddable":true,"href":"https:\/\/barneleker.no\/index.php\/wp-json\/wp\/v2\/product_brand?post=13365"},{"taxonomy":"product_cat","embeddable":true,"href":"https:\/\/barneleker.no\/index.php\/wp-json\/wp\/v2\/product_cat?post=13365"},{"taxonomy":"product_tag","embeddable":true,"href":"https:\/\/barneleker.no\/index.php\/wp-json\/wp\/v2\/product_tag?post=13365"}],"curies":[{"name":"wp","href":"https:\/\/api.w.org\/{rel}","templated":true}]}}