{"id":13567,"date":"2022-02-08T19:57:20","date_gmt":"2022-02-08T19:57:20","guid":{"rendered":"https:\/\/barneleker.no\/index.php\/product\/lego-city-great-vehicles-60289-semitrailer-med-oppvisningsfly\/"},"modified":"2022-02-08T19:57:20","modified_gmt":"2022-02-08T19:57:20","slug":"lego-city-great-vehicles-60289-semitrailer-med-oppvisningsfly","status":"publish","type":"product","link":"https:\/\/barneleker.no\/index.php\/product\/lego-city-great-vehicles-60289-semitrailer-med-oppvisningsfly\/","title":{"rendered":"LEGO City Great Vehicles 60289, Semitrailer med oppvisningsfly"},"content":{"rendered":"<p>La barn slippe fantasien fri med lekesettet LEGO\u00ae City Semitrailer med oppvisningsfly (60289), som inkluderer en semitrailer og et t\u00f8ft oppvisningsfly med justerbare halefinner og sotet cockpit-vindu. Minifigurer av pilot og sj\u00e5f\u00f8r samt masse g\u00f8yalt tilbeh\u00f8r inspirerer til fartsfylt rollespillek. Spennende byggesett for barn fra fem \u00e5r LEGO City lekesettet inkluderer enkle byggeinstruksjoner samt Instructions PLUS, som er en del av gratisappen LEGO Building Instructions for smarttelefon og nettbrett. Instructions PLUS er en interaktiv byggeveiledning med verkt\u00f8y for zooming og rotering, som leder barn gjennom en trinnvis byggeprosess. LEGO City Kule kj\u00f8ret\u00f8y \u2013 t\u00f8ffe leker for barn Barn er omgitt av fantastiske kj\u00f8ret\u00f8y og maskiner, og med byggesettene i LEGO City Kule kj\u00f8ret\u00f8y serien kan de utforske dem p\u00e5 n\u00e6rt hold. Settene byr p\u00e5 realistiske modeller og g\u00f8yale figurer som inspirerer til fantasifull frilek.<\/p>\n","protected":false},"excerpt":{"rendered":"<p>La barn slippe fantasien fri med lekesettet LEGO\u00ae City Semitrailer med oppvisningsfly (60289), som inkluderer en semitrailer og et t\u00f8ft oppvisningsfly med justerbare halefinner og&hellip;<\/p>\n","protected":false},"featured_media":13566,"comment_status":"open","ping_status":"closed","template":"","meta":[],"product_brand":[],"product_cat":[340],"product_tag":[],"class_list":{"0":"post-13567","1":"product","2":"type-product","3":"status-publish","4":"has-post-thumbnail","6":"product_cat-set","8":"first","9":"instock","10":"shipping-taxable","11":"product-type-external","12":"customify-col"},"yoast_head":"<!-- This site is optimized with the Yoast SEO plugin v26.0 - https:\/\/yoast.com\/wordpress\/plugins\/seo\/ -->\n<title>LEGO City Great Vehicles 60289, Semitrailer med oppvisningsfly - Barneleker.no<\/title>\n<meta name=\"robots\" content=\"index, follow, max-snippet:-1, max-image-preview:large, max-video-preview:-1\" \/>\n<link rel=\"canonical\" href=\"https:\/\/barneleker.no\/index.php\/product\/lego-city-great-vehicles-60289-semitrailer-med-oppvisningsfly\/\" \/>\n<meta property=\"og:locale\" content=\"nb_NO\" \/>\n<meta property=\"og:type\" content=\"article\" \/>\n<meta property=\"og:title\" content=\"LEGO City Great Vehicles 60289, Semitrailer med oppvisningsfly - Barneleker.no\" \/>\n<meta property=\"og:description\" content=\"La barn slippe fantasien fri med lekesettet LEGO\u00ae City Semitrailer med oppvisningsfly (60289), som inkluderer en semitrailer og et t\u00f8ft oppvisningsfly med justerbare halefinner og&hellip;\" \/>\n<meta property=\"og:url\" content=\"https:\/\/barneleker.no\/index.php\/product\/lego-city-great-vehicles-60289-semitrailer-med-oppvisningsfly\/\" \/>\n<meta property=\"og:site_name\" content=\"Barneleker.no\" \/>\n<meta name=\"twitter:card\" content=\"summary_large_image\" \/>\n<meta name=\"twitter:label1\" content=\"Ansl. lesetid\" \/>\n\t<meta name=\"twitter:data1\" content=\"1 minutt\" \/>\n<script type=\"application\/ld+json\" class=\"yoast-schema-graph\">{\"@context\":\"https:\/\/schema.org\",\"@graph\":[{\"@type\":\"WebPage\",\"@id\":\"https:\/\/barneleker.no\/index.php\/product\/lego-city-great-vehicles-60289-semitrailer-med-oppvisningsfly\/\",\"url\":\"https:\/\/barneleker.no\/index.php\/product\/lego-city-great-vehicles-60289-semitrailer-med-oppvisningsfly\/\",\"name\":\"LEGO City Great Vehicles 60289, Semitrailer med oppvisningsfly - Barneleker.no\",\"isPartOf\":{\"@id\":\"https:\/\/barneleker.no\/#website\"},\"primaryImageOfPage\":{\"@id\":\"https:\/\/barneleker.no\/index.php\/product\/lego-city-great-vehicles-60289-semitrailer-med-oppvisningsfly\/#primaryimage\"},\"image\":{\"@id\":\"https:\/\/barneleker.no\/index.php\/product\/lego-city-great-vehicles-60289-semitrailer-med-oppvisningsfly\/#primaryimage\"},\"thumbnailUrl\":\"https:\/\/barneleker.no\/wp-content\/uploads\/2022\/02\/lego-city-great-vehicles-60289-semitrailer-med-oppvisningsfly.jpg\",\"datePublished\":\"2022-02-08T19:57:20+00:00\",\"breadcrumb\":{\"@id\":\"https:\/\/barneleker.no\/index.php\/product\/lego-city-great-vehicles-60289-semitrailer-med-oppvisningsfly\/#breadcrumb\"},\"inLanguage\":\"nb-NO\",\"potentialAction\":[{\"@type\":\"ReadAction\",\"target\":[\"https:\/\/barneleker.no\/index.php\/product\/lego-city-great-vehicles-60289-semitrailer-med-oppvisningsfly\/\"]}]},{\"@type\":\"ImageObject\",\"inLanguage\":\"nb-NO\",\"@id\":\"https:\/\/barneleker.no\/index.php\/product\/lego-city-great-vehicles-60289-semitrailer-med-oppvisningsfly\/#primaryimage\",\"url\":\"https:\/\/barneleker.no\/wp-content\/uploads\/2022\/02\/lego-city-great-vehicles-60289-semitrailer-med-oppvisningsfly.jpg\",\"contentUrl\":\"https:\/\/barneleker.no\/wp-content\/uploads\/2022\/02\/lego-city-great-vehicles-60289-semitrailer-med-oppvisningsfly.jpg\",\"width\":555,\"height\":555},{\"@type\":\"BreadcrumbList\",\"@id\":\"https:\/\/barneleker.no\/index.php\/product\/lego-city-great-vehicles-60289-semitrailer-med-oppvisningsfly\/#breadcrumb\",\"itemListElement\":[{\"@type\":\"ListItem\",\"position\":1,\"name\":\"Butikken\",\"item\":\"https:\/\/barneleker.no\/\"},{\"@type\":\"ListItem\",\"position\":2,\"name\":\"LEGO City Great Vehicles 60289, Semitrailer med oppvisningsfly\"}]},{\"@type\":\"WebSite\",\"@id\":\"https:\/\/barneleker.no\/#website\",\"url\":\"https:\/\/barneleker.no\/\",\"name\":\"Barneleker.no\",\"description\":\"Selvf\u00f8lgelig!\",\"publisher\":{\"@id\":\"https:\/\/barneleker.no\/#organization\"},\"potentialAction\":[{\"@type\":\"SearchAction\",\"target\":{\"@type\":\"EntryPoint\",\"urlTemplate\":\"https:\/\/barneleker.no\/?s={search_term_string}\"},\"query-input\":{\"@type\":\"PropertyValueSpecification\",\"valueRequired\":true,\"valueName\":\"search_term_string\"}}],\"inLanguage\":\"nb-NO\"},{\"@type\":\"Organization\",\"@id\":\"https:\/\/barneleker.no\/#organization\",\"name\":\"Barneleker.no\",\"url\":\"https:\/\/barneleker.no\/\",\"logo\":{\"@type\":\"ImageObject\",\"inLanguage\":\"nb-NO\",\"@id\":\"https:\/\/barneleker.no\/#\/schema\/logo\/image\/\",\"url\":\"https:\/\/barneleker.no\/wp-content\/uploads\/2021\/11\/barneleker_logo-780x150-1.jpg\",\"contentUrl\":\"https:\/\/barneleker.no\/wp-content\/uploads\/2021\/11\/barneleker_logo-780x150-1.jpg\",\"width\":780,\"height\":150,\"caption\":\"Barneleker.no\"},\"image\":{\"@id\":\"https:\/\/barneleker.no\/#\/schema\/logo\/image\/\"}}]}<\/script>\n<!-- \/ Yoast SEO plugin. -->","yoast_head_json":{"title":"LEGO City Great Vehicles 60289, Semitrailer med oppvisningsfly - Barneleker.no","robots":{"index":"index","follow":"follow","max-snippet":"max-snippet:-1","max-image-preview":"max-image-preview:large","max-video-preview":"max-video-preview:-1"},"canonical":"https:\/\/barneleker.no\/index.php\/product\/lego-city-great-vehicles-60289-semitrailer-med-oppvisningsfly\/","og_locale":"nb_NO","og_type":"article","og_title":"LEGO City Great Vehicles 60289, Semitrailer med oppvisningsfly - Barneleker.no","og_description":"La barn slippe fantasien fri med lekesettet LEGO\u00ae City Semitrailer med oppvisningsfly (60289), som inkluderer en semitrailer og et t\u00f8ft oppvisningsfly med justerbare halefinner og&hellip;","og_url":"https:\/\/barneleker.no\/index.php\/product\/lego-city-great-vehicles-60289-semitrailer-med-oppvisningsfly\/","og_site_name":"Barneleker.no","twitter_card":"summary_large_image","twitter_misc":{"Ansl. lesetid":"1 minutt"},"schema":{"@context":"https:\/\/schema.org","@graph":[{"@type":"WebPage","@id":"https:\/\/barneleker.no\/index.php\/product\/lego-city-great-vehicles-60289-semitrailer-med-oppvisningsfly\/","url":"https:\/\/barneleker.no\/index.php\/product\/lego-city-great-vehicles-60289-semitrailer-med-oppvisningsfly\/","name":"LEGO City Great Vehicles 60289, Semitrailer med oppvisningsfly - Barneleker.no","isPartOf":{"@id":"https:\/\/barneleker.no\/#website"},"primaryImageOfPage":{"@id":"https:\/\/barneleker.no\/index.php\/product\/lego-city-great-vehicles-60289-semitrailer-med-oppvisningsfly\/#primaryimage"},"image":{"@id":"https:\/\/barneleker.no\/index.php\/product\/lego-city-great-vehicles-60289-semitrailer-med-oppvisningsfly\/#primaryimage"},"thumbnailUrl":"https:\/\/barneleker.no\/wp-content\/uploads\/2022\/02\/lego-city-great-vehicles-60289-semitrailer-med-oppvisningsfly.jpg","datePublished":"2022-02-08T19:57:20+00:00","breadcrumb":{"@id":"https:\/\/barneleker.no\/index.php\/product\/lego-city-great-vehicles-60289-semitrailer-med-oppvisningsfly\/#breadcrumb"},"inLanguage":"nb-NO","potentialAction":[{"@type":"ReadAction","target":["https:\/\/barneleker.no\/index.php\/product\/lego-city-great-vehicles-60289-semitrailer-med-oppvisningsfly\/"]}]},{"@type":"ImageObject","inLanguage":"nb-NO","@id":"https:\/\/barneleker.no\/index.php\/product\/lego-city-great-vehicles-60289-semitrailer-med-oppvisningsfly\/#primaryimage","url":"https:\/\/barneleker.no\/wp-content\/uploads\/2022\/02\/lego-city-great-vehicles-60289-semitrailer-med-oppvisningsfly.jpg","contentUrl":"https:\/\/barneleker.no\/wp-content\/uploads\/2022\/02\/lego-city-great-vehicles-60289-semitrailer-med-oppvisningsfly.jpg","width":555,"height":555},{"@type":"BreadcrumbList","@id":"https:\/\/barneleker.no\/index.php\/product\/lego-city-great-vehicles-60289-semitrailer-med-oppvisningsfly\/#breadcrumb","itemListElement":[{"@type":"ListItem","position":1,"name":"Butikken","item":"https:\/\/barneleker.no\/"},{"@type":"ListItem","position":2,"name":"LEGO City Great Vehicles 60289, Semitrailer med oppvisningsfly"}]},{"@type":"WebSite","@id":"https:\/\/barneleker.no\/#website","url":"https:\/\/barneleker.no\/","name":"Barneleker.no","description":"Selvf\u00f8lgelig!","publisher":{"@id":"https:\/\/barneleker.no\/#organization"},"potentialAction":[{"@type":"SearchAction","target":{"@type":"EntryPoint","urlTemplate":"https:\/\/barneleker.no\/?s={search_term_string}"},"query-input":{"@type":"PropertyValueSpecification","valueRequired":true,"valueName":"search_term_string"}}],"inLanguage":"nb-NO"},{"@type":"Organization","@id":"https:\/\/barneleker.no\/#organization","name":"Barneleker.no","url":"https:\/\/barneleker.no\/","logo":{"@type":"ImageObject","inLanguage":"nb-NO","@id":"https:\/\/barneleker.no\/#\/schema\/logo\/image\/","url":"https:\/\/barneleker.no\/wp-content\/uploads\/2021\/11\/barneleker_logo-780x150-1.jpg","contentUrl":"https:\/\/barneleker.no\/wp-content\/uploads\/2021\/11\/barneleker_logo-780x150-1.jpg","width":780,"height":150,"caption":"Barneleker.no"},"image":{"@id":"https:\/\/barneleker.no\/#\/schema\/logo\/image\/"}}]}},"_links":{"self":[{"href":"https:\/\/barneleker.no\/index.php\/wp-json\/wp\/v2\/product\/13567","targetHints":{"allow":["GET"]}}],"collection":[{"href":"https:\/\/barneleker.no\/index.php\/wp-json\/wp\/v2\/product"}],"about":[{"href":"https:\/\/barneleker.no\/index.php\/wp-json\/wp\/v2\/types\/product"}],"replies":[{"embeddable":true,"href":"https:\/\/barneleker.no\/index.php\/wp-json\/wp\/v2\/comments?post=13567"}],"wp:featuredmedia":[{"embeddable":true,"href":"https:\/\/barneleker.no\/index.php\/wp-json\/wp\/v2\/media\/13566"}],"wp:attachment":[{"href":"https:\/\/barneleker.no\/index.php\/wp-json\/wp\/v2\/media?parent=13567"}],"wp:term":[{"taxonomy":"product_brand","embeddable":true,"href":"https:\/\/barneleker.no\/index.php\/wp-json\/wp\/v2\/product_brand?post=13567"},{"taxonomy":"product_cat","embeddable":true,"href":"https:\/\/barneleker.no\/index.php\/wp-json\/wp\/v2\/product_cat?post=13567"},{"taxonomy":"product_tag","embeddable":true,"href":"https:\/\/barneleker.no\/index.php\/wp-json\/wp\/v2\/product_tag?post=13567"}],"curies":[{"name":"wp","href":"https:\/\/api.w.org\/{rel}","templated":true}]}}