{"id":13797,"date":"2022-02-08T19:58:44","date_gmt":"2022-02-08T19:58:44","guid":{"rendered":"https:\/\/barneleker.no\/index.php\/product\/cool-maker-inkfluencer-style-n-create-light-desk\/"},"modified":"2022-02-08T19:58:44","modified_gmt":"2022-02-08T19:58:44","slug":"cool-maker-inkfluencer-style-n-create-light-desk","status":"publish","type":"product","link":"https:\/\/barneleker.no\/index.php\/product\/cool-maker-inkfluencer-style-n-create-light-desk\/","title":{"rendered":"Cool Maker, inkFluencer Style N Create Light Desk"},"content":{"rendered":"<p>Lag ditt eget stilige utseende med inkFLUENCER Style N Create Light Desk! Samarbeid med TikTok influencers We Wear Cute, inkFLUENCER gir deg morsomme, trendy, sosiale medier-inspirerte DIY kunstartikler. Style N Create Light Desk leveres med alt du trenger for \u00e5 lage og tilpasse ditt eget influenser-inspirerte utseende! Velg f\u00f8rst en av \u00e5tte modeller for \u00e5 style og velg kl\u00e6rne du \u00f8nsker fra klistremerke: skj\u00f8rt, jakker, bukser, topper, tilbeh\u00f8r og mer! Klipp forsiktig ut antrekket ditt og fjern klistrelaget. P\u00e5f\u00f8r klistremerkene p\u00e5 modellen og skrell for \u00e5 avsl\u00f8re et klebrig omr\u00e5de igjen p\u00e5 overflaten. Deretter pynt og stil antrekkene dine med metalliske overf\u00f8ringsm\u00f8nstre! Med \u00e5tte stilige m\u00f8nstre, sett en p\u00e5 toppen av kl\u00e6rne og gni godt for \u00e5 f\u00e5 m\u00f8nsteret til \u00e5 feste seg. Til slutt, skrell overf\u00f8ringen av for \u00e5 avsl\u00f8re det utfylte omr\u00e5det! Style N Create Light Desk unike overf\u00f8ringssystem gj\u00f8r det s\u00e5 enkelt \u00e5 designe innenfor linjene for feilfrie moter; metalloverf\u00f8ringene holder seg bare til de klebrige delene fra klistremerkene! Du kan ogs\u00e5 gi utseendet ditt design aksenter ved \u00e5 legge m\u00f8nstre opp\u00e5 hverandre! N\u00e5r du er ferdig med \u00e5 designe, skyver du den ferdige modellen under et av de medf\u00f8lgende filtrene og f\u00e5r den til \u00e5 skinne! Sl\u00e5 p\u00e5 skrivebordets lys og del det super s\u00f8te utseendet ditt med vennene. Du kan ogs\u00e5 bruke Style N Create Light Desk til \u00e5 spore ditt eget tilpassede utseende med modell- og klesporingssett &#8211; alt du trenger er noe blankt papir og en blyant! For enkel oppbevaring, passer alt inn i den kule, smarte gjenbrukbare premium-saken. For enda flere m\u00e5ter \u00e5 lage, se etter inkFLUENCER Click N Color Marker Set (selges separat). Bland og match for \u00e5 designe ditt stilige utseende med inkFLUENCER Style N Create Light Desk!<\/p>\n","protected":false},"excerpt":{"rendered":"<p>Lag ditt eget stilige utseende med inkFLUENCER Style N Create Light Desk! Samarbeid med TikTok influencers We Wear Cute, inkFLUENCER gir deg morsomme, trendy, sosiale&hellip;<\/p>\n","protected":false},"featured_media":13796,"comment_status":"open","ping_status":"closed","template":"","meta":[],"product_brand":[],"product_cat":[396],"product_tag":[],"class_list":{"0":"post-13797","1":"product","2":"type-product","3":"status-publish","4":"has-post-thumbnail","6":"product_cat-interaktivt-pyssel","8":"first","9":"instock","10":"shipping-taxable","11":"product-type-external","12":"customify-col"},"yoast_head":"<!-- This site is optimized with the Yoast SEO plugin v26.0 - https:\/\/yoast.com\/wordpress\/plugins\/seo\/ -->\n<title>Cool Maker, inkFluencer Style N Create Light Desk - Barneleker.no<\/title>\n<meta name=\"robots\" content=\"index, follow, max-snippet:-1, max-image-preview:large, max-video-preview:-1\" \/>\n<link rel=\"canonical\" href=\"https:\/\/barneleker.no\/index.php\/product\/cool-maker-inkfluencer-style-n-create-light-desk\/\" \/>\n<meta property=\"og:locale\" content=\"nb_NO\" \/>\n<meta property=\"og:type\" content=\"article\" \/>\n<meta property=\"og:title\" content=\"Cool Maker, inkFluencer Style N Create Light Desk - Barneleker.no\" \/>\n<meta property=\"og:description\" content=\"Lag ditt eget stilige utseende med inkFLUENCER Style N Create Light Desk! Samarbeid med TikTok influencers We Wear Cute, inkFLUENCER gir deg morsomme, trendy, sosiale&hellip;\" \/>\n<meta property=\"og:url\" content=\"https:\/\/barneleker.no\/index.php\/product\/cool-maker-inkfluencer-style-n-create-light-desk\/\" \/>\n<meta property=\"og:site_name\" content=\"Barneleker.no\" \/>\n<meta name=\"twitter:card\" content=\"summary_large_image\" \/>\n<meta name=\"twitter:label1\" content=\"Ansl. lesetid\" \/>\n\t<meta name=\"twitter:data1\" content=\"2 minutter\" \/>\n<script type=\"application\/ld+json\" class=\"yoast-schema-graph\">{\"@context\":\"https:\/\/schema.org\",\"@graph\":[{\"@type\":\"WebPage\",\"@id\":\"https:\/\/barneleker.no\/index.php\/product\/cool-maker-inkfluencer-style-n-create-light-desk\/\",\"url\":\"https:\/\/barneleker.no\/index.php\/product\/cool-maker-inkfluencer-style-n-create-light-desk\/\",\"name\":\"Cool Maker, inkFluencer Style N Create Light Desk - Barneleker.no\",\"isPartOf\":{\"@id\":\"https:\/\/barneleker.no\/#website\"},\"primaryImageOfPage\":{\"@id\":\"https:\/\/barneleker.no\/index.php\/product\/cool-maker-inkfluencer-style-n-create-light-desk\/#primaryimage\"},\"image\":{\"@id\":\"https:\/\/barneleker.no\/index.php\/product\/cool-maker-inkfluencer-style-n-create-light-desk\/#primaryimage\"},\"thumbnailUrl\":\"https:\/\/barneleker.no\/wp-content\/uploads\/2022\/02\/cool-maker-inkfluencer-style-n-create-light-desk.jpg\",\"datePublished\":\"2022-02-08T19:58:44+00:00\",\"breadcrumb\":{\"@id\":\"https:\/\/barneleker.no\/index.php\/product\/cool-maker-inkfluencer-style-n-create-light-desk\/#breadcrumb\"},\"inLanguage\":\"nb-NO\",\"potentialAction\":[{\"@type\":\"ReadAction\",\"target\":[\"https:\/\/barneleker.no\/index.php\/product\/cool-maker-inkfluencer-style-n-create-light-desk\/\"]}]},{\"@type\":\"ImageObject\",\"inLanguage\":\"nb-NO\",\"@id\":\"https:\/\/barneleker.no\/index.php\/product\/cool-maker-inkfluencer-style-n-create-light-desk\/#primaryimage\",\"url\":\"https:\/\/barneleker.no\/wp-content\/uploads\/2022\/02\/cool-maker-inkfluencer-style-n-create-light-desk.jpg\",\"contentUrl\":\"https:\/\/barneleker.no\/wp-content\/uploads\/2022\/02\/cool-maker-inkfluencer-style-n-create-light-desk.jpg\",\"width\":555,\"height\":555},{\"@type\":\"BreadcrumbList\",\"@id\":\"https:\/\/barneleker.no\/index.php\/product\/cool-maker-inkfluencer-style-n-create-light-desk\/#breadcrumb\",\"itemListElement\":[{\"@type\":\"ListItem\",\"position\":1,\"name\":\"Butikken\",\"item\":\"https:\/\/barneleker.no\/\"},{\"@type\":\"ListItem\",\"position\":2,\"name\":\"Cool Maker, inkFluencer Style N Create Light Desk\"}]},{\"@type\":\"WebSite\",\"@id\":\"https:\/\/barneleker.no\/#website\",\"url\":\"https:\/\/barneleker.no\/\",\"name\":\"Barneleker.no\",\"description\":\"Selvf\u00f8lgelig!\",\"publisher\":{\"@id\":\"https:\/\/barneleker.no\/#organization\"},\"potentialAction\":[{\"@type\":\"SearchAction\",\"target\":{\"@type\":\"EntryPoint\",\"urlTemplate\":\"https:\/\/barneleker.no\/?s={search_term_string}\"},\"query-input\":{\"@type\":\"PropertyValueSpecification\",\"valueRequired\":true,\"valueName\":\"search_term_string\"}}],\"inLanguage\":\"nb-NO\"},{\"@type\":\"Organization\",\"@id\":\"https:\/\/barneleker.no\/#organization\",\"name\":\"Barneleker.no\",\"url\":\"https:\/\/barneleker.no\/\",\"logo\":{\"@type\":\"ImageObject\",\"inLanguage\":\"nb-NO\",\"@id\":\"https:\/\/barneleker.no\/#\/schema\/logo\/image\/\",\"url\":\"https:\/\/barneleker.no\/wp-content\/uploads\/2021\/11\/barneleker_logo-780x150-1.jpg\",\"contentUrl\":\"https:\/\/barneleker.no\/wp-content\/uploads\/2021\/11\/barneleker_logo-780x150-1.jpg\",\"width\":780,\"height\":150,\"caption\":\"Barneleker.no\"},\"image\":{\"@id\":\"https:\/\/barneleker.no\/#\/schema\/logo\/image\/\"}}]}<\/script>\n<!-- \/ Yoast SEO plugin. -->","yoast_head_json":{"title":"Cool Maker, inkFluencer Style N Create Light Desk - Barneleker.no","robots":{"index":"index","follow":"follow","max-snippet":"max-snippet:-1","max-image-preview":"max-image-preview:large","max-video-preview":"max-video-preview:-1"},"canonical":"https:\/\/barneleker.no\/index.php\/product\/cool-maker-inkfluencer-style-n-create-light-desk\/","og_locale":"nb_NO","og_type":"article","og_title":"Cool Maker, inkFluencer Style N Create Light Desk - Barneleker.no","og_description":"Lag ditt eget stilige utseende med inkFLUENCER Style N Create Light Desk! Samarbeid med TikTok influencers We Wear Cute, inkFLUENCER gir deg morsomme, trendy, sosiale&hellip;","og_url":"https:\/\/barneleker.no\/index.php\/product\/cool-maker-inkfluencer-style-n-create-light-desk\/","og_site_name":"Barneleker.no","twitter_card":"summary_large_image","twitter_misc":{"Ansl. lesetid":"2 minutter"},"schema":{"@context":"https:\/\/schema.org","@graph":[{"@type":"WebPage","@id":"https:\/\/barneleker.no\/index.php\/product\/cool-maker-inkfluencer-style-n-create-light-desk\/","url":"https:\/\/barneleker.no\/index.php\/product\/cool-maker-inkfluencer-style-n-create-light-desk\/","name":"Cool Maker, inkFluencer Style N Create Light Desk - Barneleker.no","isPartOf":{"@id":"https:\/\/barneleker.no\/#website"},"primaryImageOfPage":{"@id":"https:\/\/barneleker.no\/index.php\/product\/cool-maker-inkfluencer-style-n-create-light-desk\/#primaryimage"},"image":{"@id":"https:\/\/barneleker.no\/index.php\/product\/cool-maker-inkfluencer-style-n-create-light-desk\/#primaryimage"},"thumbnailUrl":"https:\/\/barneleker.no\/wp-content\/uploads\/2022\/02\/cool-maker-inkfluencer-style-n-create-light-desk.jpg","datePublished":"2022-02-08T19:58:44+00:00","breadcrumb":{"@id":"https:\/\/barneleker.no\/index.php\/product\/cool-maker-inkfluencer-style-n-create-light-desk\/#breadcrumb"},"inLanguage":"nb-NO","potentialAction":[{"@type":"ReadAction","target":["https:\/\/barneleker.no\/index.php\/product\/cool-maker-inkfluencer-style-n-create-light-desk\/"]}]},{"@type":"ImageObject","inLanguage":"nb-NO","@id":"https:\/\/barneleker.no\/index.php\/product\/cool-maker-inkfluencer-style-n-create-light-desk\/#primaryimage","url":"https:\/\/barneleker.no\/wp-content\/uploads\/2022\/02\/cool-maker-inkfluencer-style-n-create-light-desk.jpg","contentUrl":"https:\/\/barneleker.no\/wp-content\/uploads\/2022\/02\/cool-maker-inkfluencer-style-n-create-light-desk.jpg","width":555,"height":555},{"@type":"BreadcrumbList","@id":"https:\/\/barneleker.no\/index.php\/product\/cool-maker-inkfluencer-style-n-create-light-desk\/#breadcrumb","itemListElement":[{"@type":"ListItem","position":1,"name":"Butikken","item":"https:\/\/barneleker.no\/"},{"@type":"ListItem","position":2,"name":"Cool Maker, inkFluencer Style N Create Light Desk"}]},{"@type":"WebSite","@id":"https:\/\/barneleker.no\/#website","url":"https:\/\/barneleker.no\/","name":"Barneleker.no","description":"Selvf\u00f8lgelig!","publisher":{"@id":"https:\/\/barneleker.no\/#organization"},"potentialAction":[{"@type":"SearchAction","target":{"@type":"EntryPoint","urlTemplate":"https:\/\/barneleker.no\/?s={search_term_string}"},"query-input":{"@type":"PropertyValueSpecification","valueRequired":true,"valueName":"search_term_string"}}],"inLanguage":"nb-NO"},{"@type":"Organization","@id":"https:\/\/barneleker.no\/#organization","name":"Barneleker.no","url":"https:\/\/barneleker.no\/","logo":{"@type":"ImageObject","inLanguage":"nb-NO","@id":"https:\/\/barneleker.no\/#\/schema\/logo\/image\/","url":"https:\/\/barneleker.no\/wp-content\/uploads\/2021\/11\/barneleker_logo-780x150-1.jpg","contentUrl":"https:\/\/barneleker.no\/wp-content\/uploads\/2021\/11\/barneleker_logo-780x150-1.jpg","width":780,"height":150,"caption":"Barneleker.no"},"image":{"@id":"https:\/\/barneleker.no\/#\/schema\/logo\/image\/"}}]}},"_links":{"self":[{"href":"https:\/\/barneleker.no\/index.php\/wp-json\/wp\/v2\/product\/13797","targetHints":{"allow":["GET"]}}],"collection":[{"href":"https:\/\/barneleker.no\/index.php\/wp-json\/wp\/v2\/product"}],"about":[{"href":"https:\/\/barneleker.no\/index.php\/wp-json\/wp\/v2\/types\/product"}],"replies":[{"embeddable":true,"href":"https:\/\/barneleker.no\/index.php\/wp-json\/wp\/v2\/comments?post=13797"}],"wp:featuredmedia":[{"embeddable":true,"href":"https:\/\/barneleker.no\/index.php\/wp-json\/wp\/v2\/media\/13796"}],"wp:attachment":[{"href":"https:\/\/barneleker.no\/index.php\/wp-json\/wp\/v2\/media?parent=13797"}],"wp:term":[{"taxonomy":"product_brand","embeddable":true,"href":"https:\/\/barneleker.no\/index.php\/wp-json\/wp\/v2\/product_brand?post=13797"},{"taxonomy":"product_cat","embeddable":true,"href":"https:\/\/barneleker.no\/index.php\/wp-json\/wp\/v2\/product_cat?post=13797"},{"taxonomy":"product_tag","embeddable":true,"href":"https:\/\/barneleker.no\/index.php\/wp-json\/wp\/v2\/product_tag?post=13797"}],"curies":[{"name":"wp","href":"https:\/\/api.w.org\/{rel}","templated":true}]}}