{"id":13879,"date":"2022-02-08T19:59:14","date_gmt":"2022-02-08T19:59:14","guid":{"rendered":"https:\/\/barneleker.no\/index.php\/product\/lego-duplo-my-first-10953-enhjorning\/"},"modified":"2022-02-08T19:59:14","modified_gmt":"2022-02-08T19:59:14","slug":"lego-duplo-my-first-10953-enhjorning","status":"publish","type":"product","link":"https:\/\/barneleker.no\/index.php\/product\/lego-duplo-my-first-10953-enhjorning\/","title":{"rendered":"LEGO DUPLO My First 10953, Enhj\u00f8rning"},"content":{"rendered":"<p>Overrask en sm\u00e5rolling med det s\u00f8te og fargerike settet LEGO\u00ae DUPLO\u00ae Min f\u00f8rste enhj\u00f8rning (10953). Lekesettet best\u00e5r av fargerike elementer som passer perfekt i sm\u00e5 hender, og som kan plukkes opp, plasseres og trekkes av g\u00e5rde. Lek-og-l\u00e6r enhj\u00f8rningssett Stimuler barn til fantasifull lek, hvor de utvikler grunnleggende byggeferdigheter og l\u00e6rer om former og farger. Enhj\u00f8rningstoget byr p\u00e5 utallige lekemuligheter og best\u00e5r av barnevennlige deler som kan festes til vognene. Barn kan bruke skala-byggekortene av modellene for \u00e5 l\u00e6re hvor de skal plassere byggeklossene. Samtidig kan foreldre l\u00e6re dem om farger og former. Toget kan ogs\u00e5 kobles til andre DUPLO leker med hjul. LEGO DUPLO leker for sm\u00e5barn er praktiske og pedagogiske leker som byr p\u00e5 g\u00f8yal frilek, l\u00e6ring gjennom lek og utallige utfoldelsesmuligheter. Med DUPLO lekesett kan foreldre og barn oppleve viktige utviklingsmilep\u00e6ler sammen mens de leker.<\/p>\n","protected":false},"excerpt":{"rendered":"<p>Overrask en sm\u00e5rolling med det s\u00f8te og fargerike settet LEGO\u00ae DUPLO\u00ae Min f\u00f8rste enhj\u00f8rning (10953). Lekesettet best\u00e5r av fargerike elementer som passer perfekt i sm\u00e5&hellip;<\/p>\n","protected":false},"featured_media":13878,"comment_status":"open","ping_status":"closed","template":"","meta":[],"product_brand":[],"product_cat":[340],"product_tag":[],"class_list":{"0":"post-13879","1":"product","2":"type-product","3":"status-publish","4":"has-post-thumbnail","6":"product_cat-set","8":"first","9":"instock","10":"shipping-taxable","11":"product-type-external","12":"customify-col"},"yoast_head":"<!-- This site is optimized with the Yoast SEO plugin v26.0 - https:\/\/yoast.com\/wordpress\/plugins\/seo\/ -->\n<title>LEGO DUPLO My First 10953, Enhj\u00f8rning - Barneleker.no<\/title>\n<meta name=\"robots\" content=\"index, follow, max-snippet:-1, max-image-preview:large, max-video-preview:-1\" \/>\n<link rel=\"canonical\" href=\"https:\/\/barneleker.no\/index.php\/product\/lego-duplo-my-first-10953-enhjorning\/\" \/>\n<meta property=\"og:locale\" content=\"nb_NO\" \/>\n<meta property=\"og:type\" content=\"article\" \/>\n<meta property=\"og:title\" content=\"LEGO DUPLO My First 10953, Enhj\u00f8rning - Barneleker.no\" \/>\n<meta property=\"og:description\" content=\"Overrask en sm\u00e5rolling med det s\u00f8te og fargerike settet LEGO\u00ae DUPLO\u00ae Min f\u00f8rste enhj\u00f8rning (10953). Lekesettet best\u00e5r av fargerike elementer som passer perfekt i sm\u00e5&hellip;\" \/>\n<meta property=\"og:url\" content=\"https:\/\/barneleker.no\/index.php\/product\/lego-duplo-my-first-10953-enhjorning\/\" \/>\n<meta property=\"og:site_name\" content=\"Barneleker.no\" \/>\n<meta name=\"twitter:card\" content=\"summary_large_image\" \/>\n<meta name=\"twitter:label1\" content=\"Ansl. lesetid\" \/>\n\t<meta name=\"twitter:data1\" content=\"1 minutt\" \/>\n<script type=\"application\/ld+json\" class=\"yoast-schema-graph\">{\"@context\":\"https:\/\/schema.org\",\"@graph\":[{\"@type\":\"WebPage\",\"@id\":\"https:\/\/barneleker.no\/index.php\/product\/lego-duplo-my-first-10953-enhjorning\/\",\"url\":\"https:\/\/barneleker.no\/index.php\/product\/lego-duplo-my-first-10953-enhjorning\/\",\"name\":\"LEGO DUPLO My First 10953, Enhj\u00f8rning - Barneleker.no\",\"isPartOf\":{\"@id\":\"https:\/\/barneleker.no\/#website\"},\"primaryImageOfPage\":{\"@id\":\"https:\/\/barneleker.no\/index.php\/product\/lego-duplo-my-first-10953-enhjorning\/#primaryimage\"},\"image\":{\"@id\":\"https:\/\/barneleker.no\/index.php\/product\/lego-duplo-my-first-10953-enhjorning\/#primaryimage\"},\"thumbnailUrl\":\"https:\/\/barneleker.no\/wp-content\/uploads\/2022\/02\/lego-duplo-my-first-10953-enhjorning.jpg\",\"datePublished\":\"2022-02-08T19:59:14+00:00\",\"breadcrumb\":{\"@id\":\"https:\/\/barneleker.no\/index.php\/product\/lego-duplo-my-first-10953-enhjorning\/#breadcrumb\"},\"inLanguage\":\"nb-NO\",\"potentialAction\":[{\"@type\":\"ReadAction\",\"target\":[\"https:\/\/barneleker.no\/index.php\/product\/lego-duplo-my-first-10953-enhjorning\/\"]}]},{\"@type\":\"ImageObject\",\"inLanguage\":\"nb-NO\",\"@id\":\"https:\/\/barneleker.no\/index.php\/product\/lego-duplo-my-first-10953-enhjorning\/#primaryimage\",\"url\":\"https:\/\/barneleker.no\/wp-content\/uploads\/2022\/02\/lego-duplo-my-first-10953-enhjorning.jpg\",\"contentUrl\":\"https:\/\/barneleker.no\/wp-content\/uploads\/2022\/02\/lego-duplo-my-first-10953-enhjorning.jpg\",\"width\":555,\"height\":555},{\"@type\":\"BreadcrumbList\",\"@id\":\"https:\/\/barneleker.no\/index.php\/product\/lego-duplo-my-first-10953-enhjorning\/#breadcrumb\",\"itemListElement\":[{\"@type\":\"ListItem\",\"position\":1,\"name\":\"Butikken\",\"item\":\"https:\/\/barneleker.no\/\"},{\"@type\":\"ListItem\",\"position\":2,\"name\":\"LEGO DUPLO My First 10953, Enhj\u00f8rning\"}]},{\"@type\":\"WebSite\",\"@id\":\"https:\/\/barneleker.no\/#website\",\"url\":\"https:\/\/barneleker.no\/\",\"name\":\"Barneleker.no\",\"description\":\"Selvf\u00f8lgelig!\",\"publisher\":{\"@id\":\"https:\/\/barneleker.no\/#organization\"},\"potentialAction\":[{\"@type\":\"SearchAction\",\"target\":{\"@type\":\"EntryPoint\",\"urlTemplate\":\"https:\/\/barneleker.no\/?s={search_term_string}\"},\"query-input\":{\"@type\":\"PropertyValueSpecification\",\"valueRequired\":true,\"valueName\":\"search_term_string\"}}],\"inLanguage\":\"nb-NO\"},{\"@type\":\"Organization\",\"@id\":\"https:\/\/barneleker.no\/#organization\",\"name\":\"Barneleker.no\",\"url\":\"https:\/\/barneleker.no\/\",\"logo\":{\"@type\":\"ImageObject\",\"inLanguage\":\"nb-NO\",\"@id\":\"https:\/\/barneleker.no\/#\/schema\/logo\/image\/\",\"url\":\"https:\/\/barneleker.no\/wp-content\/uploads\/2021\/11\/barneleker_logo-780x150-1.jpg\",\"contentUrl\":\"https:\/\/barneleker.no\/wp-content\/uploads\/2021\/11\/barneleker_logo-780x150-1.jpg\",\"width\":780,\"height\":150,\"caption\":\"Barneleker.no\"},\"image\":{\"@id\":\"https:\/\/barneleker.no\/#\/schema\/logo\/image\/\"}}]}<\/script>\n<!-- \/ Yoast SEO plugin. -->","yoast_head_json":{"title":"LEGO DUPLO My First 10953, Enhj\u00f8rning - Barneleker.no","robots":{"index":"index","follow":"follow","max-snippet":"max-snippet:-1","max-image-preview":"max-image-preview:large","max-video-preview":"max-video-preview:-1"},"canonical":"https:\/\/barneleker.no\/index.php\/product\/lego-duplo-my-first-10953-enhjorning\/","og_locale":"nb_NO","og_type":"article","og_title":"LEGO DUPLO My First 10953, Enhj\u00f8rning - Barneleker.no","og_description":"Overrask en sm\u00e5rolling med det s\u00f8te og fargerike settet LEGO\u00ae DUPLO\u00ae Min f\u00f8rste enhj\u00f8rning (10953). Lekesettet best\u00e5r av fargerike elementer som passer perfekt i sm\u00e5&hellip;","og_url":"https:\/\/barneleker.no\/index.php\/product\/lego-duplo-my-first-10953-enhjorning\/","og_site_name":"Barneleker.no","twitter_card":"summary_large_image","twitter_misc":{"Ansl. lesetid":"1 minutt"},"schema":{"@context":"https:\/\/schema.org","@graph":[{"@type":"WebPage","@id":"https:\/\/barneleker.no\/index.php\/product\/lego-duplo-my-first-10953-enhjorning\/","url":"https:\/\/barneleker.no\/index.php\/product\/lego-duplo-my-first-10953-enhjorning\/","name":"LEGO DUPLO My First 10953, Enhj\u00f8rning - Barneleker.no","isPartOf":{"@id":"https:\/\/barneleker.no\/#website"},"primaryImageOfPage":{"@id":"https:\/\/barneleker.no\/index.php\/product\/lego-duplo-my-first-10953-enhjorning\/#primaryimage"},"image":{"@id":"https:\/\/barneleker.no\/index.php\/product\/lego-duplo-my-first-10953-enhjorning\/#primaryimage"},"thumbnailUrl":"https:\/\/barneleker.no\/wp-content\/uploads\/2022\/02\/lego-duplo-my-first-10953-enhjorning.jpg","datePublished":"2022-02-08T19:59:14+00:00","breadcrumb":{"@id":"https:\/\/barneleker.no\/index.php\/product\/lego-duplo-my-first-10953-enhjorning\/#breadcrumb"},"inLanguage":"nb-NO","potentialAction":[{"@type":"ReadAction","target":["https:\/\/barneleker.no\/index.php\/product\/lego-duplo-my-first-10953-enhjorning\/"]}]},{"@type":"ImageObject","inLanguage":"nb-NO","@id":"https:\/\/barneleker.no\/index.php\/product\/lego-duplo-my-first-10953-enhjorning\/#primaryimage","url":"https:\/\/barneleker.no\/wp-content\/uploads\/2022\/02\/lego-duplo-my-first-10953-enhjorning.jpg","contentUrl":"https:\/\/barneleker.no\/wp-content\/uploads\/2022\/02\/lego-duplo-my-first-10953-enhjorning.jpg","width":555,"height":555},{"@type":"BreadcrumbList","@id":"https:\/\/barneleker.no\/index.php\/product\/lego-duplo-my-first-10953-enhjorning\/#breadcrumb","itemListElement":[{"@type":"ListItem","position":1,"name":"Butikken","item":"https:\/\/barneleker.no\/"},{"@type":"ListItem","position":2,"name":"LEGO DUPLO My First 10953, Enhj\u00f8rning"}]},{"@type":"WebSite","@id":"https:\/\/barneleker.no\/#website","url":"https:\/\/barneleker.no\/","name":"Barneleker.no","description":"Selvf\u00f8lgelig!","publisher":{"@id":"https:\/\/barneleker.no\/#organization"},"potentialAction":[{"@type":"SearchAction","target":{"@type":"EntryPoint","urlTemplate":"https:\/\/barneleker.no\/?s={search_term_string}"},"query-input":{"@type":"PropertyValueSpecification","valueRequired":true,"valueName":"search_term_string"}}],"inLanguage":"nb-NO"},{"@type":"Organization","@id":"https:\/\/barneleker.no\/#organization","name":"Barneleker.no","url":"https:\/\/barneleker.no\/","logo":{"@type":"ImageObject","inLanguage":"nb-NO","@id":"https:\/\/barneleker.no\/#\/schema\/logo\/image\/","url":"https:\/\/barneleker.no\/wp-content\/uploads\/2021\/11\/barneleker_logo-780x150-1.jpg","contentUrl":"https:\/\/barneleker.no\/wp-content\/uploads\/2021\/11\/barneleker_logo-780x150-1.jpg","width":780,"height":150,"caption":"Barneleker.no"},"image":{"@id":"https:\/\/barneleker.no\/#\/schema\/logo\/image\/"}}]}},"_links":{"self":[{"href":"https:\/\/barneleker.no\/index.php\/wp-json\/wp\/v2\/product\/13879","targetHints":{"allow":["GET"]}}],"collection":[{"href":"https:\/\/barneleker.no\/index.php\/wp-json\/wp\/v2\/product"}],"about":[{"href":"https:\/\/barneleker.no\/index.php\/wp-json\/wp\/v2\/types\/product"}],"replies":[{"embeddable":true,"href":"https:\/\/barneleker.no\/index.php\/wp-json\/wp\/v2\/comments?post=13879"}],"wp:featuredmedia":[{"embeddable":true,"href":"https:\/\/barneleker.no\/index.php\/wp-json\/wp\/v2\/media\/13878"}],"wp:attachment":[{"href":"https:\/\/barneleker.no\/index.php\/wp-json\/wp\/v2\/media?parent=13879"}],"wp:term":[{"taxonomy":"product_brand","embeddable":true,"href":"https:\/\/barneleker.no\/index.php\/wp-json\/wp\/v2\/product_brand?post=13879"},{"taxonomy":"product_cat","embeddable":true,"href":"https:\/\/barneleker.no\/index.php\/wp-json\/wp\/v2\/product_cat?post=13879"},{"taxonomy":"product_tag","embeddable":true,"href":"https:\/\/barneleker.no\/index.php\/wp-json\/wp\/v2\/product_tag?post=13879"}],"curies":[{"name":"wp","href":"https:\/\/api.w.org\/{rel}","templated":true}]}}