{"id":14019,"date":"2022-02-08T20:00:05","date_gmt":"2022-02-08T20:00:05","guid":{"rendered":"https:\/\/barneleker.no\/index.php\/product\/lego-super-mario-71367-ekstrabanen-marios-hus-og-yoshi\/"},"modified":"2022-02-08T20:00:05","modified_gmt":"2022-02-08T20:00:05","slug":"lego-super-mario-71367-ekstrabanen-marios-hus-og-yoshi","status":"publish","type":"product","link":"https:\/\/barneleker.no\/index.php\/product\/lego-super-mario-71367-ekstrabanen-marios-hus-og-yoshi\/","title":{"rendered":"LEGO Super Mario 71367, Ekstrabanen Marios hus og Yoshi"},"content":{"rendered":"<p>Fans kan f\u00e5 forbedret LEGO\u00ae Super Mario\u2122 gameplay og mange kreative rollespillmuligheter med settet Ekstrabanen Marios hus og Yoshi (71367). Dette samlerlekesettet inkluderer et byggbart hus med en d\u00f8r som kan \u00e5pnes, og et tak med en superstjerneblokk under. En flott gave til barn som allerede har settet Startbanen P\u00e5 eventyr med Mario (71360). Settet inkluderer ogs\u00e5 en hengek\u00f8ye som LEGO\u00ae Mario\u2122 kan vugges i s\u00f8vn i (figuren f\u00f8lger ikke med), samt lekefigurer av Yoshi og Goomba som barna m\u00e5 beseire for \u00e5 vinne mynter.  Fantastisk app LEGO Super Mario gratisappen inneholder kule visningsverkt\u00f8y som gj\u00f8r det lett \u00e5 bygge modellen, samt tips om kreative m\u00e5ter \u00e5 bygge og leke p\u00e5. I tillegg er appen en trygg plattform, hvor barn kan dele ideer med andre fans.  Topp gaveideer Med de inspirerende LEGO Super Mario lekesettene kan barn leke med hele familiens videospillfavoritt i virkeligheten. Startbanen, ekstrabanesettene og Power-Up-pakkene er flotte gaver til LEGO kreative barn og fans, som kan lage sine egne, unike utfordringer, konkurrere mot venner eller spille alene.<\/p>\n","protected":false},"excerpt":{"rendered":"<p>Fans kan f\u00e5 forbedret LEGO\u00ae Super Mario\u2122 gameplay og mange kreative rollespillmuligheter med settet Ekstrabanen Marios hus og Yoshi (71367). Dette samlerlekesettet inkluderer et byggbart&hellip;<\/p>\n","protected":false},"featured_media":14018,"comment_status":"open","ping_status":"closed","template":"","meta":[],"product_brand":[],"product_cat":[547],"product_tag":[],"class_list":{"0":"post-14019","1":"product","2":"type-product","3":"status-publish","4":"has-post-thumbnail","6":"product_cat-set-interaktiva-lego","8":"first","9":"instock","10":"shipping-taxable","11":"product-type-external","12":"customify-col"},"yoast_head":"<!-- This site is optimized with the Yoast SEO plugin v26.0 - https:\/\/yoast.com\/wordpress\/plugins\/seo\/ -->\n<title>LEGO Super Mario 71367, Ekstrabanen Marios hus og Yoshi - Barneleker.no<\/title>\n<meta name=\"robots\" content=\"index, follow, max-snippet:-1, max-image-preview:large, max-video-preview:-1\" \/>\n<link rel=\"canonical\" href=\"https:\/\/barneleker.no\/index.php\/product\/lego-super-mario-71367-ekstrabanen-marios-hus-og-yoshi\/\" \/>\n<meta property=\"og:locale\" content=\"nb_NO\" \/>\n<meta property=\"og:type\" content=\"article\" \/>\n<meta property=\"og:title\" content=\"LEGO Super Mario 71367, Ekstrabanen Marios hus og Yoshi - Barneleker.no\" \/>\n<meta property=\"og:description\" content=\"Fans kan f\u00e5 forbedret LEGO\u00ae Super Mario\u2122 gameplay og mange kreative rollespillmuligheter med settet Ekstrabanen Marios hus og Yoshi (71367). Dette samlerlekesettet inkluderer et byggbart&hellip;\" \/>\n<meta property=\"og:url\" content=\"https:\/\/barneleker.no\/index.php\/product\/lego-super-mario-71367-ekstrabanen-marios-hus-og-yoshi\/\" \/>\n<meta property=\"og:site_name\" content=\"Barneleker.no\" \/>\n<meta name=\"twitter:card\" content=\"summary_large_image\" \/>\n<meta name=\"twitter:label1\" content=\"Ansl. lesetid\" \/>\n\t<meta name=\"twitter:data1\" content=\"1 minutt\" \/>\n<script type=\"application\/ld+json\" class=\"yoast-schema-graph\">{\"@context\":\"https:\/\/schema.org\",\"@graph\":[{\"@type\":\"WebPage\",\"@id\":\"https:\/\/barneleker.no\/index.php\/product\/lego-super-mario-71367-ekstrabanen-marios-hus-og-yoshi\/\",\"url\":\"https:\/\/barneleker.no\/index.php\/product\/lego-super-mario-71367-ekstrabanen-marios-hus-og-yoshi\/\",\"name\":\"LEGO Super Mario 71367, Ekstrabanen Marios hus og Yoshi - Barneleker.no\",\"isPartOf\":{\"@id\":\"https:\/\/barneleker.no\/#website\"},\"primaryImageOfPage\":{\"@id\":\"https:\/\/barneleker.no\/index.php\/product\/lego-super-mario-71367-ekstrabanen-marios-hus-og-yoshi\/#primaryimage\"},\"image\":{\"@id\":\"https:\/\/barneleker.no\/index.php\/product\/lego-super-mario-71367-ekstrabanen-marios-hus-og-yoshi\/#primaryimage\"},\"thumbnailUrl\":\"https:\/\/barneleker.no\/wp-content\/uploads\/2022\/02\/lego-super-mario-71367-ekstrabanen-marios-hus-og-yoshi.jpg\",\"datePublished\":\"2022-02-08T20:00:05+00:00\",\"breadcrumb\":{\"@id\":\"https:\/\/barneleker.no\/index.php\/product\/lego-super-mario-71367-ekstrabanen-marios-hus-og-yoshi\/#breadcrumb\"},\"inLanguage\":\"nb-NO\",\"potentialAction\":[{\"@type\":\"ReadAction\",\"target\":[\"https:\/\/barneleker.no\/index.php\/product\/lego-super-mario-71367-ekstrabanen-marios-hus-og-yoshi\/\"]}]},{\"@type\":\"ImageObject\",\"inLanguage\":\"nb-NO\",\"@id\":\"https:\/\/barneleker.no\/index.php\/product\/lego-super-mario-71367-ekstrabanen-marios-hus-og-yoshi\/#primaryimage\",\"url\":\"https:\/\/barneleker.no\/wp-content\/uploads\/2022\/02\/lego-super-mario-71367-ekstrabanen-marios-hus-og-yoshi.jpg\",\"contentUrl\":\"https:\/\/barneleker.no\/wp-content\/uploads\/2022\/02\/lego-super-mario-71367-ekstrabanen-marios-hus-og-yoshi.jpg\",\"width\":555,\"height\":555},{\"@type\":\"BreadcrumbList\",\"@id\":\"https:\/\/barneleker.no\/index.php\/product\/lego-super-mario-71367-ekstrabanen-marios-hus-og-yoshi\/#breadcrumb\",\"itemListElement\":[{\"@type\":\"ListItem\",\"position\":1,\"name\":\"Butikken\",\"item\":\"https:\/\/barneleker.no\/\"},{\"@type\":\"ListItem\",\"position\":2,\"name\":\"LEGO Super Mario 71367, Ekstrabanen Marios hus og Yoshi\"}]},{\"@type\":\"WebSite\",\"@id\":\"https:\/\/barneleker.no\/#website\",\"url\":\"https:\/\/barneleker.no\/\",\"name\":\"Barneleker.no\",\"description\":\"Selvf\u00f8lgelig!\",\"publisher\":{\"@id\":\"https:\/\/barneleker.no\/#organization\"},\"potentialAction\":[{\"@type\":\"SearchAction\",\"target\":{\"@type\":\"EntryPoint\",\"urlTemplate\":\"https:\/\/barneleker.no\/?s={search_term_string}\"},\"query-input\":{\"@type\":\"PropertyValueSpecification\",\"valueRequired\":true,\"valueName\":\"search_term_string\"}}],\"inLanguage\":\"nb-NO\"},{\"@type\":\"Organization\",\"@id\":\"https:\/\/barneleker.no\/#organization\",\"name\":\"Barneleker.no\",\"url\":\"https:\/\/barneleker.no\/\",\"logo\":{\"@type\":\"ImageObject\",\"inLanguage\":\"nb-NO\",\"@id\":\"https:\/\/barneleker.no\/#\/schema\/logo\/image\/\",\"url\":\"https:\/\/barneleker.no\/wp-content\/uploads\/2021\/11\/barneleker_logo-780x150-1.jpg\",\"contentUrl\":\"https:\/\/barneleker.no\/wp-content\/uploads\/2021\/11\/barneleker_logo-780x150-1.jpg\",\"width\":780,\"height\":150,\"caption\":\"Barneleker.no\"},\"image\":{\"@id\":\"https:\/\/barneleker.no\/#\/schema\/logo\/image\/\"}}]}<\/script>\n<!-- \/ Yoast SEO plugin. -->","yoast_head_json":{"title":"LEGO Super Mario 71367, Ekstrabanen Marios hus og Yoshi - Barneleker.no","robots":{"index":"index","follow":"follow","max-snippet":"max-snippet:-1","max-image-preview":"max-image-preview:large","max-video-preview":"max-video-preview:-1"},"canonical":"https:\/\/barneleker.no\/index.php\/product\/lego-super-mario-71367-ekstrabanen-marios-hus-og-yoshi\/","og_locale":"nb_NO","og_type":"article","og_title":"LEGO Super Mario 71367, Ekstrabanen Marios hus og Yoshi - Barneleker.no","og_description":"Fans kan f\u00e5 forbedret LEGO\u00ae Super Mario\u2122 gameplay og mange kreative rollespillmuligheter med settet Ekstrabanen Marios hus og Yoshi (71367). Dette samlerlekesettet inkluderer et byggbart&hellip;","og_url":"https:\/\/barneleker.no\/index.php\/product\/lego-super-mario-71367-ekstrabanen-marios-hus-og-yoshi\/","og_site_name":"Barneleker.no","twitter_card":"summary_large_image","twitter_misc":{"Ansl. lesetid":"1 minutt"},"schema":{"@context":"https:\/\/schema.org","@graph":[{"@type":"WebPage","@id":"https:\/\/barneleker.no\/index.php\/product\/lego-super-mario-71367-ekstrabanen-marios-hus-og-yoshi\/","url":"https:\/\/barneleker.no\/index.php\/product\/lego-super-mario-71367-ekstrabanen-marios-hus-og-yoshi\/","name":"LEGO Super Mario 71367, Ekstrabanen Marios hus og Yoshi - Barneleker.no","isPartOf":{"@id":"https:\/\/barneleker.no\/#website"},"primaryImageOfPage":{"@id":"https:\/\/barneleker.no\/index.php\/product\/lego-super-mario-71367-ekstrabanen-marios-hus-og-yoshi\/#primaryimage"},"image":{"@id":"https:\/\/barneleker.no\/index.php\/product\/lego-super-mario-71367-ekstrabanen-marios-hus-og-yoshi\/#primaryimage"},"thumbnailUrl":"https:\/\/barneleker.no\/wp-content\/uploads\/2022\/02\/lego-super-mario-71367-ekstrabanen-marios-hus-og-yoshi.jpg","datePublished":"2022-02-08T20:00:05+00:00","breadcrumb":{"@id":"https:\/\/barneleker.no\/index.php\/product\/lego-super-mario-71367-ekstrabanen-marios-hus-og-yoshi\/#breadcrumb"},"inLanguage":"nb-NO","potentialAction":[{"@type":"ReadAction","target":["https:\/\/barneleker.no\/index.php\/product\/lego-super-mario-71367-ekstrabanen-marios-hus-og-yoshi\/"]}]},{"@type":"ImageObject","inLanguage":"nb-NO","@id":"https:\/\/barneleker.no\/index.php\/product\/lego-super-mario-71367-ekstrabanen-marios-hus-og-yoshi\/#primaryimage","url":"https:\/\/barneleker.no\/wp-content\/uploads\/2022\/02\/lego-super-mario-71367-ekstrabanen-marios-hus-og-yoshi.jpg","contentUrl":"https:\/\/barneleker.no\/wp-content\/uploads\/2022\/02\/lego-super-mario-71367-ekstrabanen-marios-hus-og-yoshi.jpg","width":555,"height":555},{"@type":"BreadcrumbList","@id":"https:\/\/barneleker.no\/index.php\/product\/lego-super-mario-71367-ekstrabanen-marios-hus-og-yoshi\/#breadcrumb","itemListElement":[{"@type":"ListItem","position":1,"name":"Butikken","item":"https:\/\/barneleker.no\/"},{"@type":"ListItem","position":2,"name":"LEGO Super Mario 71367, Ekstrabanen Marios hus og Yoshi"}]},{"@type":"WebSite","@id":"https:\/\/barneleker.no\/#website","url":"https:\/\/barneleker.no\/","name":"Barneleker.no","description":"Selvf\u00f8lgelig!","publisher":{"@id":"https:\/\/barneleker.no\/#organization"},"potentialAction":[{"@type":"SearchAction","target":{"@type":"EntryPoint","urlTemplate":"https:\/\/barneleker.no\/?s={search_term_string}"},"query-input":{"@type":"PropertyValueSpecification","valueRequired":true,"valueName":"search_term_string"}}],"inLanguage":"nb-NO"},{"@type":"Organization","@id":"https:\/\/barneleker.no\/#organization","name":"Barneleker.no","url":"https:\/\/barneleker.no\/","logo":{"@type":"ImageObject","inLanguage":"nb-NO","@id":"https:\/\/barneleker.no\/#\/schema\/logo\/image\/","url":"https:\/\/barneleker.no\/wp-content\/uploads\/2021\/11\/barneleker_logo-780x150-1.jpg","contentUrl":"https:\/\/barneleker.no\/wp-content\/uploads\/2021\/11\/barneleker_logo-780x150-1.jpg","width":780,"height":150,"caption":"Barneleker.no"},"image":{"@id":"https:\/\/barneleker.no\/#\/schema\/logo\/image\/"}}]}},"_links":{"self":[{"href":"https:\/\/barneleker.no\/index.php\/wp-json\/wp\/v2\/product\/14019","targetHints":{"allow":["GET"]}}],"collection":[{"href":"https:\/\/barneleker.no\/index.php\/wp-json\/wp\/v2\/product"}],"about":[{"href":"https:\/\/barneleker.no\/index.php\/wp-json\/wp\/v2\/types\/product"}],"replies":[{"embeddable":true,"href":"https:\/\/barneleker.no\/index.php\/wp-json\/wp\/v2\/comments?post=14019"}],"wp:featuredmedia":[{"embeddable":true,"href":"https:\/\/barneleker.no\/index.php\/wp-json\/wp\/v2\/media\/14018"}],"wp:attachment":[{"href":"https:\/\/barneleker.no\/index.php\/wp-json\/wp\/v2\/media?parent=14019"}],"wp:term":[{"taxonomy":"product_brand","embeddable":true,"href":"https:\/\/barneleker.no\/index.php\/wp-json\/wp\/v2\/product_brand?post=14019"},{"taxonomy":"product_cat","embeddable":true,"href":"https:\/\/barneleker.no\/index.php\/wp-json\/wp\/v2\/product_cat?post=14019"},{"taxonomy":"product_tag","embeddable":true,"href":"https:\/\/barneleker.no\/index.php\/wp-json\/wp\/v2\/product_tag?post=14019"}],"curies":[{"name":"wp","href":"https:\/\/api.w.org\/{rel}","templated":true}]}}