{"id":14091,"date":"2022-02-08T20:00:33","date_gmt":"2022-02-08T20:00:33","guid":{"rendered":"https:\/\/barneleker.no\/index.php\/product\/fusion-radiostyrt-buggy-cross-115\/"},"modified":"2022-02-08T20:00:33","modified_gmt":"2022-02-08T20:00:33","slug":"fusion-radiostyrt-buggy-cross-115","status":"publish","type":"product","link":"https:\/\/barneleker.no\/index.php\/product\/fusion-radiostyrt-buggy-cross-115\/","title":{"rendered":"Fusion, Radiostyrt Buggy cross 1:15"},"content":{"rendered":"<p>FUSHION Buggy Cross er en radiostyrt bil p\u00e5 ca 28 cm som kan kj\u00f8re 13-15 km \/ t. Kontrollen og bilen kommuniserer p\u00e5 2,4 GHz frekvensen, slik at flere biler kan kj\u00f8re samtidig uten \u00e5 forstyrre hverandre. Bilen drives av 5xAA batterier (ikke inkludert). Fargen p\u00e5 bilen kan variere.<\/p>\n","protected":false},"excerpt":{"rendered":"<p>FUSHION Buggy Cross er en radiostyrt bil p\u00e5 ca 28 cm som kan kj\u00f8re 13-15 km \/ t. Kontrollen og bilen kommuniserer p\u00e5 2,4 GHz&hellip;<\/p>\n","protected":false},"featured_media":14090,"comment_status":"open","ping_status":"closed","template":"","meta":[],"product_brand":[],"product_cat":[556],"product_tag":[],"class_list":{"0":"post-14091","1":"product","2":"type-product","3":"status-publish","4":"has-post-thumbnail","6":"product_cat-radiostyrda-bilar-lekia","8":"first","9":"instock","10":"shipping-taxable","11":"product-type-external","12":"customify-col"},"yoast_head":"<!-- This site is optimized with the Yoast SEO plugin v26.0 - https:\/\/yoast.com\/wordpress\/plugins\/seo\/ -->\n<title>Fusion, Radiostyrt Buggy cross 1:15 - Barneleker.no<\/title>\n<meta name=\"robots\" content=\"index, follow, max-snippet:-1, max-image-preview:large, max-video-preview:-1\" \/>\n<link rel=\"canonical\" href=\"https:\/\/barneleker.no\/index.php\/product\/fusion-radiostyrt-buggy-cross-115\/\" \/>\n<meta property=\"og:locale\" content=\"nb_NO\" \/>\n<meta property=\"og:type\" content=\"article\" \/>\n<meta property=\"og:title\" content=\"Fusion, Radiostyrt Buggy cross 1:15 - Barneleker.no\" \/>\n<meta property=\"og:description\" content=\"FUSHION Buggy Cross er en radiostyrt bil p\u00e5 ca 28 cm som kan kj\u00f8re 13-15 km \/ t. Kontrollen og bilen kommuniserer p\u00e5 2,4 GHz&hellip;\" \/>\n<meta property=\"og:url\" content=\"https:\/\/barneleker.no\/index.php\/product\/fusion-radiostyrt-buggy-cross-115\/\" \/>\n<meta property=\"og:site_name\" content=\"Barneleker.no\" \/>\n<meta name=\"twitter:card\" content=\"summary_large_image\" \/>\n<script type=\"application\/ld+json\" class=\"yoast-schema-graph\">{\"@context\":\"https:\/\/schema.org\",\"@graph\":[{\"@type\":\"WebPage\",\"@id\":\"https:\/\/barneleker.no\/index.php\/product\/fusion-radiostyrt-buggy-cross-115\/\",\"url\":\"https:\/\/barneleker.no\/index.php\/product\/fusion-radiostyrt-buggy-cross-115\/\",\"name\":\"Fusion, Radiostyrt Buggy cross 1:15 - Barneleker.no\",\"isPartOf\":{\"@id\":\"https:\/\/barneleker.no\/#website\"},\"primaryImageOfPage\":{\"@id\":\"https:\/\/barneleker.no\/index.php\/product\/fusion-radiostyrt-buggy-cross-115\/#primaryimage\"},\"image\":{\"@id\":\"https:\/\/barneleker.no\/index.php\/product\/fusion-radiostyrt-buggy-cross-115\/#primaryimage\"},\"thumbnailUrl\":\"https:\/\/barneleker.no\/wp-content\/uploads\/2022\/02\/fusion-radiostyrt-buggy-cross-1-16.jpg\",\"datePublished\":\"2022-02-08T20:00:33+00:00\",\"breadcrumb\":{\"@id\":\"https:\/\/barneleker.no\/index.php\/product\/fusion-radiostyrt-buggy-cross-115\/#breadcrumb\"},\"inLanguage\":\"nb-NO\",\"potentialAction\":[{\"@type\":\"ReadAction\",\"target\":[\"https:\/\/barneleker.no\/index.php\/product\/fusion-radiostyrt-buggy-cross-115\/\"]}]},{\"@type\":\"ImageObject\",\"inLanguage\":\"nb-NO\",\"@id\":\"https:\/\/barneleker.no\/index.php\/product\/fusion-radiostyrt-buggy-cross-115\/#primaryimage\",\"url\":\"https:\/\/barneleker.no\/wp-content\/uploads\/2022\/02\/fusion-radiostyrt-buggy-cross-1-16.jpg\",\"contentUrl\":\"https:\/\/barneleker.no\/wp-content\/uploads\/2022\/02\/fusion-radiostyrt-buggy-cross-1-16.jpg\",\"width\":555,\"height\":555},{\"@type\":\"BreadcrumbList\",\"@id\":\"https:\/\/barneleker.no\/index.php\/product\/fusion-radiostyrt-buggy-cross-115\/#breadcrumb\",\"itemListElement\":[{\"@type\":\"ListItem\",\"position\":1,\"name\":\"Butikken\",\"item\":\"https:\/\/barneleker.no\/\"},{\"@type\":\"ListItem\",\"position\":2,\"name\":\"Fusion, Radiostyrt Buggy cross 1:15\"}]},{\"@type\":\"WebSite\",\"@id\":\"https:\/\/barneleker.no\/#website\",\"url\":\"https:\/\/barneleker.no\/\",\"name\":\"Barneleker.no\",\"description\":\"Selvf\u00f8lgelig!\",\"publisher\":{\"@id\":\"https:\/\/barneleker.no\/#organization\"},\"potentialAction\":[{\"@type\":\"SearchAction\",\"target\":{\"@type\":\"EntryPoint\",\"urlTemplate\":\"https:\/\/barneleker.no\/?s={search_term_string}\"},\"query-input\":{\"@type\":\"PropertyValueSpecification\",\"valueRequired\":true,\"valueName\":\"search_term_string\"}}],\"inLanguage\":\"nb-NO\"},{\"@type\":\"Organization\",\"@id\":\"https:\/\/barneleker.no\/#organization\",\"name\":\"Barneleker.no\",\"url\":\"https:\/\/barneleker.no\/\",\"logo\":{\"@type\":\"ImageObject\",\"inLanguage\":\"nb-NO\",\"@id\":\"https:\/\/barneleker.no\/#\/schema\/logo\/image\/\",\"url\":\"https:\/\/barneleker.no\/wp-content\/uploads\/2021\/11\/barneleker_logo-780x150-1.jpg\",\"contentUrl\":\"https:\/\/barneleker.no\/wp-content\/uploads\/2021\/11\/barneleker_logo-780x150-1.jpg\",\"width\":780,\"height\":150,\"caption\":\"Barneleker.no\"},\"image\":{\"@id\":\"https:\/\/barneleker.no\/#\/schema\/logo\/image\/\"}}]}<\/script>\n<!-- \/ Yoast SEO plugin. -->","yoast_head_json":{"title":"Fusion, Radiostyrt Buggy cross 1:15 - Barneleker.no","robots":{"index":"index","follow":"follow","max-snippet":"max-snippet:-1","max-image-preview":"max-image-preview:large","max-video-preview":"max-video-preview:-1"},"canonical":"https:\/\/barneleker.no\/index.php\/product\/fusion-radiostyrt-buggy-cross-115\/","og_locale":"nb_NO","og_type":"article","og_title":"Fusion, Radiostyrt Buggy cross 1:15 - Barneleker.no","og_description":"FUSHION Buggy Cross er en radiostyrt bil p\u00e5 ca 28 cm som kan kj\u00f8re 13-15 km \/ t. Kontrollen og bilen kommuniserer p\u00e5 2,4 GHz&hellip;","og_url":"https:\/\/barneleker.no\/index.php\/product\/fusion-radiostyrt-buggy-cross-115\/","og_site_name":"Barneleker.no","twitter_card":"summary_large_image","schema":{"@context":"https:\/\/schema.org","@graph":[{"@type":"WebPage","@id":"https:\/\/barneleker.no\/index.php\/product\/fusion-radiostyrt-buggy-cross-115\/","url":"https:\/\/barneleker.no\/index.php\/product\/fusion-radiostyrt-buggy-cross-115\/","name":"Fusion, Radiostyrt Buggy cross 1:15 - Barneleker.no","isPartOf":{"@id":"https:\/\/barneleker.no\/#website"},"primaryImageOfPage":{"@id":"https:\/\/barneleker.no\/index.php\/product\/fusion-radiostyrt-buggy-cross-115\/#primaryimage"},"image":{"@id":"https:\/\/barneleker.no\/index.php\/product\/fusion-radiostyrt-buggy-cross-115\/#primaryimage"},"thumbnailUrl":"https:\/\/barneleker.no\/wp-content\/uploads\/2022\/02\/fusion-radiostyrt-buggy-cross-1-16.jpg","datePublished":"2022-02-08T20:00:33+00:00","breadcrumb":{"@id":"https:\/\/barneleker.no\/index.php\/product\/fusion-radiostyrt-buggy-cross-115\/#breadcrumb"},"inLanguage":"nb-NO","potentialAction":[{"@type":"ReadAction","target":["https:\/\/barneleker.no\/index.php\/product\/fusion-radiostyrt-buggy-cross-115\/"]}]},{"@type":"ImageObject","inLanguage":"nb-NO","@id":"https:\/\/barneleker.no\/index.php\/product\/fusion-radiostyrt-buggy-cross-115\/#primaryimage","url":"https:\/\/barneleker.no\/wp-content\/uploads\/2022\/02\/fusion-radiostyrt-buggy-cross-1-16.jpg","contentUrl":"https:\/\/barneleker.no\/wp-content\/uploads\/2022\/02\/fusion-radiostyrt-buggy-cross-1-16.jpg","width":555,"height":555},{"@type":"BreadcrumbList","@id":"https:\/\/barneleker.no\/index.php\/product\/fusion-radiostyrt-buggy-cross-115\/#breadcrumb","itemListElement":[{"@type":"ListItem","position":1,"name":"Butikken","item":"https:\/\/barneleker.no\/"},{"@type":"ListItem","position":2,"name":"Fusion, Radiostyrt Buggy cross 1:15"}]},{"@type":"WebSite","@id":"https:\/\/barneleker.no\/#website","url":"https:\/\/barneleker.no\/","name":"Barneleker.no","description":"Selvf\u00f8lgelig!","publisher":{"@id":"https:\/\/barneleker.no\/#organization"},"potentialAction":[{"@type":"SearchAction","target":{"@type":"EntryPoint","urlTemplate":"https:\/\/barneleker.no\/?s={search_term_string}"},"query-input":{"@type":"PropertyValueSpecification","valueRequired":true,"valueName":"search_term_string"}}],"inLanguage":"nb-NO"},{"@type":"Organization","@id":"https:\/\/barneleker.no\/#organization","name":"Barneleker.no","url":"https:\/\/barneleker.no\/","logo":{"@type":"ImageObject","inLanguage":"nb-NO","@id":"https:\/\/barneleker.no\/#\/schema\/logo\/image\/","url":"https:\/\/barneleker.no\/wp-content\/uploads\/2021\/11\/barneleker_logo-780x150-1.jpg","contentUrl":"https:\/\/barneleker.no\/wp-content\/uploads\/2021\/11\/barneleker_logo-780x150-1.jpg","width":780,"height":150,"caption":"Barneleker.no"},"image":{"@id":"https:\/\/barneleker.no\/#\/schema\/logo\/image\/"}}]}},"_links":{"self":[{"href":"https:\/\/barneleker.no\/index.php\/wp-json\/wp\/v2\/product\/14091","targetHints":{"allow":["GET"]}}],"collection":[{"href":"https:\/\/barneleker.no\/index.php\/wp-json\/wp\/v2\/product"}],"about":[{"href":"https:\/\/barneleker.no\/index.php\/wp-json\/wp\/v2\/types\/product"}],"replies":[{"embeddable":true,"href":"https:\/\/barneleker.no\/index.php\/wp-json\/wp\/v2\/comments?post=14091"}],"wp:featuredmedia":[{"embeddable":true,"href":"https:\/\/barneleker.no\/index.php\/wp-json\/wp\/v2\/media\/14090"}],"wp:attachment":[{"href":"https:\/\/barneleker.no\/index.php\/wp-json\/wp\/v2\/media?parent=14091"}],"wp:term":[{"taxonomy":"product_brand","embeddable":true,"href":"https:\/\/barneleker.no\/index.php\/wp-json\/wp\/v2\/product_brand?post=14091"},{"taxonomy":"product_cat","embeddable":true,"href":"https:\/\/barneleker.no\/index.php\/wp-json\/wp\/v2\/product_cat?post=14091"},{"taxonomy":"product_tag","embeddable":true,"href":"https:\/\/barneleker.no\/index.php\/wp-json\/wp\/v2\/product_tag?post=14091"}],"curies":[{"name":"wp","href":"https:\/\/api.w.org\/{rel}","templated":true}]}}