{"id":14145,"date":"2022-02-08T20:00:53","date_gmt":"2022-02-08T20:00:53","guid":{"rendered":"https:\/\/barneleker.no\/index.php\/product\/lego-ninjago-71742-overlords-drage\/"},"modified":"2022-02-08T20:00:53","modified_gmt":"2022-02-08T20:00:53","slug":"lego-ninjago-71742-overlords-drage","status":"publish","type":"product","link":"https:\/\/barneleker.no\/index.php\/product\/lego-ninjago-71742-overlords-drage\/","title":{"rendered":"LEGO Ninjago 71742, Overlords drage"},"content":{"rendered":"<p>Sm\u00e5 ninjaer kan gjenskape actionfylte scener fra sesong 2 av LEGO\u00ae NINJAGO\u00ae TV-serien med lekesettet Overlords drage (71742). Dragen har bevegelige bein, hode og vinger utstyrt med kniver, og den kan plasseres i ulike posisjoner som inspirerer til g\u00f8yalt rollespill.  Grensesl\u00f8s spenning for unge byggere Dragelekesettet inkluderer to minifigurer: den gylne ninjaen Lloyd med en katana p\u00e5 ryggen, og Overlord med sitt skarpe sverd. Barn f\u00e5r alt de trenger for \u00e5 iscenesette spennende kamper mellom det gode og det onde, b\u00e5de i luften og p\u00e5 bakken.  Unike leker til kreative barn LEGO NINJAGO leker byr p\u00e5 oppslukende og g\u00f8yal underholdning, hvor barn reiser inn i en spennende fantasiverden og sl\u00e5ss mot onde skurker sammen med heltene sine. Settene inneholder mange kule leker, deriblant drager, jetfly og kj\u00f8ret\u00f8y.<\/p>\n","protected":false},"excerpt":{"rendered":"<p>Sm\u00e5 ninjaer kan gjenskape actionfylte scener fra sesong 2 av LEGO\u00ae NINJAGO\u00ae TV-serien med lekesettet Overlords drage (71742). Dragen har bevegelige bein, hode og vinger&hellip;<\/p>\n","protected":false},"featured_media":14144,"comment_status":"open","ping_status":"closed","template":"","meta":[],"product_brand":[],"product_cat":[340],"product_tag":[],"class_list":{"0":"post-14145","1":"product","2":"type-product","3":"status-publish","4":"has-post-thumbnail","6":"product_cat-set","8":"first","9":"instock","10":"shipping-taxable","11":"product-type-external","12":"customify-col"},"yoast_head":"<!-- This site is optimized with the Yoast SEO plugin v26.0 - https:\/\/yoast.com\/wordpress\/plugins\/seo\/ -->\n<title>LEGO Ninjago 71742, Overlords drage - Barneleker.no<\/title>\n<meta name=\"robots\" content=\"index, follow, max-snippet:-1, max-image-preview:large, max-video-preview:-1\" \/>\n<link rel=\"canonical\" href=\"https:\/\/barneleker.no\/index.php\/product\/lego-ninjago-71742-overlords-drage\/\" \/>\n<meta property=\"og:locale\" content=\"nb_NO\" \/>\n<meta property=\"og:type\" content=\"article\" \/>\n<meta property=\"og:title\" content=\"LEGO Ninjago 71742, Overlords drage - Barneleker.no\" \/>\n<meta property=\"og:description\" content=\"Sm\u00e5 ninjaer kan gjenskape actionfylte scener fra sesong 2 av LEGO\u00ae NINJAGO\u00ae TV-serien med lekesettet Overlords drage (71742). Dragen har bevegelige bein, hode og vinger&hellip;\" \/>\n<meta property=\"og:url\" content=\"https:\/\/barneleker.no\/index.php\/product\/lego-ninjago-71742-overlords-drage\/\" \/>\n<meta property=\"og:site_name\" content=\"Barneleker.no\" \/>\n<meta name=\"twitter:card\" content=\"summary_large_image\" \/>\n<meta name=\"twitter:label1\" content=\"Ansl. lesetid\" \/>\n\t<meta name=\"twitter:data1\" content=\"1 minutt\" \/>\n<script type=\"application\/ld+json\" class=\"yoast-schema-graph\">{\"@context\":\"https:\/\/schema.org\",\"@graph\":[{\"@type\":\"WebPage\",\"@id\":\"https:\/\/barneleker.no\/index.php\/product\/lego-ninjago-71742-overlords-drage\/\",\"url\":\"https:\/\/barneleker.no\/index.php\/product\/lego-ninjago-71742-overlords-drage\/\",\"name\":\"LEGO Ninjago 71742, Overlords drage - Barneleker.no\",\"isPartOf\":{\"@id\":\"https:\/\/barneleker.no\/#website\"},\"primaryImageOfPage\":{\"@id\":\"https:\/\/barneleker.no\/index.php\/product\/lego-ninjago-71742-overlords-drage\/#primaryimage\"},\"image\":{\"@id\":\"https:\/\/barneleker.no\/index.php\/product\/lego-ninjago-71742-overlords-drage\/#primaryimage\"},\"thumbnailUrl\":\"https:\/\/barneleker.no\/wp-content\/uploads\/2022\/02\/lego-ninjago-71742-overlords-drage.jpg\",\"datePublished\":\"2022-02-08T20:00:53+00:00\",\"breadcrumb\":{\"@id\":\"https:\/\/barneleker.no\/index.php\/product\/lego-ninjago-71742-overlords-drage\/#breadcrumb\"},\"inLanguage\":\"nb-NO\",\"potentialAction\":[{\"@type\":\"ReadAction\",\"target\":[\"https:\/\/barneleker.no\/index.php\/product\/lego-ninjago-71742-overlords-drage\/\"]}]},{\"@type\":\"ImageObject\",\"inLanguage\":\"nb-NO\",\"@id\":\"https:\/\/barneleker.no\/index.php\/product\/lego-ninjago-71742-overlords-drage\/#primaryimage\",\"url\":\"https:\/\/barneleker.no\/wp-content\/uploads\/2022\/02\/lego-ninjago-71742-overlords-drage.jpg\",\"contentUrl\":\"https:\/\/barneleker.no\/wp-content\/uploads\/2022\/02\/lego-ninjago-71742-overlords-drage.jpg\",\"width\":555,\"height\":555},{\"@type\":\"BreadcrumbList\",\"@id\":\"https:\/\/barneleker.no\/index.php\/product\/lego-ninjago-71742-overlords-drage\/#breadcrumb\",\"itemListElement\":[{\"@type\":\"ListItem\",\"position\":1,\"name\":\"Butikken\",\"item\":\"https:\/\/barneleker.no\/\"},{\"@type\":\"ListItem\",\"position\":2,\"name\":\"LEGO Ninjago 71742, Overlords drage\"}]},{\"@type\":\"WebSite\",\"@id\":\"https:\/\/barneleker.no\/#website\",\"url\":\"https:\/\/barneleker.no\/\",\"name\":\"Barneleker.no\",\"description\":\"Selvf\u00f8lgelig!\",\"publisher\":{\"@id\":\"https:\/\/barneleker.no\/#organization\"},\"potentialAction\":[{\"@type\":\"SearchAction\",\"target\":{\"@type\":\"EntryPoint\",\"urlTemplate\":\"https:\/\/barneleker.no\/?s={search_term_string}\"},\"query-input\":{\"@type\":\"PropertyValueSpecification\",\"valueRequired\":true,\"valueName\":\"search_term_string\"}}],\"inLanguage\":\"nb-NO\"},{\"@type\":\"Organization\",\"@id\":\"https:\/\/barneleker.no\/#organization\",\"name\":\"Barneleker.no\",\"url\":\"https:\/\/barneleker.no\/\",\"logo\":{\"@type\":\"ImageObject\",\"inLanguage\":\"nb-NO\",\"@id\":\"https:\/\/barneleker.no\/#\/schema\/logo\/image\/\",\"url\":\"https:\/\/barneleker.no\/wp-content\/uploads\/2021\/11\/barneleker_logo-780x150-1.jpg\",\"contentUrl\":\"https:\/\/barneleker.no\/wp-content\/uploads\/2021\/11\/barneleker_logo-780x150-1.jpg\",\"width\":780,\"height\":150,\"caption\":\"Barneleker.no\"},\"image\":{\"@id\":\"https:\/\/barneleker.no\/#\/schema\/logo\/image\/\"}}]}<\/script>\n<!-- \/ Yoast SEO plugin. -->","yoast_head_json":{"title":"LEGO Ninjago 71742, Overlords drage - Barneleker.no","robots":{"index":"index","follow":"follow","max-snippet":"max-snippet:-1","max-image-preview":"max-image-preview:large","max-video-preview":"max-video-preview:-1"},"canonical":"https:\/\/barneleker.no\/index.php\/product\/lego-ninjago-71742-overlords-drage\/","og_locale":"nb_NO","og_type":"article","og_title":"LEGO Ninjago 71742, Overlords drage - Barneleker.no","og_description":"Sm\u00e5 ninjaer kan gjenskape actionfylte scener fra sesong 2 av LEGO\u00ae NINJAGO\u00ae TV-serien med lekesettet Overlords drage (71742). Dragen har bevegelige bein, hode og vinger&hellip;","og_url":"https:\/\/barneleker.no\/index.php\/product\/lego-ninjago-71742-overlords-drage\/","og_site_name":"Barneleker.no","twitter_card":"summary_large_image","twitter_misc":{"Ansl. lesetid":"1 minutt"},"schema":{"@context":"https:\/\/schema.org","@graph":[{"@type":"WebPage","@id":"https:\/\/barneleker.no\/index.php\/product\/lego-ninjago-71742-overlords-drage\/","url":"https:\/\/barneleker.no\/index.php\/product\/lego-ninjago-71742-overlords-drage\/","name":"LEGO Ninjago 71742, Overlords drage - Barneleker.no","isPartOf":{"@id":"https:\/\/barneleker.no\/#website"},"primaryImageOfPage":{"@id":"https:\/\/barneleker.no\/index.php\/product\/lego-ninjago-71742-overlords-drage\/#primaryimage"},"image":{"@id":"https:\/\/barneleker.no\/index.php\/product\/lego-ninjago-71742-overlords-drage\/#primaryimage"},"thumbnailUrl":"https:\/\/barneleker.no\/wp-content\/uploads\/2022\/02\/lego-ninjago-71742-overlords-drage.jpg","datePublished":"2022-02-08T20:00:53+00:00","breadcrumb":{"@id":"https:\/\/barneleker.no\/index.php\/product\/lego-ninjago-71742-overlords-drage\/#breadcrumb"},"inLanguage":"nb-NO","potentialAction":[{"@type":"ReadAction","target":["https:\/\/barneleker.no\/index.php\/product\/lego-ninjago-71742-overlords-drage\/"]}]},{"@type":"ImageObject","inLanguage":"nb-NO","@id":"https:\/\/barneleker.no\/index.php\/product\/lego-ninjago-71742-overlords-drage\/#primaryimage","url":"https:\/\/barneleker.no\/wp-content\/uploads\/2022\/02\/lego-ninjago-71742-overlords-drage.jpg","contentUrl":"https:\/\/barneleker.no\/wp-content\/uploads\/2022\/02\/lego-ninjago-71742-overlords-drage.jpg","width":555,"height":555},{"@type":"BreadcrumbList","@id":"https:\/\/barneleker.no\/index.php\/product\/lego-ninjago-71742-overlords-drage\/#breadcrumb","itemListElement":[{"@type":"ListItem","position":1,"name":"Butikken","item":"https:\/\/barneleker.no\/"},{"@type":"ListItem","position":2,"name":"LEGO Ninjago 71742, Overlords drage"}]},{"@type":"WebSite","@id":"https:\/\/barneleker.no\/#website","url":"https:\/\/barneleker.no\/","name":"Barneleker.no","description":"Selvf\u00f8lgelig!","publisher":{"@id":"https:\/\/barneleker.no\/#organization"},"potentialAction":[{"@type":"SearchAction","target":{"@type":"EntryPoint","urlTemplate":"https:\/\/barneleker.no\/?s={search_term_string}"},"query-input":{"@type":"PropertyValueSpecification","valueRequired":true,"valueName":"search_term_string"}}],"inLanguage":"nb-NO"},{"@type":"Organization","@id":"https:\/\/barneleker.no\/#organization","name":"Barneleker.no","url":"https:\/\/barneleker.no\/","logo":{"@type":"ImageObject","inLanguage":"nb-NO","@id":"https:\/\/barneleker.no\/#\/schema\/logo\/image\/","url":"https:\/\/barneleker.no\/wp-content\/uploads\/2021\/11\/barneleker_logo-780x150-1.jpg","contentUrl":"https:\/\/barneleker.no\/wp-content\/uploads\/2021\/11\/barneleker_logo-780x150-1.jpg","width":780,"height":150,"caption":"Barneleker.no"},"image":{"@id":"https:\/\/barneleker.no\/#\/schema\/logo\/image\/"}}]}},"_links":{"self":[{"href":"https:\/\/barneleker.no\/index.php\/wp-json\/wp\/v2\/product\/14145","targetHints":{"allow":["GET"]}}],"collection":[{"href":"https:\/\/barneleker.no\/index.php\/wp-json\/wp\/v2\/product"}],"about":[{"href":"https:\/\/barneleker.no\/index.php\/wp-json\/wp\/v2\/types\/product"}],"replies":[{"embeddable":true,"href":"https:\/\/barneleker.no\/index.php\/wp-json\/wp\/v2\/comments?post=14145"}],"wp:featuredmedia":[{"embeddable":true,"href":"https:\/\/barneleker.no\/index.php\/wp-json\/wp\/v2\/media\/14144"}],"wp:attachment":[{"href":"https:\/\/barneleker.no\/index.php\/wp-json\/wp\/v2\/media?parent=14145"}],"wp:term":[{"taxonomy":"product_brand","embeddable":true,"href":"https:\/\/barneleker.no\/index.php\/wp-json\/wp\/v2\/product_brand?post=14145"},{"taxonomy":"product_cat","embeddable":true,"href":"https:\/\/barneleker.no\/index.php\/wp-json\/wp\/v2\/product_cat?post=14145"},{"taxonomy":"product_tag","embeddable":true,"href":"https:\/\/barneleker.no\/index.php\/wp-json\/wp\/v2\/product_tag?post=14145"}],"curies":[{"name":"wp","href":"https:\/\/api.w.org\/{rel}","templated":true}]}}