{"id":14427,"date":"2022-02-08T20:02:36","date_gmt":"2022-02-08T20:02:36","guid":{"rendered":"https:\/\/barneleker.no\/index.php\/product\/alga-mikroskop-hd-100-250-500x\/"},"modified":"2022-02-08T20:02:36","modified_gmt":"2022-02-08T20:02:36","slug":"alga-mikroskop-hd-100-250-500x","status":"publish","type":"product","link":"https:\/\/barneleker.no\/index.php\/product\/alga-mikroskop-hd-100-250-500x\/","title":{"rendered":"Alga, Mikroskop HD 100\/250\/500X"},"content":{"rendered":"<p>Se litt n\u00e6rmere p\u00e5 objektene og du vil oppdage mer. Mikroskopet er et perfekt verkt\u00f8y for \u00e5 gj\u00f8re det, og det kan forst\u00f8rres med 100x, 250x og 500x. Med kommer ogs\u00e5 ulike verkt\u00f8y. 3 x AAA batterier kreves, ikke inkludert. Fra 8 \u00e5r.<\/p>\n","protected":false},"excerpt":{"rendered":"<p>Se litt n\u00e6rmere p\u00e5 objektene og du vil oppdage mer. Mikroskopet er et perfekt verkt\u00f8y for \u00e5 gj\u00f8re det, og det kan forst\u00f8rres med 100x,&hellip;<\/p>\n","protected":false},"featured_media":14426,"comment_status":"open","ping_status":"closed","template":"","meta":[],"product_brand":[],"product_cat":[572],"product_tag":[],"class_list":{"0":"post-14427","1":"product","2":"type-product","3":"status-publish","4":"has-post-thumbnail","6":"product_cat-mikroskop","8":"first","9":"instock","10":"shipping-taxable","11":"product-type-external","12":"customify-col"},"yoast_head":"<!-- This site is optimized with the Yoast SEO plugin v26.0 - https:\/\/yoast.com\/wordpress\/plugins\/seo\/ -->\n<title>Alga, Mikroskop HD 100\/250\/500X - Barneleker.no<\/title>\n<meta name=\"robots\" content=\"index, follow, max-snippet:-1, max-image-preview:large, max-video-preview:-1\" \/>\n<link rel=\"canonical\" href=\"https:\/\/barneleker.no\/index.php\/product\/alga-mikroskop-hd-100-250-500x\/\" \/>\n<meta property=\"og:locale\" content=\"nb_NO\" \/>\n<meta property=\"og:type\" content=\"article\" \/>\n<meta property=\"og:title\" content=\"Alga, Mikroskop HD 100\/250\/500X - Barneleker.no\" \/>\n<meta property=\"og:description\" content=\"Se litt n\u00e6rmere p\u00e5 objektene og du vil oppdage mer. Mikroskopet er et perfekt verkt\u00f8y for \u00e5 gj\u00f8re det, og det kan forst\u00f8rres med 100x,&hellip;\" \/>\n<meta property=\"og:url\" content=\"https:\/\/barneleker.no\/index.php\/product\/alga-mikroskop-hd-100-250-500x\/\" \/>\n<meta property=\"og:site_name\" content=\"Barneleker.no\" \/>\n<meta name=\"twitter:card\" content=\"summary_large_image\" \/>\n<script type=\"application\/ld+json\" class=\"yoast-schema-graph\">{\"@context\":\"https:\/\/schema.org\",\"@graph\":[{\"@type\":\"WebPage\",\"@id\":\"https:\/\/barneleker.no\/index.php\/product\/alga-mikroskop-hd-100-250-500x\/\",\"url\":\"https:\/\/barneleker.no\/index.php\/product\/alga-mikroskop-hd-100-250-500x\/\",\"name\":\"Alga, Mikroskop HD 100\/250\/500X - Barneleker.no\",\"isPartOf\":{\"@id\":\"https:\/\/barneleker.no\/#website\"},\"primaryImageOfPage\":{\"@id\":\"https:\/\/barneleker.no\/index.php\/product\/alga-mikroskop-hd-100-250-500x\/#primaryimage\"},\"image\":{\"@id\":\"https:\/\/barneleker.no\/index.php\/product\/alga-mikroskop-hd-100-250-500x\/#primaryimage\"},\"thumbnailUrl\":\"https:\/\/barneleker.no\/wp-content\/uploads\/2022\/02\/alga-mikroskop-hd-100-250-500x.jpg\",\"datePublished\":\"2022-02-08T20:02:36+00:00\",\"breadcrumb\":{\"@id\":\"https:\/\/barneleker.no\/index.php\/product\/alga-mikroskop-hd-100-250-500x\/#breadcrumb\"},\"inLanguage\":\"nb-NO\",\"potentialAction\":[{\"@type\":\"ReadAction\",\"target\":[\"https:\/\/barneleker.no\/index.php\/product\/alga-mikroskop-hd-100-250-500x\/\"]}]},{\"@type\":\"ImageObject\",\"inLanguage\":\"nb-NO\",\"@id\":\"https:\/\/barneleker.no\/index.php\/product\/alga-mikroskop-hd-100-250-500x\/#primaryimage\",\"url\":\"https:\/\/barneleker.no\/wp-content\/uploads\/2022\/02\/alga-mikroskop-hd-100-250-500x.jpg\",\"contentUrl\":\"https:\/\/barneleker.no\/wp-content\/uploads\/2022\/02\/alga-mikroskop-hd-100-250-500x.jpg\",\"width\":555,\"height\":555},{\"@type\":\"BreadcrumbList\",\"@id\":\"https:\/\/barneleker.no\/index.php\/product\/alga-mikroskop-hd-100-250-500x\/#breadcrumb\",\"itemListElement\":[{\"@type\":\"ListItem\",\"position\":1,\"name\":\"Butikken\",\"item\":\"https:\/\/barneleker.no\/\"},{\"@type\":\"ListItem\",\"position\":2,\"name\":\"Alga, Mikroskop HD 100\/250\/500X\"}]},{\"@type\":\"WebSite\",\"@id\":\"https:\/\/barneleker.no\/#website\",\"url\":\"https:\/\/barneleker.no\/\",\"name\":\"Barneleker.no\",\"description\":\"Selvf\u00f8lgelig!\",\"publisher\":{\"@id\":\"https:\/\/barneleker.no\/#organization\"},\"potentialAction\":[{\"@type\":\"SearchAction\",\"target\":{\"@type\":\"EntryPoint\",\"urlTemplate\":\"https:\/\/barneleker.no\/?s={search_term_string}\"},\"query-input\":{\"@type\":\"PropertyValueSpecification\",\"valueRequired\":true,\"valueName\":\"search_term_string\"}}],\"inLanguage\":\"nb-NO\"},{\"@type\":\"Organization\",\"@id\":\"https:\/\/barneleker.no\/#organization\",\"name\":\"Barneleker.no\",\"url\":\"https:\/\/barneleker.no\/\",\"logo\":{\"@type\":\"ImageObject\",\"inLanguage\":\"nb-NO\",\"@id\":\"https:\/\/barneleker.no\/#\/schema\/logo\/image\/\",\"url\":\"https:\/\/barneleker.no\/wp-content\/uploads\/2021\/11\/barneleker_logo-780x150-1.jpg\",\"contentUrl\":\"https:\/\/barneleker.no\/wp-content\/uploads\/2021\/11\/barneleker_logo-780x150-1.jpg\",\"width\":780,\"height\":150,\"caption\":\"Barneleker.no\"},\"image\":{\"@id\":\"https:\/\/barneleker.no\/#\/schema\/logo\/image\/\"}}]}<\/script>\n<!-- \/ Yoast SEO plugin. -->","yoast_head_json":{"title":"Alga, Mikroskop HD 100\/250\/500X - Barneleker.no","robots":{"index":"index","follow":"follow","max-snippet":"max-snippet:-1","max-image-preview":"max-image-preview:large","max-video-preview":"max-video-preview:-1"},"canonical":"https:\/\/barneleker.no\/index.php\/product\/alga-mikroskop-hd-100-250-500x\/","og_locale":"nb_NO","og_type":"article","og_title":"Alga, Mikroskop HD 100\/250\/500X - Barneleker.no","og_description":"Se litt n\u00e6rmere p\u00e5 objektene og du vil oppdage mer. Mikroskopet er et perfekt verkt\u00f8y for \u00e5 gj\u00f8re det, og det kan forst\u00f8rres med 100x,&hellip;","og_url":"https:\/\/barneleker.no\/index.php\/product\/alga-mikroskop-hd-100-250-500x\/","og_site_name":"Barneleker.no","twitter_card":"summary_large_image","schema":{"@context":"https:\/\/schema.org","@graph":[{"@type":"WebPage","@id":"https:\/\/barneleker.no\/index.php\/product\/alga-mikroskop-hd-100-250-500x\/","url":"https:\/\/barneleker.no\/index.php\/product\/alga-mikroskop-hd-100-250-500x\/","name":"Alga, Mikroskop HD 100\/250\/500X - Barneleker.no","isPartOf":{"@id":"https:\/\/barneleker.no\/#website"},"primaryImageOfPage":{"@id":"https:\/\/barneleker.no\/index.php\/product\/alga-mikroskop-hd-100-250-500x\/#primaryimage"},"image":{"@id":"https:\/\/barneleker.no\/index.php\/product\/alga-mikroskop-hd-100-250-500x\/#primaryimage"},"thumbnailUrl":"https:\/\/barneleker.no\/wp-content\/uploads\/2022\/02\/alga-mikroskop-hd-100-250-500x.jpg","datePublished":"2022-02-08T20:02:36+00:00","breadcrumb":{"@id":"https:\/\/barneleker.no\/index.php\/product\/alga-mikroskop-hd-100-250-500x\/#breadcrumb"},"inLanguage":"nb-NO","potentialAction":[{"@type":"ReadAction","target":["https:\/\/barneleker.no\/index.php\/product\/alga-mikroskop-hd-100-250-500x\/"]}]},{"@type":"ImageObject","inLanguage":"nb-NO","@id":"https:\/\/barneleker.no\/index.php\/product\/alga-mikroskop-hd-100-250-500x\/#primaryimage","url":"https:\/\/barneleker.no\/wp-content\/uploads\/2022\/02\/alga-mikroskop-hd-100-250-500x.jpg","contentUrl":"https:\/\/barneleker.no\/wp-content\/uploads\/2022\/02\/alga-mikroskop-hd-100-250-500x.jpg","width":555,"height":555},{"@type":"BreadcrumbList","@id":"https:\/\/barneleker.no\/index.php\/product\/alga-mikroskop-hd-100-250-500x\/#breadcrumb","itemListElement":[{"@type":"ListItem","position":1,"name":"Butikken","item":"https:\/\/barneleker.no\/"},{"@type":"ListItem","position":2,"name":"Alga, Mikroskop HD 100\/250\/500X"}]},{"@type":"WebSite","@id":"https:\/\/barneleker.no\/#website","url":"https:\/\/barneleker.no\/","name":"Barneleker.no","description":"Selvf\u00f8lgelig!","publisher":{"@id":"https:\/\/barneleker.no\/#organization"},"potentialAction":[{"@type":"SearchAction","target":{"@type":"EntryPoint","urlTemplate":"https:\/\/barneleker.no\/?s={search_term_string}"},"query-input":{"@type":"PropertyValueSpecification","valueRequired":true,"valueName":"search_term_string"}}],"inLanguage":"nb-NO"},{"@type":"Organization","@id":"https:\/\/barneleker.no\/#organization","name":"Barneleker.no","url":"https:\/\/barneleker.no\/","logo":{"@type":"ImageObject","inLanguage":"nb-NO","@id":"https:\/\/barneleker.no\/#\/schema\/logo\/image\/","url":"https:\/\/barneleker.no\/wp-content\/uploads\/2021\/11\/barneleker_logo-780x150-1.jpg","contentUrl":"https:\/\/barneleker.no\/wp-content\/uploads\/2021\/11\/barneleker_logo-780x150-1.jpg","width":780,"height":150,"caption":"Barneleker.no"},"image":{"@id":"https:\/\/barneleker.no\/#\/schema\/logo\/image\/"}}]}},"_links":{"self":[{"href":"https:\/\/barneleker.no\/index.php\/wp-json\/wp\/v2\/product\/14427","targetHints":{"allow":["GET"]}}],"collection":[{"href":"https:\/\/barneleker.no\/index.php\/wp-json\/wp\/v2\/product"}],"about":[{"href":"https:\/\/barneleker.no\/index.php\/wp-json\/wp\/v2\/types\/product"}],"replies":[{"embeddable":true,"href":"https:\/\/barneleker.no\/index.php\/wp-json\/wp\/v2\/comments?post=14427"}],"wp:featuredmedia":[{"embeddable":true,"href":"https:\/\/barneleker.no\/index.php\/wp-json\/wp\/v2\/media\/14426"}],"wp:attachment":[{"href":"https:\/\/barneleker.no\/index.php\/wp-json\/wp\/v2\/media?parent=14427"}],"wp:term":[{"taxonomy":"product_brand","embeddable":true,"href":"https:\/\/barneleker.no\/index.php\/wp-json\/wp\/v2\/product_brand?post=14427"},{"taxonomy":"product_cat","embeddable":true,"href":"https:\/\/barneleker.no\/index.php\/wp-json\/wp\/v2\/product_cat?post=14427"},{"taxonomy":"product_tag","embeddable":true,"href":"https:\/\/barneleker.no\/index.php\/wp-json\/wp\/v2\/product_tag?post=14427"}],"curies":[{"name":"wp","href":"https:\/\/api.w.org\/{rel}","templated":true}]}}