{"id":14515,"date":"2022-02-08T20:03:07","date_gmt":"2022-02-08T20:03:07","guid":{"rendered":"https:\/\/barneleker.no\/index.php\/product\/wizarding-world-deluxe-fashion-hermione\/"},"modified":"2022-02-08T20:03:07","modified_gmt":"2022-02-08T20:03:07","slug":"wizarding-world-deluxe-fashion-hermione","status":"publish","type":"product","link":"https:\/\/barneleker.no\/index.php\/product\/wizarding-world-deluxe-fashion-hermione\/","title":{"rendered":"Wizarding World, Deluxe Fashion &#8211; Hermione"},"content":{"rendered":"<p>Gjenopprett din favoritt Harry Potter scener med den kommende Hermione Grang-Dockan fra Harry Potter Wizarding World. Dukken er ca 20 cm og leveres med to kl\u00e6r sett og fem tilbeh\u00f8r, for mange magiske historier og spennende spill. Et must for Harry Potter fans! Dukken har mykt, kr\u00f8llete h\u00e5r og 5 artikulasjonspunkter som gir Hermione Life.<\/p>\n","protected":false},"excerpt":{"rendered":"<p>Gjenopprett din favoritt Harry Potter scener med den kommende Hermione Grang-Dockan fra Harry Potter Wizarding World. Dukken er ca 20 cm og leveres med to&hellip;<\/p>\n","protected":false},"featured_media":14514,"comment_status":"open","ping_status":"closed","template":"","meta":[],"product_brand":[],"product_cat":[443],"product_tag":[],"class_list":{"0":"post-14515","1":"product","2":"type-product","3":"status-publish","4":"has-post-thumbnail","6":"product_cat-filmkaraktarer-tv-figurer-robotar","8":"first","9":"instock","10":"shipping-taxable","11":"product-type-external","12":"customify-col"},"yoast_head":"<!-- This site is optimized with the Yoast SEO plugin v26.0 - https:\/\/yoast.com\/wordpress\/plugins\/seo\/ -->\n<title>Wizarding World, Deluxe Fashion - Hermione - Barneleker.no<\/title>\n<meta name=\"robots\" content=\"index, follow, max-snippet:-1, max-image-preview:large, max-video-preview:-1\" \/>\n<link rel=\"canonical\" href=\"https:\/\/barneleker.no\/index.php\/product\/wizarding-world-deluxe-fashion-hermione\/\" \/>\n<meta property=\"og:locale\" content=\"nb_NO\" \/>\n<meta property=\"og:type\" content=\"article\" \/>\n<meta property=\"og:title\" content=\"Wizarding World, Deluxe Fashion - Hermione - Barneleker.no\" \/>\n<meta property=\"og:description\" content=\"Gjenopprett din favoritt Harry Potter scener med den kommende Hermione Grang-Dockan fra Harry Potter Wizarding World. Dukken er ca 20 cm og leveres med to&hellip;\" \/>\n<meta property=\"og:url\" content=\"https:\/\/barneleker.no\/index.php\/product\/wizarding-world-deluxe-fashion-hermione\/\" \/>\n<meta property=\"og:site_name\" content=\"Barneleker.no\" \/>\n<meta name=\"twitter:card\" content=\"summary_large_image\" \/>\n<script type=\"application\/ld+json\" class=\"yoast-schema-graph\">{\"@context\":\"https:\/\/schema.org\",\"@graph\":[{\"@type\":\"WebPage\",\"@id\":\"https:\/\/barneleker.no\/index.php\/product\/wizarding-world-deluxe-fashion-hermione\/\",\"url\":\"https:\/\/barneleker.no\/index.php\/product\/wizarding-world-deluxe-fashion-hermione\/\",\"name\":\"Wizarding World, Deluxe Fashion - Hermione - Barneleker.no\",\"isPartOf\":{\"@id\":\"https:\/\/barneleker.no\/#website\"},\"primaryImageOfPage\":{\"@id\":\"https:\/\/barneleker.no\/index.php\/product\/wizarding-world-deluxe-fashion-hermione\/#primaryimage\"},\"image\":{\"@id\":\"https:\/\/barneleker.no\/index.php\/product\/wizarding-world-deluxe-fashion-hermione\/#primaryimage\"},\"thumbnailUrl\":\"https:\/\/barneleker.no\/wp-content\/uploads\/2022\/02\/wizarding-world-deluxe-fashion-hermione.jpg\",\"datePublished\":\"2022-02-08T20:03:07+00:00\",\"breadcrumb\":{\"@id\":\"https:\/\/barneleker.no\/index.php\/product\/wizarding-world-deluxe-fashion-hermione\/#breadcrumb\"},\"inLanguage\":\"nb-NO\",\"potentialAction\":[{\"@type\":\"ReadAction\",\"target\":[\"https:\/\/barneleker.no\/index.php\/product\/wizarding-world-deluxe-fashion-hermione\/\"]}]},{\"@type\":\"ImageObject\",\"inLanguage\":\"nb-NO\",\"@id\":\"https:\/\/barneleker.no\/index.php\/product\/wizarding-world-deluxe-fashion-hermione\/#primaryimage\",\"url\":\"https:\/\/barneleker.no\/wp-content\/uploads\/2022\/02\/wizarding-world-deluxe-fashion-hermione.jpg\",\"contentUrl\":\"https:\/\/barneleker.no\/wp-content\/uploads\/2022\/02\/wizarding-world-deluxe-fashion-hermione.jpg\",\"width\":555,\"height\":555},{\"@type\":\"BreadcrumbList\",\"@id\":\"https:\/\/barneleker.no\/index.php\/product\/wizarding-world-deluxe-fashion-hermione\/#breadcrumb\",\"itemListElement\":[{\"@type\":\"ListItem\",\"position\":1,\"name\":\"Butikken\",\"item\":\"https:\/\/barneleker.no\/\"},{\"@type\":\"ListItem\",\"position\":2,\"name\":\"Wizarding World, Deluxe Fashion &#8211; Hermione\"}]},{\"@type\":\"WebSite\",\"@id\":\"https:\/\/barneleker.no\/#website\",\"url\":\"https:\/\/barneleker.no\/\",\"name\":\"Barneleker.no\",\"description\":\"Selvf\u00f8lgelig!\",\"publisher\":{\"@id\":\"https:\/\/barneleker.no\/#organization\"},\"potentialAction\":[{\"@type\":\"SearchAction\",\"target\":{\"@type\":\"EntryPoint\",\"urlTemplate\":\"https:\/\/barneleker.no\/?s={search_term_string}\"},\"query-input\":{\"@type\":\"PropertyValueSpecification\",\"valueRequired\":true,\"valueName\":\"search_term_string\"}}],\"inLanguage\":\"nb-NO\"},{\"@type\":\"Organization\",\"@id\":\"https:\/\/barneleker.no\/#organization\",\"name\":\"Barneleker.no\",\"url\":\"https:\/\/barneleker.no\/\",\"logo\":{\"@type\":\"ImageObject\",\"inLanguage\":\"nb-NO\",\"@id\":\"https:\/\/barneleker.no\/#\/schema\/logo\/image\/\",\"url\":\"https:\/\/barneleker.no\/wp-content\/uploads\/2021\/11\/barneleker_logo-780x150-1.jpg\",\"contentUrl\":\"https:\/\/barneleker.no\/wp-content\/uploads\/2021\/11\/barneleker_logo-780x150-1.jpg\",\"width\":780,\"height\":150,\"caption\":\"Barneleker.no\"},\"image\":{\"@id\":\"https:\/\/barneleker.no\/#\/schema\/logo\/image\/\"}}]}<\/script>\n<!-- \/ Yoast SEO plugin. -->","yoast_head_json":{"title":"Wizarding World, Deluxe Fashion - Hermione - Barneleker.no","robots":{"index":"index","follow":"follow","max-snippet":"max-snippet:-1","max-image-preview":"max-image-preview:large","max-video-preview":"max-video-preview:-1"},"canonical":"https:\/\/barneleker.no\/index.php\/product\/wizarding-world-deluxe-fashion-hermione\/","og_locale":"nb_NO","og_type":"article","og_title":"Wizarding World, Deluxe Fashion - Hermione - Barneleker.no","og_description":"Gjenopprett din favoritt Harry Potter scener med den kommende Hermione Grang-Dockan fra Harry Potter Wizarding World. Dukken er ca 20 cm og leveres med to&hellip;","og_url":"https:\/\/barneleker.no\/index.php\/product\/wizarding-world-deluxe-fashion-hermione\/","og_site_name":"Barneleker.no","twitter_card":"summary_large_image","schema":{"@context":"https:\/\/schema.org","@graph":[{"@type":"WebPage","@id":"https:\/\/barneleker.no\/index.php\/product\/wizarding-world-deluxe-fashion-hermione\/","url":"https:\/\/barneleker.no\/index.php\/product\/wizarding-world-deluxe-fashion-hermione\/","name":"Wizarding World, Deluxe Fashion - Hermione - Barneleker.no","isPartOf":{"@id":"https:\/\/barneleker.no\/#website"},"primaryImageOfPage":{"@id":"https:\/\/barneleker.no\/index.php\/product\/wizarding-world-deluxe-fashion-hermione\/#primaryimage"},"image":{"@id":"https:\/\/barneleker.no\/index.php\/product\/wizarding-world-deluxe-fashion-hermione\/#primaryimage"},"thumbnailUrl":"https:\/\/barneleker.no\/wp-content\/uploads\/2022\/02\/wizarding-world-deluxe-fashion-hermione.jpg","datePublished":"2022-02-08T20:03:07+00:00","breadcrumb":{"@id":"https:\/\/barneleker.no\/index.php\/product\/wizarding-world-deluxe-fashion-hermione\/#breadcrumb"},"inLanguage":"nb-NO","potentialAction":[{"@type":"ReadAction","target":["https:\/\/barneleker.no\/index.php\/product\/wizarding-world-deluxe-fashion-hermione\/"]}]},{"@type":"ImageObject","inLanguage":"nb-NO","@id":"https:\/\/barneleker.no\/index.php\/product\/wizarding-world-deluxe-fashion-hermione\/#primaryimage","url":"https:\/\/barneleker.no\/wp-content\/uploads\/2022\/02\/wizarding-world-deluxe-fashion-hermione.jpg","contentUrl":"https:\/\/barneleker.no\/wp-content\/uploads\/2022\/02\/wizarding-world-deluxe-fashion-hermione.jpg","width":555,"height":555},{"@type":"BreadcrumbList","@id":"https:\/\/barneleker.no\/index.php\/product\/wizarding-world-deluxe-fashion-hermione\/#breadcrumb","itemListElement":[{"@type":"ListItem","position":1,"name":"Butikken","item":"https:\/\/barneleker.no\/"},{"@type":"ListItem","position":2,"name":"Wizarding World, Deluxe Fashion &#8211; Hermione"}]},{"@type":"WebSite","@id":"https:\/\/barneleker.no\/#website","url":"https:\/\/barneleker.no\/","name":"Barneleker.no","description":"Selvf\u00f8lgelig!","publisher":{"@id":"https:\/\/barneleker.no\/#organization"},"potentialAction":[{"@type":"SearchAction","target":{"@type":"EntryPoint","urlTemplate":"https:\/\/barneleker.no\/?s={search_term_string}"},"query-input":{"@type":"PropertyValueSpecification","valueRequired":true,"valueName":"search_term_string"}}],"inLanguage":"nb-NO"},{"@type":"Organization","@id":"https:\/\/barneleker.no\/#organization","name":"Barneleker.no","url":"https:\/\/barneleker.no\/","logo":{"@type":"ImageObject","inLanguage":"nb-NO","@id":"https:\/\/barneleker.no\/#\/schema\/logo\/image\/","url":"https:\/\/barneleker.no\/wp-content\/uploads\/2021\/11\/barneleker_logo-780x150-1.jpg","contentUrl":"https:\/\/barneleker.no\/wp-content\/uploads\/2021\/11\/barneleker_logo-780x150-1.jpg","width":780,"height":150,"caption":"Barneleker.no"},"image":{"@id":"https:\/\/barneleker.no\/#\/schema\/logo\/image\/"}}]}},"_links":{"self":[{"href":"https:\/\/barneleker.no\/index.php\/wp-json\/wp\/v2\/product\/14515","targetHints":{"allow":["GET"]}}],"collection":[{"href":"https:\/\/barneleker.no\/index.php\/wp-json\/wp\/v2\/product"}],"about":[{"href":"https:\/\/barneleker.no\/index.php\/wp-json\/wp\/v2\/types\/product"}],"replies":[{"embeddable":true,"href":"https:\/\/barneleker.no\/index.php\/wp-json\/wp\/v2\/comments?post=14515"}],"wp:featuredmedia":[{"embeddable":true,"href":"https:\/\/barneleker.no\/index.php\/wp-json\/wp\/v2\/media\/14514"}],"wp:attachment":[{"href":"https:\/\/barneleker.no\/index.php\/wp-json\/wp\/v2\/media?parent=14515"}],"wp:term":[{"taxonomy":"product_brand","embeddable":true,"href":"https:\/\/barneleker.no\/index.php\/wp-json\/wp\/v2\/product_brand?post=14515"},{"taxonomy":"product_cat","embeddable":true,"href":"https:\/\/barneleker.no\/index.php\/wp-json\/wp\/v2\/product_cat?post=14515"},{"taxonomy":"product_tag","embeddable":true,"href":"https:\/\/barneleker.no\/index.php\/wp-json\/wp\/v2\/product_tag?post=14515"}],"curies":[{"name":"wp","href":"https:\/\/api.w.org\/{rel}","templated":true}]}}