{"id":14555,"date":"2022-02-08T20:03:22","date_gmt":"2022-02-08T20:03:22","guid":{"rendered":"https:\/\/barneleker.no\/index.php\/product\/micki-leksaker-micki-byggestaver-trehvite-200-st\/"},"modified":"2022-02-08T20:03:22","modified_gmt":"2022-02-08T20:03:22","slug":"micki-leksaker-micki-byggestaver-trehvite-200-st","status":"publish","type":"product","link":"https:\/\/barneleker.no\/index.php\/product\/micki-leksaker-micki-byggestaver-trehvite-200-st\/","title":{"rendered":"Micki Leksaker Micki, Byggestaver Trehvite, 200 st"},"content":{"rendered":"<p>Byggestavene er enkle treleker med uendelige lekemuligheter &#8211; et ubegrenset system for b\u00e5de sm\u00e5 og store byggere. Med de ubehandlede byggestengene kan du bygge alt mulig, la fantasien str\u00f8mme! Denne trehvite, klassiske leken blir aldri kjedelig og kan brukes av b\u00e5de store og sm\u00e5.<\/p>\n","protected":false},"excerpt":{"rendered":"<p>Byggestavene er enkle treleker med uendelige lekemuligheter &#8211; et ubegrenset system for b\u00e5de sm\u00e5 og store byggere. Med de ubehandlede byggestengene kan du bygge alt&hellip;<\/p>\n","protected":false},"featured_media":14554,"comment_status":"open","ping_status":"closed","template":"","meta":[],"product_brand":[],"product_cat":[578],"product_tag":[],"class_list":{"0":"post-14555","1":"product","2":"type-product","3":"status-publish","4":"has-post-thumbnail","6":"product_cat-byggsatser-pedagogisk-lek","8":"first","9":"instock","10":"shipping-taxable","11":"product-type-external","12":"customify-col"},"yoast_head":"<!-- This site is optimized with the Yoast SEO plugin v26.0 - https:\/\/yoast.com\/wordpress\/plugins\/seo\/ -->\n<title>Micki Leksaker Micki, Byggestaver Trehvite, 200 st - Barneleker.no<\/title>\n<meta name=\"robots\" content=\"index, follow, max-snippet:-1, max-image-preview:large, max-video-preview:-1\" \/>\n<link rel=\"canonical\" href=\"https:\/\/barneleker.no\/index.php\/product\/micki-leksaker-micki-byggestaver-trehvite-200-st\/\" \/>\n<meta property=\"og:locale\" content=\"nb_NO\" \/>\n<meta property=\"og:type\" content=\"article\" \/>\n<meta property=\"og:title\" content=\"Micki Leksaker Micki, Byggestaver Trehvite, 200 st - Barneleker.no\" \/>\n<meta property=\"og:description\" content=\"Byggestavene er enkle treleker med uendelige lekemuligheter &#8211; et ubegrenset system for b\u00e5de sm\u00e5 og store byggere. Med de ubehandlede byggestengene kan du bygge alt&hellip;\" \/>\n<meta property=\"og:url\" content=\"https:\/\/barneleker.no\/index.php\/product\/micki-leksaker-micki-byggestaver-trehvite-200-st\/\" \/>\n<meta property=\"og:site_name\" content=\"Barneleker.no\" \/>\n<meta name=\"twitter:card\" content=\"summary_large_image\" \/>\n<script type=\"application\/ld+json\" class=\"yoast-schema-graph\">{\"@context\":\"https:\/\/schema.org\",\"@graph\":[{\"@type\":\"WebPage\",\"@id\":\"https:\/\/barneleker.no\/index.php\/product\/micki-leksaker-micki-byggestaver-trehvite-200-st\/\",\"url\":\"https:\/\/barneleker.no\/index.php\/product\/micki-leksaker-micki-byggestaver-trehvite-200-st\/\",\"name\":\"Micki Leksaker Micki, Byggestaver Trehvite, 200 st - Barneleker.no\",\"isPartOf\":{\"@id\":\"https:\/\/barneleker.no\/#website\"},\"primaryImageOfPage\":{\"@id\":\"https:\/\/barneleker.no\/index.php\/product\/micki-leksaker-micki-byggestaver-trehvite-200-st\/#primaryimage\"},\"image\":{\"@id\":\"https:\/\/barneleker.no\/index.php\/product\/micki-leksaker-micki-byggestaver-trehvite-200-st\/#primaryimage\"},\"thumbnailUrl\":\"https:\/\/barneleker.no\/wp-content\/uploads\/2022\/02\/micki-byggestaver-trehvite-200-st.jpg\",\"datePublished\":\"2022-02-08T20:03:22+00:00\",\"breadcrumb\":{\"@id\":\"https:\/\/barneleker.no\/index.php\/product\/micki-leksaker-micki-byggestaver-trehvite-200-st\/#breadcrumb\"},\"inLanguage\":\"nb-NO\",\"potentialAction\":[{\"@type\":\"ReadAction\",\"target\":[\"https:\/\/barneleker.no\/index.php\/product\/micki-leksaker-micki-byggestaver-trehvite-200-st\/\"]}]},{\"@type\":\"ImageObject\",\"inLanguage\":\"nb-NO\",\"@id\":\"https:\/\/barneleker.no\/index.php\/product\/micki-leksaker-micki-byggestaver-trehvite-200-st\/#primaryimage\",\"url\":\"https:\/\/barneleker.no\/wp-content\/uploads\/2022\/02\/micki-byggestaver-trehvite-200-st.jpg\",\"contentUrl\":\"https:\/\/barneleker.no\/wp-content\/uploads\/2022\/02\/micki-byggestaver-trehvite-200-st.jpg\",\"width\":555,\"height\":555},{\"@type\":\"BreadcrumbList\",\"@id\":\"https:\/\/barneleker.no\/index.php\/product\/micki-leksaker-micki-byggestaver-trehvite-200-st\/#breadcrumb\",\"itemListElement\":[{\"@type\":\"ListItem\",\"position\":1,\"name\":\"Butikken\",\"item\":\"https:\/\/barneleker.no\/\"},{\"@type\":\"ListItem\",\"position\":2,\"name\":\"Micki Leksaker Micki, Byggestaver Trehvite, 200 st\"}]},{\"@type\":\"WebSite\",\"@id\":\"https:\/\/barneleker.no\/#website\",\"url\":\"https:\/\/barneleker.no\/\",\"name\":\"Barneleker.no\",\"description\":\"Selvf\u00f8lgelig!\",\"publisher\":{\"@id\":\"https:\/\/barneleker.no\/#organization\"},\"potentialAction\":[{\"@type\":\"SearchAction\",\"target\":{\"@type\":\"EntryPoint\",\"urlTemplate\":\"https:\/\/barneleker.no\/?s={search_term_string}\"},\"query-input\":{\"@type\":\"PropertyValueSpecification\",\"valueRequired\":true,\"valueName\":\"search_term_string\"}}],\"inLanguage\":\"nb-NO\"},{\"@type\":\"Organization\",\"@id\":\"https:\/\/barneleker.no\/#organization\",\"name\":\"Barneleker.no\",\"url\":\"https:\/\/barneleker.no\/\",\"logo\":{\"@type\":\"ImageObject\",\"inLanguage\":\"nb-NO\",\"@id\":\"https:\/\/barneleker.no\/#\/schema\/logo\/image\/\",\"url\":\"https:\/\/barneleker.no\/wp-content\/uploads\/2021\/11\/barneleker_logo-780x150-1.jpg\",\"contentUrl\":\"https:\/\/barneleker.no\/wp-content\/uploads\/2021\/11\/barneleker_logo-780x150-1.jpg\",\"width\":780,\"height\":150,\"caption\":\"Barneleker.no\"},\"image\":{\"@id\":\"https:\/\/barneleker.no\/#\/schema\/logo\/image\/\"}}]}<\/script>\n<!-- \/ Yoast SEO plugin. -->","yoast_head_json":{"title":"Micki Leksaker Micki, Byggestaver Trehvite, 200 st - Barneleker.no","robots":{"index":"index","follow":"follow","max-snippet":"max-snippet:-1","max-image-preview":"max-image-preview:large","max-video-preview":"max-video-preview:-1"},"canonical":"https:\/\/barneleker.no\/index.php\/product\/micki-leksaker-micki-byggestaver-trehvite-200-st\/","og_locale":"nb_NO","og_type":"article","og_title":"Micki Leksaker Micki, Byggestaver Trehvite, 200 st - Barneleker.no","og_description":"Byggestavene er enkle treleker med uendelige lekemuligheter &#8211; et ubegrenset system for b\u00e5de sm\u00e5 og store byggere. Med de ubehandlede byggestengene kan du bygge alt&hellip;","og_url":"https:\/\/barneleker.no\/index.php\/product\/micki-leksaker-micki-byggestaver-trehvite-200-st\/","og_site_name":"Barneleker.no","twitter_card":"summary_large_image","schema":{"@context":"https:\/\/schema.org","@graph":[{"@type":"WebPage","@id":"https:\/\/barneleker.no\/index.php\/product\/micki-leksaker-micki-byggestaver-trehvite-200-st\/","url":"https:\/\/barneleker.no\/index.php\/product\/micki-leksaker-micki-byggestaver-trehvite-200-st\/","name":"Micki Leksaker Micki, Byggestaver Trehvite, 200 st - Barneleker.no","isPartOf":{"@id":"https:\/\/barneleker.no\/#website"},"primaryImageOfPage":{"@id":"https:\/\/barneleker.no\/index.php\/product\/micki-leksaker-micki-byggestaver-trehvite-200-st\/#primaryimage"},"image":{"@id":"https:\/\/barneleker.no\/index.php\/product\/micki-leksaker-micki-byggestaver-trehvite-200-st\/#primaryimage"},"thumbnailUrl":"https:\/\/barneleker.no\/wp-content\/uploads\/2022\/02\/micki-byggestaver-trehvite-200-st.jpg","datePublished":"2022-02-08T20:03:22+00:00","breadcrumb":{"@id":"https:\/\/barneleker.no\/index.php\/product\/micki-leksaker-micki-byggestaver-trehvite-200-st\/#breadcrumb"},"inLanguage":"nb-NO","potentialAction":[{"@type":"ReadAction","target":["https:\/\/barneleker.no\/index.php\/product\/micki-leksaker-micki-byggestaver-trehvite-200-st\/"]}]},{"@type":"ImageObject","inLanguage":"nb-NO","@id":"https:\/\/barneleker.no\/index.php\/product\/micki-leksaker-micki-byggestaver-trehvite-200-st\/#primaryimage","url":"https:\/\/barneleker.no\/wp-content\/uploads\/2022\/02\/micki-byggestaver-trehvite-200-st.jpg","contentUrl":"https:\/\/barneleker.no\/wp-content\/uploads\/2022\/02\/micki-byggestaver-trehvite-200-st.jpg","width":555,"height":555},{"@type":"BreadcrumbList","@id":"https:\/\/barneleker.no\/index.php\/product\/micki-leksaker-micki-byggestaver-trehvite-200-st\/#breadcrumb","itemListElement":[{"@type":"ListItem","position":1,"name":"Butikken","item":"https:\/\/barneleker.no\/"},{"@type":"ListItem","position":2,"name":"Micki Leksaker Micki, Byggestaver Trehvite, 200 st"}]},{"@type":"WebSite","@id":"https:\/\/barneleker.no\/#website","url":"https:\/\/barneleker.no\/","name":"Barneleker.no","description":"Selvf\u00f8lgelig!","publisher":{"@id":"https:\/\/barneleker.no\/#organization"},"potentialAction":[{"@type":"SearchAction","target":{"@type":"EntryPoint","urlTemplate":"https:\/\/barneleker.no\/?s={search_term_string}"},"query-input":{"@type":"PropertyValueSpecification","valueRequired":true,"valueName":"search_term_string"}}],"inLanguage":"nb-NO"},{"@type":"Organization","@id":"https:\/\/barneleker.no\/#organization","name":"Barneleker.no","url":"https:\/\/barneleker.no\/","logo":{"@type":"ImageObject","inLanguage":"nb-NO","@id":"https:\/\/barneleker.no\/#\/schema\/logo\/image\/","url":"https:\/\/barneleker.no\/wp-content\/uploads\/2021\/11\/barneleker_logo-780x150-1.jpg","contentUrl":"https:\/\/barneleker.no\/wp-content\/uploads\/2021\/11\/barneleker_logo-780x150-1.jpg","width":780,"height":150,"caption":"Barneleker.no"},"image":{"@id":"https:\/\/barneleker.no\/#\/schema\/logo\/image\/"}}]}},"_links":{"self":[{"href":"https:\/\/barneleker.no\/index.php\/wp-json\/wp\/v2\/product\/14555","targetHints":{"allow":["GET"]}}],"collection":[{"href":"https:\/\/barneleker.no\/index.php\/wp-json\/wp\/v2\/product"}],"about":[{"href":"https:\/\/barneleker.no\/index.php\/wp-json\/wp\/v2\/types\/product"}],"replies":[{"embeddable":true,"href":"https:\/\/barneleker.no\/index.php\/wp-json\/wp\/v2\/comments?post=14555"}],"wp:featuredmedia":[{"embeddable":true,"href":"https:\/\/barneleker.no\/index.php\/wp-json\/wp\/v2\/media\/14554"}],"wp:attachment":[{"href":"https:\/\/barneleker.no\/index.php\/wp-json\/wp\/v2\/media?parent=14555"}],"wp:term":[{"taxonomy":"product_brand","embeddable":true,"href":"https:\/\/barneleker.no\/index.php\/wp-json\/wp\/v2\/product_brand?post=14555"},{"taxonomy":"product_cat","embeddable":true,"href":"https:\/\/barneleker.no\/index.php\/wp-json\/wp\/v2\/product_cat?post=14555"},{"taxonomy":"product_tag","embeddable":true,"href":"https:\/\/barneleker.no\/index.php\/wp-json\/wp\/v2\/product_tag?post=14555"}],"curies":[{"name":"wp","href":"https:\/\/api.w.org\/{rel}","templated":true}]}}