{"id":14685,"date":"2022-02-08T20:04:10","date_gmt":"2022-02-08T20:04:10","guid":{"rendered":"https:\/\/barneleker.no\/index.php\/product\/spin-master-paw-patrol-lookout-tower-playset\/"},"modified":"2022-02-08T20:04:10","modified_gmt":"2022-02-08T20:04:10","slug":"spin-master-paw-patrol-lookout-tower-playset","status":"publish","type":"product","link":"https:\/\/barneleker.no\/index.php\/product\/spin-master-paw-patrol-lookout-tower-playset\/","title":{"rendered":"Spin Master Paw Patrol, Lookout Tower Playset"},"content":{"rendered":"<p>Hold utkikk for fare med Paw Patrol Lookout Tower! Se Chase kan ta heisen til toppen av t\u00e5rnet og bruke kikkerten til \u00e5 lete etter farer. Lekesettet er en lekeplass for barnets fantasi, da de gjenskaper scener fra den popul\u00e6re TV-serien. N\u00e5r faren er observert, kommer Paw Patrol til for \u00e5 redde, og ved \u00e5 trykke p\u00e5 Paw Patrol-merket, sl\u00e5r man alarm, og s\u00e5 rykker de ut med en veldig fart sammen med kj\u00f8ret\u00f8yene sine! Ingen jobb er for stor og ingen valp er for liten, og n\u00e5 kan du redde dagen med den utrolige Paw Patrol Lookout Tower! Paw Patrol vil alltid st\u00e5 til tjenste i Adventure Bay. M\u00e5l: 47,5 x 33 x 15,7 cm Vekt med emballasje: 1600 gram Kreves 3 x LR44 batterier (inkludert) Fra 3 \u00e5r<\/p>\n","protected":false},"excerpt":{"rendered":"<p>Hold utkikk for fare med Paw Patrol Lookout Tower! Se Chase kan ta heisen til toppen av t\u00e5rnet og bruke kikkerten til \u00e5 lete etter&hellip;<\/p>\n","protected":false},"featured_media":14684,"comment_status":"open","ping_status":"closed","template":"","meta":[],"product_brand":[],"product_cat":[354],"product_tag":[],"class_list":{"0":"post-14685","1":"product","2":"type-product","3":"status-publish","4":"has-post-thumbnail","6":"product_cat-lekset","8":"first","9":"instock","10":"shipping-taxable","11":"product-type-external","12":"customify-col"},"yoast_head":"<!-- This site is optimized with the Yoast SEO plugin v26.0 - https:\/\/yoast.com\/wordpress\/plugins\/seo\/ -->\n<title>Spin Master Paw Patrol, Lookout Tower Playset - Barneleker.no<\/title>\n<meta name=\"robots\" content=\"index, follow, max-snippet:-1, max-image-preview:large, max-video-preview:-1\" \/>\n<link rel=\"canonical\" href=\"https:\/\/barneleker.no\/index.php\/product\/spin-master-paw-patrol-lookout-tower-playset\/\" \/>\n<meta property=\"og:locale\" content=\"nb_NO\" \/>\n<meta property=\"og:type\" content=\"article\" \/>\n<meta property=\"og:title\" content=\"Spin Master Paw Patrol, Lookout Tower Playset - Barneleker.no\" \/>\n<meta property=\"og:description\" content=\"Hold utkikk for fare med Paw Patrol Lookout Tower! Se Chase kan ta heisen til toppen av t\u00e5rnet og bruke kikkerten til \u00e5 lete etter&hellip;\" \/>\n<meta property=\"og:url\" content=\"https:\/\/barneleker.no\/index.php\/product\/spin-master-paw-patrol-lookout-tower-playset\/\" \/>\n<meta property=\"og:site_name\" content=\"Barneleker.no\" \/>\n<meta name=\"twitter:card\" content=\"summary_large_image\" \/>\n<meta name=\"twitter:label1\" content=\"Ansl. lesetid\" \/>\n\t<meta name=\"twitter:data1\" content=\"1 minutt\" \/>\n<script type=\"application\/ld+json\" class=\"yoast-schema-graph\">{\"@context\":\"https:\/\/schema.org\",\"@graph\":[{\"@type\":\"WebPage\",\"@id\":\"https:\/\/barneleker.no\/index.php\/product\/spin-master-paw-patrol-lookout-tower-playset\/\",\"url\":\"https:\/\/barneleker.no\/index.php\/product\/spin-master-paw-patrol-lookout-tower-playset\/\",\"name\":\"Spin Master Paw Patrol, Lookout Tower Playset - Barneleker.no\",\"isPartOf\":{\"@id\":\"https:\/\/barneleker.no\/#website\"},\"primaryImageOfPage\":{\"@id\":\"https:\/\/barneleker.no\/index.php\/product\/spin-master-paw-patrol-lookout-tower-playset\/#primaryimage\"},\"image\":{\"@id\":\"https:\/\/barneleker.no\/index.php\/product\/spin-master-paw-patrol-lookout-tower-playset\/#primaryimage\"},\"thumbnailUrl\":\"https:\/\/barneleker.no\/wp-content\/uploads\/2022\/02\/paw-patrol-lookout-tower-playset.jpg\",\"datePublished\":\"2022-02-08T20:04:10+00:00\",\"breadcrumb\":{\"@id\":\"https:\/\/barneleker.no\/index.php\/product\/spin-master-paw-patrol-lookout-tower-playset\/#breadcrumb\"},\"inLanguage\":\"nb-NO\",\"potentialAction\":[{\"@type\":\"ReadAction\",\"target\":[\"https:\/\/barneleker.no\/index.php\/product\/spin-master-paw-patrol-lookout-tower-playset\/\"]}]},{\"@type\":\"ImageObject\",\"inLanguage\":\"nb-NO\",\"@id\":\"https:\/\/barneleker.no\/index.php\/product\/spin-master-paw-patrol-lookout-tower-playset\/#primaryimage\",\"url\":\"https:\/\/barneleker.no\/wp-content\/uploads\/2022\/02\/paw-patrol-lookout-tower-playset.jpg\",\"contentUrl\":\"https:\/\/barneleker.no\/wp-content\/uploads\/2022\/02\/paw-patrol-lookout-tower-playset.jpg\",\"width\":555,\"height\":555},{\"@type\":\"BreadcrumbList\",\"@id\":\"https:\/\/barneleker.no\/index.php\/product\/spin-master-paw-patrol-lookout-tower-playset\/#breadcrumb\",\"itemListElement\":[{\"@type\":\"ListItem\",\"position\":1,\"name\":\"Butikken\",\"item\":\"https:\/\/barneleker.no\/\"},{\"@type\":\"ListItem\",\"position\":2,\"name\":\"Spin Master Paw Patrol, Lookout Tower Playset\"}]},{\"@type\":\"WebSite\",\"@id\":\"https:\/\/barneleker.no\/#website\",\"url\":\"https:\/\/barneleker.no\/\",\"name\":\"Barneleker.no\",\"description\":\"Selvf\u00f8lgelig!\",\"publisher\":{\"@id\":\"https:\/\/barneleker.no\/#organization\"},\"potentialAction\":[{\"@type\":\"SearchAction\",\"target\":{\"@type\":\"EntryPoint\",\"urlTemplate\":\"https:\/\/barneleker.no\/?s={search_term_string}\"},\"query-input\":{\"@type\":\"PropertyValueSpecification\",\"valueRequired\":true,\"valueName\":\"search_term_string\"}}],\"inLanguage\":\"nb-NO\"},{\"@type\":\"Organization\",\"@id\":\"https:\/\/barneleker.no\/#organization\",\"name\":\"Barneleker.no\",\"url\":\"https:\/\/barneleker.no\/\",\"logo\":{\"@type\":\"ImageObject\",\"inLanguage\":\"nb-NO\",\"@id\":\"https:\/\/barneleker.no\/#\/schema\/logo\/image\/\",\"url\":\"https:\/\/barneleker.no\/wp-content\/uploads\/2021\/11\/barneleker_logo-780x150-1.jpg\",\"contentUrl\":\"https:\/\/barneleker.no\/wp-content\/uploads\/2021\/11\/barneleker_logo-780x150-1.jpg\",\"width\":780,\"height\":150,\"caption\":\"Barneleker.no\"},\"image\":{\"@id\":\"https:\/\/barneleker.no\/#\/schema\/logo\/image\/\"}}]}<\/script>\n<!-- \/ Yoast SEO plugin. -->","yoast_head_json":{"title":"Spin Master Paw Patrol, Lookout Tower Playset - Barneleker.no","robots":{"index":"index","follow":"follow","max-snippet":"max-snippet:-1","max-image-preview":"max-image-preview:large","max-video-preview":"max-video-preview:-1"},"canonical":"https:\/\/barneleker.no\/index.php\/product\/spin-master-paw-patrol-lookout-tower-playset\/","og_locale":"nb_NO","og_type":"article","og_title":"Spin Master Paw Patrol, Lookout Tower Playset - Barneleker.no","og_description":"Hold utkikk for fare med Paw Patrol Lookout Tower! Se Chase kan ta heisen til toppen av t\u00e5rnet og bruke kikkerten til \u00e5 lete etter&hellip;","og_url":"https:\/\/barneleker.no\/index.php\/product\/spin-master-paw-patrol-lookout-tower-playset\/","og_site_name":"Barneleker.no","twitter_card":"summary_large_image","twitter_misc":{"Ansl. lesetid":"1 minutt"},"schema":{"@context":"https:\/\/schema.org","@graph":[{"@type":"WebPage","@id":"https:\/\/barneleker.no\/index.php\/product\/spin-master-paw-patrol-lookout-tower-playset\/","url":"https:\/\/barneleker.no\/index.php\/product\/spin-master-paw-patrol-lookout-tower-playset\/","name":"Spin Master Paw Patrol, Lookout Tower Playset - Barneleker.no","isPartOf":{"@id":"https:\/\/barneleker.no\/#website"},"primaryImageOfPage":{"@id":"https:\/\/barneleker.no\/index.php\/product\/spin-master-paw-patrol-lookout-tower-playset\/#primaryimage"},"image":{"@id":"https:\/\/barneleker.no\/index.php\/product\/spin-master-paw-patrol-lookout-tower-playset\/#primaryimage"},"thumbnailUrl":"https:\/\/barneleker.no\/wp-content\/uploads\/2022\/02\/paw-patrol-lookout-tower-playset.jpg","datePublished":"2022-02-08T20:04:10+00:00","breadcrumb":{"@id":"https:\/\/barneleker.no\/index.php\/product\/spin-master-paw-patrol-lookout-tower-playset\/#breadcrumb"},"inLanguage":"nb-NO","potentialAction":[{"@type":"ReadAction","target":["https:\/\/barneleker.no\/index.php\/product\/spin-master-paw-patrol-lookout-tower-playset\/"]}]},{"@type":"ImageObject","inLanguage":"nb-NO","@id":"https:\/\/barneleker.no\/index.php\/product\/spin-master-paw-patrol-lookout-tower-playset\/#primaryimage","url":"https:\/\/barneleker.no\/wp-content\/uploads\/2022\/02\/paw-patrol-lookout-tower-playset.jpg","contentUrl":"https:\/\/barneleker.no\/wp-content\/uploads\/2022\/02\/paw-patrol-lookout-tower-playset.jpg","width":555,"height":555},{"@type":"BreadcrumbList","@id":"https:\/\/barneleker.no\/index.php\/product\/spin-master-paw-patrol-lookout-tower-playset\/#breadcrumb","itemListElement":[{"@type":"ListItem","position":1,"name":"Butikken","item":"https:\/\/barneleker.no\/"},{"@type":"ListItem","position":2,"name":"Spin Master Paw Patrol, Lookout Tower Playset"}]},{"@type":"WebSite","@id":"https:\/\/barneleker.no\/#website","url":"https:\/\/barneleker.no\/","name":"Barneleker.no","description":"Selvf\u00f8lgelig!","publisher":{"@id":"https:\/\/barneleker.no\/#organization"},"potentialAction":[{"@type":"SearchAction","target":{"@type":"EntryPoint","urlTemplate":"https:\/\/barneleker.no\/?s={search_term_string}"},"query-input":{"@type":"PropertyValueSpecification","valueRequired":true,"valueName":"search_term_string"}}],"inLanguage":"nb-NO"},{"@type":"Organization","@id":"https:\/\/barneleker.no\/#organization","name":"Barneleker.no","url":"https:\/\/barneleker.no\/","logo":{"@type":"ImageObject","inLanguage":"nb-NO","@id":"https:\/\/barneleker.no\/#\/schema\/logo\/image\/","url":"https:\/\/barneleker.no\/wp-content\/uploads\/2021\/11\/barneleker_logo-780x150-1.jpg","contentUrl":"https:\/\/barneleker.no\/wp-content\/uploads\/2021\/11\/barneleker_logo-780x150-1.jpg","width":780,"height":150,"caption":"Barneleker.no"},"image":{"@id":"https:\/\/barneleker.no\/#\/schema\/logo\/image\/"}}]}},"_links":{"self":[{"href":"https:\/\/barneleker.no\/index.php\/wp-json\/wp\/v2\/product\/14685","targetHints":{"allow":["GET"]}}],"collection":[{"href":"https:\/\/barneleker.no\/index.php\/wp-json\/wp\/v2\/product"}],"about":[{"href":"https:\/\/barneleker.no\/index.php\/wp-json\/wp\/v2\/types\/product"}],"replies":[{"embeddable":true,"href":"https:\/\/barneleker.no\/index.php\/wp-json\/wp\/v2\/comments?post=14685"}],"wp:featuredmedia":[{"embeddable":true,"href":"https:\/\/barneleker.no\/index.php\/wp-json\/wp\/v2\/media\/14684"}],"wp:attachment":[{"href":"https:\/\/barneleker.no\/index.php\/wp-json\/wp\/v2\/media?parent=14685"}],"wp:term":[{"taxonomy":"product_brand","embeddable":true,"href":"https:\/\/barneleker.no\/index.php\/wp-json\/wp\/v2\/product_brand?post=14685"},{"taxonomy":"product_cat","embeddable":true,"href":"https:\/\/barneleker.no\/index.php\/wp-json\/wp\/v2\/product_cat?post=14685"},{"taxonomy":"product_tag","embeddable":true,"href":"https:\/\/barneleker.no\/index.php\/wp-json\/wp\/v2\/product_tag?post=14685"}],"curies":[{"name":"wp","href":"https:\/\/api.w.org\/{rel}","templated":true}]}}