{"id":14747,"date":"2022-02-08T20:04:33","date_gmt":"2022-02-08T20:04:33","guid":{"rendered":"https:\/\/barneleker.no\/index.php\/product\/lego-star-wars-75317-mandalorianeren-og-barnet\/"},"modified":"2022-02-08T20:04:33","modified_gmt":"2022-02-08T20:04:33","slug":"lego-star-wars-75317-mandalorianeren-og-barnet","status":"publish","type":"product","link":"https:\/\/barneleker.no\/index.php\/product\/lego-star-wars-75317-mandalorianeren-og-barnet\/","title":{"rendered":"LEGO Star Wars 75317, Mandalorianeren og Barnet"},"content":{"rendered":"<p>Lokk fram minner om episke fortellinger om Star Wars: The Mandalorian med denne g\u00f8yale byggeleken for kreative barn. Settet inkluderer LEGO\u00ae BrickHeadz\u2122 versjoner av mandalorianeren og Barnet (75317). Fans vil sette stor pris p\u00e5 autentiske detaljer som mandalorianerens velkjente v\u00e5pen \u2013 blasterriflen og blasterpistolen. Barnet har \u00f8rer som kan beveges, slik at han ser glad eller trist ut. Figuren sitter i en vugge som \u00absvever\u00bb, takket v\u00e6re fire gjennomsiktige LEGO elementer.  G\u00f8yal \u00e5 bygge, flott \u00e5 stille ut Denne fantastiske byggeleken er g\u00f8yal \u00e5 bygge enten du bygger alene eller sammen med venner og familie. Settet er et flott supplement til enhver Star Wars\u2122-samling, og hver byggbare LEGO figur leveres med en sokkel s\u00e5 du kan lage en i\u00f8ynefallende utstillingsmodell.  Flotte gaver Helt siden 1999 har LEGO konsernet gjenskapt ikoniske romskip, kj\u00f8ret\u00f8y, steder og figurer fra det legendariske Star Wars-universet. LEGO Star Wars er konsernets mest vellykkede tema, og kolleksjonen best\u00e5r av et enormt utvalg av bursdags-, h\u00f8ytids- og overraskelsesgaver for alle aldersgrupper.<\/p>\n","protected":false},"excerpt":{"rendered":"<p>Lokk fram minner om episke fortellinger om Star Wars: The Mandalorian med denne g\u00f8yale byggeleken for kreative barn. Settet inkluderer LEGO\u00ae BrickHeadz\u2122 versjoner av mandalorianeren&hellip;<\/p>\n","protected":false},"featured_media":14746,"comment_status":"open","ping_status":"closed","template":"","meta":[],"product_brand":[],"product_cat":[340],"product_tag":[],"class_list":{"0":"post-14747","1":"product","2":"type-product","3":"status-publish","4":"has-post-thumbnail","6":"product_cat-set","8":"first","9":"instock","10":"shipping-taxable","11":"product-type-external","12":"customify-col"},"yoast_head":"<!-- This site is optimized with the Yoast SEO plugin v26.0 - https:\/\/yoast.com\/wordpress\/plugins\/seo\/ -->\n<title>LEGO Star Wars 75317, Mandalorianeren og Barnet - Barneleker.no<\/title>\n<meta name=\"robots\" content=\"index, follow, max-snippet:-1, max-image-preview:large, max-video-preview:-1\" \/>\n<link rel=\"canonical\" href=\"https:\/\/barneleker.no\/index.php\/product\/lego-star-wars-75317-mandalorianeren-og-barnet\/\" \/>\n<meta property=\"og:locale\" content=\"nb_NO\" \/>\n<meta property=\"og:type\" content=\"article\" \/>\n<meta property=\"og:title\" content=\"LEGO Star Wars 75317, Mandalorianeren og Barnet - Barneleker.no\" \/>\n<meta property=\"og:description\" content=\"Lokk fram minner om episke fortellinger om Star Wars: The Mandalorian med denne g\u00f8yale byggeleken for kreative barn. Settet inkluderer LEGO\u00ae BrickHeadz\u2122 versjoner av mandalorianeren&hellip;\" \/>\n<meta property=\"og:url\" content=\"https:\/\/barneleker.no\/index.php\/product\/lego-star-wars-75317-mandalorianeren-og-barnet\/\" \/>\n<meta property=\"og:site_name\" content=\"Barneleker.no\" \/>\n<meta name=\"twitter:card\" content=\"summary_large_image\" \/>\n<meta name=\"twitter:label1\" content=\"Ansl. lesetid\" \/>\n\t<meta name=\"twitter:data1\" content=\"1 minutt\" \/>\n<script type=\"application\/ld+json\" class=\"yoast-schema-graph\">{\"@context\":\"https:\/\/schema.org\",\"@graph\":[{\"@type\":\"WebPage\",\"@id\":\"https:\/\/barneleker.no\/index.php\/product\/lego-star-wars-75317-mandalorianeren-og-barnet\/\",\"url\":\"https:\/\/barneleker.no\/index.php\/product\/lego-star-wars-75317-mandalorianeren-og-barnet\/\",\"name\":\"LEGO Star Wars 75317, Mandalorianeren og Barnet - Barneleker.no\",\"isPartOf\":{\"@id\":\"https:\/\/barneleker.no\/#website\"},\"primaryImageOfPage\":{\"@id\":\"https:\/\/barneleker.no\/index.php\/product\/lego-star-wars-75317-mandalorianeren-og-barnet\/#primaryimage\"},\"image\":{\"@id\":\"https:\/\/barneleker.no\/index.php\/product\/lego-star-wars-75317-mandalorianeren-og-barnet\/#primaryimage\"},\"thumbnailUrl\":\"https:\/\/barneleker.no\/wp-content\/uploads\/2022\/02\/lego-star-wars-75317-mandalorianeren-og-barnet.jpg\",\"datePublished\":\"2022-02-08T20:04:33+00:00\",\"breadcrumb\":{\"@id\":\"https:\/\/barneleker.no\/index.php\/product\/lego-star-wars-75317-mandalorianeren-og-barnet\/#breadcrumb\"},\"inLanguage\":\"nb-NO\",\"potentialAction\":[{\"@type\":\"ReadAction\",\"target\":[\"https:\/\/barneleker.no\/index.php\/product\/lego-star-wars-75317-mandalorianeren-og-barnet\/\"]}]},{\"@type\":\"ImageObject\",\"inLanguage\":\"nb-NO\",\"@id\":\"https:\/\/barneleker.no\/index.php\/product\/lego-star-wars-75317-mandalorianeren-og-barnet\/#primaryimage\",\"url\":\"https:\/\/barneleker.no\/wp-content\/uploads\/2022\/02\/lego-star-wars-75317-mandalorianeren-og-barnet.jpg\",\"contentUrl\":\"https:\/\/barneleker.no\/wp-content\/uploads\/2022\/02\/lego-star-wars-75317-mandalorianeren-og-barnet.jpg\",\"width\":555,\"height\":555},{\"@type\":\"BreadcrumbList\",\"@id\":\"https:\/\/barneleker.no\/index.php\/product\/lego-star-wars-75317-mandalorianeren-og-barnet\/#breadcrumb\",\"itemListElement\":[{\"@type\":\"ListItem\",\"position\":1,\"name\":\"Butikken\",\"item\":\"https:\/\/barneleker.no\/\"},{\"@type\":\"ListItem\",\"position\":2,\"name\":\"LEGO Star Wars 75317, Mandalorianeren og Barnet\"}]},{\"@type\":\"WebSite\",\"@id\":\"https:\/\/barneleker.no\/#website\",\"url\":\"https:\/\/barneleker.no\/\",\"name\":\"Barneleker.no\",\"description\":\"Selvf\u00f8lgelig!\",\"publisher\":{\"@id\":\"https:\/\/barneleker.no\/#organization\"},\"potentialAction\":[{\"@type\":\"SearchAction\",\"target\":{\"@type\":\"EntryPoint\",\"urlTemplate\":\"https:\/\/barneleker.no\/?s={search_term_string}\"},\"query-input\":{\"@type\":\"PropertyValueSpecification\",\"valueRequired\":true,\"valueName\":\"search_term_string\"}}],\"inLanguage\":\"nb-NO\"},{\"@type\":\"Organization\",\"@id\":\"https:\/\/barneleker.no\/#organization\",\"name\":\"Barneleker.no\",\"url\":\"https:\/\/barneleker.no\/\",\"logo\":{\"@type\":\"ImageObject\",\"inLanguage\":\"nb-NO\",\"@id\":\"https:\/\/barneleker.no\/#\/schema\/logo\/image\/\",\"url\":\"https:\/\/barneleker.no\/wp-content\/uploads\/2021\/11\/barneleker_logo-780x150-1.jpg\",\"contentUrl\":\"https:\/\/barneleker.no\/wp-content\/uploads\/2021\/11\/barneleker_logo-780x150-1.jpg\",\"width\":780,\"height\":150,\"caption\":\"Barneleker.no\"},\"image\":{\"@id\":\"https:\/\/barneleker.no\/#\/schema\/logo\/image\/\"}}]}<\/script>\n<!-- \/ Yoast SEO plugin. -->","yoast_head_json":{"title":"LEGO Star Wars 75317, Mandalorianeren og Barnet - Barneleker.no","robots":{"index":"index","follow":"follow","max-snippet":"max-snippet:-1","max-image-preview":"max-image-preview:large","max-video-preview":"max-video-preview:-1"},"canonical":"https:\/\/barneleker.no\/index.php\/product\/lego-star-wars-75317-mandalorianeren-og-barnet\/","og_locale":"nb_NO","og_type":"article","og_title":"LEGO Star Wars 75317, Mandalorianeren og Barnet - Barneleker.no","og_description":"Lokk fram minner om episke fortellinger om Star Wars: The Mandalorian med denne g\u00f8yale byggeleken for kreative barn. Settet inkluderer LEGO\u00ae BrickHeadz\u2122 versjoner av mandalorianeren&hellip;","og_url":"https:\/\/barneleker.no\/index.php\/product\/lego-star-wars-75317-mandalorianeren-og-barnet\/","og_site_name":"Barneleker.no","twitter_card":"summary_large_image","twitter_misc":{"Ansl. lesetid":"1 minutt"},"schema":{"@context":"https:\/\/schema.org","@graph":[{"@type":"WebPage","@id":"https:\/\/barneleker.no\/index.php\/product\/lego-star-wars-75317-mandalorianeren-og-barnet\/","url":"https:\/\/barneleker.no\/index.php\/product\/lego-star-wars-75317-mandalorianeren-og-barnet\/","name":"LEGO Star Wars 75317, Mandalorianeren og Barnet - Barneleker.no","isPartOf":{"@id":"https:\/\/barneleker.no\/#website"},"primaryImageOfPage":{"@id":"https:\/\/barneleker.no\/index.php\/product\/lego-star-wars-75317-mandalorianeren-og-barnet\/#primaryimage"},"image":{"@id":"https:\/\/barneleker.no\/index.php\/product\/lego-star-wars-75317-mandalorianeren-og-barnet\/#primaryimage"},"thumbnailUrl":"https:\/\/barneleker.no\/wp-content\/uploads\/2022\/02\/lego-star-wars-75317-mandalorianeren-og-barnet.jpg","datePublished":"2022-02-08T20:04:33+00:00","breadcrumb":{"@id":"https:\/\/barneleker.no\/index.php\/product\/lego-star-wars-75317-mandalorianeren-og-barnet\/#breadcrumb"},"inLanguage":"nb-NO","potentialAction":[{"@type":"ReadAction","target":["https:\/\/barneleker.no\/index.php\/product\/lego-star-wars-75317-mandalorianeren-og-barnet\/"]}]},{"@type":"ImageObject","inLanguage":"nb-NO","@id":"https:\/\/barneleker.no\/index.php\/product\/lego-star-wars-75317-mandalorianeren-og-barnet\/#primaryimage","url":"https:\/\/barneleker.no\/wp-content\/uploads\/2022\/02\/lego-star-wars-75317-mandalorianeren-og-barnet.jpg","contentUrl":"https:\/\/barneleker.no\/wp-content\/uploads\/2022\/02\/lego-star-wars-75317-mandalorianeren-og-barnet.jpg","width":555,"height":555},{"@type":"BreadcrumbList","@id":"https:\/\/barneleker.no\/index.php\/product\/lego-star-wars-75317-mandalorianeren-og-barnet\/#breadcrumb","itemListElement":[{"@type":"ListItem","position":1,"name":"Butikken","item":"https:\/\/barneleker.no\/"},{"@type":"ListItem","position":2,"name":"LEGO Star Wars 75317, Mandalorianeren og Barnet"}]},{"@type":"WebSite","@id":"https:\/\/barneleker.no\/#website","url":"https:\/\/barneleker.no\/","name":"Barneleker.no","description":"Selvf\u00f8lgelig!","publisher":{"@id":"https:\/\/barneleker.no\/#organization"},"potentialAction":[{"@type":"SearchAction","target":{"@type":"EntryPoint","urlTemplate":"https:\/\/barneleker.no\/?s={search_term_string}"},"query-input":{"@type":"PropertyValueSpecification","valueRequired":true,"valueName":"search_term_string"}}],"inLanguage":"nb-NO"},{"@type":"Organization","@id":"https:\/\/barneleker.no\/#organization","name":"Barneleker.no","url":"https:\/\/barneleker.no\/","logo":{"@type":"ImageObject","inLanguage":"nb-NO","@id":"https:\/\/barneleker.no\/#\/schema\/logo\/image\/","url":"https:\/\/barneleker.no\/wp-content\/uploads\/2021\/11\/barneleker_logo-780x150-1.jpg","contentUrl":"https:\/\/barneleker.no\/wp-content\/uploads\/2021\/11\/barneleker_logo-780x150-1.jpg","width":780,"height":150,"caption":"Barneleker.no"},"image":{"@id":"https:\/\/barneleker.no\/#\/schema\/logo\/image\/"}}]}},"_links":{"self":[{"href":"https:\/\/barneleker.no\/index.php\/wp-json\/wp\/v2\/product\/14747","targetHints":{"allow":["GET"]}}],"collection":[{"href":"https:\/\/barneleker.no\/index.php\/wp-json\/wp\/v2\/product"}],"about":[{"href":"https:\/\/barneleker.no\/index.php\/wp-json\/wp\/v2\/types\/product"}],"replies":[{"embeddable":true,"href":"https:\/\/barneleker.no\/index.php\/wp-json\/wp\/v2\/comments?post=14747"}],"wp:featuredmedia":[{"embeddable":true,"href":"https:\/\/barneleker.no\/index.php\/wp-json\/wp\/v2\/media\/14746"}],"wp:attachment":[{"href":"https:\/\/barneleker.no\/index.php\/wp-json\/wp\/v2\/media?parent=14747"}],"wp:term":[{"taxonomy":"product_brand","embeddable":true,"href":"https:\/\/barneleker.no\/index.php\/wp-json\/wp\/v2\/product_brand?post=14747"},{"taxonomy":"product_cat","embeddable":true,"href":"https:\/\/barneleker.no\/index.php\/wp-json\/wp\/v2\/product_cat?post=14747"},{"taxonomy":"product_tag","embeddable":true,"href":"https:\/\/barneleker.no\/index.php\/wp-json\/wp\/v2\/product_tag?post=14747"}],"curies":[{"name":"wp","href":"https:\/\/api.w.org\/{rel}","templated":true}]}}