{"id":14791,"date":"2022-02-08T20:04:50","date_gmt":"2022-02-08T20:04:50","guid":{"rendered":"https:\/\/barneleker.no\/index.php\/product\/lego-minecraft-21164-korallrevet\/"},"modified":"2022-02-08T20:04:50","modified_gmt":"2022-02-08T20:04:50","slug":"lego-minecraft-21164-korallrevet","status":"publish","type":"product","link":"https:\/\/barneleker.no\/index.php\/product\/lego-minecraft-21164-korallrevet\/","title":{"rendered":"LEGO Minecraft 21164, Korallrevet"},"content":{"rendered":"<p>Opplev Minecraft\u2122 \u2013 det utrolig popul\u00e6re dataspillet for barn \u2013 i virkeligheten med byggesettet LEGO\u00ae Minecraft korallrevet (21164). LEGO klossene kan flyttes om p\u00e5 i det uendelige for kreativ byggemoro som aldri tar slutt.  Autentisk Minecraft action i en undervannsverden La barn bli med den popul\u00e6re og dristige Minecraft karakteren Alex, n\u00e5r hun dykker ned til det fargerike korallrevet i Minecraft havet p\u00e5 jakt etter skjulte skatter. Settet er stappfullt av fantasifulle Minecraft elementer, inkludert piggsvinfisker og en skjult skattkiste. Og, som i alle Minecraft eventyr, m\u00e5 du gj\u00f8re deg klar for en spennende sverdkamp mot en druknet zombie.<\/p>\n","protected":false},"excerpt":{"rendered":"<p>Opplev Minecraft\u2122 \u2013 det utrolig popul\u00e6re dataspillet for barn \u2013 i virkeligheten med byggesettet LEGO\u00ae Minecraft korallrevet (21164). LEGO klossene kan flyttes om p\u00e5 i&hellip;<\/p>\n","protected":false},"featured_media":14790,"comment_status":"open","ping_status":"closed","template":"","meta":[],"product_brand":[],"product_cat":[340],"product_tag":[],"class_list":{"0":"post-14791","1":"product","2":"type-product","3":"status-publish","4":"has-post-thumbnail","6":"product_cat-set","8":"first","9":"instock","10":"shipping-taxable","11":"product-type-external","12":"customify-col"},"yoast_head":"<!-- This site is optimized with the Yoast SEO plugin v26.0 - https:\/\/yoast.com\/wordpress\/plugins\/seo\/ -->\n<title>LEGO Minecraft 21164, Korallrevet - Barneleker.no<\/title>\n<meta name=\"robots\" content=\"index, follow, max-snippet:-1, max-image-preview:large, max-video-preview:-1\" \/>\n<link rel=\"canonical\" href=\"https:\/\/barneleker.no\/index.php\/product\/lego-minecraft-21164-korallrevet\/\" \/>\n<meta property=\"og:locale\" content=\"nb_NO\" \/>\n<meta property=\"og:type\" content=\"article\" \/>\n<meta property=\"og:title\" content=\"LEGO Minecraft 21164, Korallrevet - Barneleker.no\" \/>\n<meta property=\"og:description\" content=\"Opplev Minecraft\u2122 \u2013 det utrolig popul\u00e6re dataspillet for barn \u2013 i virkeligheten med byggesettet LEGO\u00ae Minecraft korallrevet (21164). LEGO klossene kan flyttes om p\u00e5 i&hellip;\" \/>\n<meta property=\"og:url\" content=\"https:\/\/barneleker.no\/index.php\/product\/lego-minecraft-21164-korallrevet\/\" \/>\n<meta property=\"og:site_name\" content=\"Barneleker.no\" \/>\n<meta name=\"twitter:card\" content=\"summary_large_image\" \/>\n<meta name=\"twitter:label1\" content=\"Ansl. lesetid\" \/>\n\t<meta name=\"twitter:data1\" content=\"1 minutt\" \/>\n<script type=\"application\/ld+json\" class=\"yoast-schema-graph\">{\"@context\":\"https:\/\/schema.org\",\"@graph\":[{\"@type\":\"WebPage\",\"@id\":\"https:\/\/barneleker.no\/index.php\/product\/lego-minecraft-21164-korallrevet\/\",\"url\":\"https:\/\/barneleker.no\/index.php\/product\/lego-minecraft-21164-korallrevet\/\",\"name\":\"LEGO Minecraft 21164, Korallrevet - Barneleker.no\",\"isPartOf\":{\"@id\":\"https:\/\/barneleker.no\/#website\"},\"primaryImageOfPage\":{\"@id\":\"https:\/\/barneleker.no\/index.php\/product\/lego-minecraft-21164-korallrevet\/#primaryimage\"},\"image\":{\"@id\":\"https:\/\/barneleker.no\/index.php\/product\/lego-minecraft-21164-korallrevet\/#primaryimage\"},\"thumbnailUrl\":\"https:\/\/barneleker.no\/wp-content\/uploads\/2022\/02\/lego-minecraft-21164-korallrevet.jpg\",\"datePublished\":\"2022-02-08T20:04:50+00:00\",\"breadcrumb\":{\"@id\":\"https:\/\/barneleker.no\/index.php\/product\/lego-minecraft-21164-korallrevet\/#breadcrumb\"},\"inLanguage\":\"nb-NO\",\"potentialAction\":[{\"@type\":\"ReadAction\",\"target\":[\"https:\/\/barneleker.no\/index.php\/product\/lego-minecraft-21164-korallrevet\/\"]}]},{\"@type\":\"ImageObject\",\"inLanguage\":\"nb-NO\",\"@id\":\"https:\/\/barneleker.no\/index.php\/product\/lego-minecraft-21164-korallrevet\/#primaryimage\",\"url\":\"https:\/\/barneleker.no\/wp-content\/uploads\/2022\/02\/lego-minecraft-21164-korallrevet.jpg\",\"contentUrl\":\"https:\/\/barneleker.no\/wp-content\/uploads\/2022\/02\/lego-minecraft-21164-korallrevet.jpg\",\"width\":555,\"height\":555},{\"@type\":\"BreadcrumbList\",\"@id\":\"https:\/\/barneleker.no\/index.php\/product\/lego-minecraft-21164-korallrevet\/#breadcrumb\",\"itemListElement\":[{\"@type\":\"ListItem\",\"position\":1,\"name\":\"Butikken\",\"item\":\"https:\/\/barneleker.no\/\"},{\"@type\":\"ListItem\",\"position\":2,\"name\":\"LEGO Minecraft 21164, Korallrevet\"}]},{\"@type\":\"WebSite\",\"@id\":\"https:\/\/barneleker.no\/#website\",\"url\":\"https:\/\/barneleker.no\/\",\"name\":\"Barneleker.no\",\"description\":\"Selvf\u00f8lgelig!\",\"publisher\":{\"@id\":\"https:\/\/barneleker.no\/#organization\"},\"potentialAction\":[{\"@type\":\"SearchAction\",\"target\":{\"@type\":\"EntryPoint\",\"urlTemplate\":\"https:\/\/barneleker.no\/?s={search_term_string}\"},\"query-input\":{\"@type\":\"PropertyValueSpecification\",\"valueRequired\":true,\"valueName\":\"search_term_string\"}}],\"inLanguage\":\"nb-NO\"},{\"@type\":\"Organization\",\"@id\":\"https:\/\/barneleker.no\/#organization\",\"name\":\"Barneleker.no\",\"url\":\"https:\/\/barneleker.no\/\",\"logo\":{\"@type\":\"ImageObject\",\"inLanguage\":\"nb-NO\",\"@id\":\"https:\/\/barneleker.no\/#\/schema\/logo\/image\/\",\"url\":\"https:\/\/barneleker.no\/wp-content\/uploads\/2021\/11\/barneleker_logo-780x150-1.jpg\",\"contentUrl\":\"https:\/\/barneleker.no\/wp-content\/uploads\/2021\/11\/barneleker_logo-780x150-1.jpg\",\"width\":780,\"height\":150,\"caption\":\"Barneleker.no\"},\"image\":{\"@id\":\"https:\/\/barneleker.no\/#\/schema\/logo\/image\/\"}}]}<\/script>\n<!-- \/ Yoast SEO plugin. -->","yoast_head_json":{"title":"LEGO Minecraft 21164, Korallrevet - Barneleker.no","robots":{"index":"index","follow":"follow","max-snippet":"max-snippet:-1","max-image-preview":"max-image-preview:large","max-video-preview":"max-video-preview:-1"},"canonical":"https:\/\/barneleker.no\/index.php\/product\/lego-minecraft-21164-korallrevet\/","og_locale":"nb_NO","og_type":"article","og_title":"LEGO Minecraft 21164, Korallrevet - Barneleker.no","og_description":"Opplev Minecraft\u2122 \u2013 det utrolig popul\u00e6re dataspillet for barn \u2013 i virkeligheten med byggesettet LEGO\u00ae Minecraft korallrevet (21164). LEGO klossene kan flyttes om p\u00e5 i&hellip;","og_url":"https:\/\/barneleker.no\/index.php\/product\/lego-minecraft-21164-korallrevet\/","og_site_name":"Barneleker.no","twitter_card":"summary_large_image","twitter_misc":{"Ansl. lesetid":"1 minutt"},"schema":{"@context":"https:\/\/schema.org","@graph":[{"@type":"WebPage","@id":"https:\/\/barneleker.no\/index.php\/product\/lego-minecraft-21164-korallrevet\/","url":"https:\/\/barneleker.no\/index.php\/product\/lego-minecraft-21164-korallrevet\/","name":"LEGO Minecraft 21164, Korallrevet - Barneleker.no","isPartOf":{"@id":"https:\/\/barneleker.no\/#website"},"primaryImageOfPage":{"@id":"https:\/\/barneleker.no\/index.php\/product\/lego-minecraft-21164-korallrevet\/#primaryimage"},"image":{"@id":"https:\/\/barneleker.no\/index.php\/product\/lego-minecraft-21164-korallrevet\/#primaryimage"},"thumbnailUrl":"https:\/\/barneleker.no\/wp-content\/uploads\/2022\/02\/lego-minecraft-21164-korallrevet.jpg","datePublished":"2022-02-08T20:04:50+00:00","breadcrumb":{"@id":"https:\/\/barneleker.no\/index.php\/product\/lego-minecraft-21164-korallrevet\/#breadcrumb"},"inLanguage":"nb-NO","potentialAction":[{"@type":"ReadAction","target":["https:\/\/barneleker.no\/index.php\/product\/lego-minecraft-21164-korallrevet\/"]}]},{"@type":"ImageObject","inLanguage":"nb-NO","@id":"https:\/\/barneleker.no\/index.php\/product\/lego-minecraft-21164-korallrevet\/#primaryimage","url":"https:\/\/barneleker.no\/wp-content\/uploads\/2022\/02\/lego-minecraft-21164-korallrevet.jpg","contentUrl":"https:\/\/barneleker.no\/wp-content\/uploads\/2022\/02\/lego-minecraft-21164-korallrevet.jpg","width":555,"height":555},{"@type":"BreadcrumbList","@id":"https:\/\/barneleker.no\/index.php\/product\/lego-minecraft-21164-korallrevet\/#breadcrumb","itemListElement":[{"@type":"ListItem","position":1,"name":"Butikken","item":"https:\/\/barneleker.no\/"},{"@type":"ListItem","position":2,"name":"LEGO Minecraft 21164, Korallrevet"}]},{"@type":"WebSite","@id":"https:\/\/barneleker.no\/#website","url":"https:\/\/barneleker.no\/","name":"Barneleker.no","description":"Selvf\u00f8lgelig!","publisher":{"@id":"https:\/\/barneleker.no\/#organization"},"potentialAction":[{"@type":"SearchAction","target":{"@type":"EntryPoint","urlTemplate":"https:\/\/barneleker.no\/?s={search_term_string}"},"query-input":{"@type":"PropertyValueSpecification","valueRequired":true,"valueName":"search_term_string"}}],"inLanguage":"nb-NO"},{"@type":"Organization","@id":"https:\/\/barneleker.no\/#organization","name":"Barneleker.no","url":"https:\/\/barneleker.no\/","logo":{"@type":"ImageObject","inLanguage":"nb-NO","@id":"https:\/\/barneleker.no\/#\/schema\/logo\/image\/","url":"https:\/\/barneleker.no\/wp-content\/uploads\/2021\/11\/barneleker_logo-780x150-1.jpg","contentUrl":"https:\/\/barneleker.no\/wp-content\/uploads\/2021\/11\/barneleker_logo-780x150-1.jpg","width":780,"height":150,"caption":"Barneleker.no"},"image":{"@id":"https:\/\/barneleker.no\/#\/schema\/logo\/image\/"}}]}},"_links":{"self":[{"href":"https:\/\/barneleker.no\/index.php\/wp-json\/wp\/v2\/product\/14791","targetHints":{"allow":["GET"]}}],"collection":[{"href":"https:\/\/barneleker.no\/index.php\/wp-json\/wp\/v2\/product"}],"about":[{"href":"https:\/\/barneleker.no\/index.php\/wp-json\/wp\/v2\/types\/product"}],"replies":[{"embeddable":true,"href":"https:\/\/barneleker.no\/index.php\/wp-json\/wp\/v2\/comments?post=14791"}],"wp:featuredmedia":[{"embeddable":true,"href":"https:\/\/barneleker.no\/index.php\/wp-json\/wp\/v2\/media\/14790"}],"wp:attachment":[{"href":"https:\/\/barneleker.no\/index.php\/wp-json\/wp\/v2\/media?parent=14791"}],"wp:term":[{"taxonomy":"product_brand","embeddable":true,"href":"https:\/\/barneleker.no\/index.php\/wp-json\/wp\/v2\/product_brand?post=14791"},{"taxonomy":"product_cat","embeddable":true,"href":"https:\/\/barneleker.no\/index.php\/wp-json\/wp\/v2\/product_cat?post=14791"},{"taxonomy":"product_tag","embeddable":true,"href":"https:\/\/barneleker.no\/index.php\/wp-json\/wp\/v2\/product_tag?post=14791"}],"curies":[{"name":"wp","href":"https:\/\/api.w.org\/{rel}","templated":true}]}}