{"id":14821,"date":"2022-02-08T20:05:00","date_gmt":"2022-02-08T20:05:00","guid":{"rendered":"https:\/\/barneleker.no\/index.php\/product\/lekia-magisk-tegnetavle-blister-20x15cm-regnbue\/"},"modified":"2022-02-08T20:05:00","modified_gmt":"2022-02-08T20:05:00","slug":"lekia-magisk-tegnetavle-blister-20x15cm-regnbue","status":"publish","type":"product","link":"https:\/\/barneleker.no\/index.php\/product\/lekia-magisk-tegnetavle-blister-20x15cm-regnbue\/","title":{"rendered":"Lekia Magisk Tegnetavle blister 20x15cm regnbue"},"content":{"rendered":"<p>Med denne magiske tegnetavlenblyanten kan du tegne n\u00f8yaktig hva du vil &#8211; s\u00e5 mange ganger du vil! Magnetpennen er superlett \u00e5 tegne med, og de to tilh\u00f8rende stem\u00e5lener lar deg lage ekstra morsomme og fantasifulle bilder. N\u00e5r du er klar, kan du enkelt slette tegningen ved \u00e5 bare trekke h\u00e5ndtaket frem og tilbake. Fra 3 \u00e5r. M\u00e5l: 20&#215;15 cm<\/p>\n","protected":false},"excerpt":{"rendered":"<p>Med denne magiske tegnetavlenblyanten kan du tegne n\u00f8yaktig hva du vil &#8211; s\u00e5 mange ganger du vil! Magnetpennen er superlett \u00e5 tegne med, og de&hellip;<\/p>\n","protected":false},"featured_media":14820,"comment_status":"open","ping_status":"closed","template":"","meta":[],"product_brand":[],"product_cat":[589],"product_tag":[],"class_list":{"0":"post-14821","1":"product","2":"type-product","3":"status-publish","4":"has-post-thumbnail","6":"product_cat-rittavlor","8":"first","9":"instock","10":"shipping-taxable","11":"product-type-external","12":"customify-col"},"yoast_head":"<!-- This site is optimized with the Yoast SEO plugin v26.0 - https:\/\/yoast.com\/wordpress\/plugins\/seo\/ -->\n<title>Lekia Magisk Tegnetavle blister 20x15cm regnbue - Barneleker.no<\/title>\n<meta name=\"robots\" content=\"index, follow, max-snippet:-1, max-image-preview:large, max-video-preview:-1\" \/>\n<link rel=\"canonical\" href=\"https:\/\/barneleker.no\/index.php\/product\/lekia-magisk-tegnetavle-blister-20x15cm-regnbue\/\" \/>\n<meta property=\"og:locale\" content=\"nb_NO\" \/>\n<meta property=\"og:type\" content=\"article\" \/>\n<meta property=\"og:title\" content=\"Lekia Magisk Tegnetavle blister 20x15cm regnbue - Barneleker.no\" \/>\n<meta property=\"og:description\" content=\"Med denne magiske tegnetavlenblyanten kan du tegne n\u00f8yaktig hva du vil &#8211; s\u00e5 mange ganger du vil! Magnetpennen er superlett \u00e5 tegne med, og de&hellip;\" \/>\n<meta property=\"og:url\" content=\"https:\/\/barneleker.no\/index.php\/product\/lekia-magisk-tegnetavle-blister-20x15cm-regnbue\/\" \/>\n<meta property=\"og:site_name\" content=\"Barneleker.no\" \/>\n<meta name=\"twitter:card\" content=\"summary_large_image\" \/>\n<script type=\"application\/ld+json\" class=\"yoast-schema-graph\">{\"@context\":\"https:\/\/schema.org\",\"@graph\":[{\"@type\":\"WebPage\",\"@id\":\"https:\/\/barneleker.no\/index.php\/product\/lekia-magisk-tegnetavle-blister-20x15cm-regnbue\/\",\"url\":\"https:\/\/barneleker.no\/index.php\/product\/lekia-magisk-tegnetavle-blister-20x15cm-regnbue\/\",\"name\":\"Lekia Magisk Tegnetavle blister 20x15cm regnbue - Barneleker.no\",\"isPartOf\":{\"@id\":\"https:\/\/barneleker.no\/#website\"},\"primaryImageOfPage\":{\"@id\":\"https:\/\/barneleker.no\/index.php\/product\/lekia-magisk-tegnetavle-blister-20x15cm-regnbue\/#primaryimage\"},\"image\":{\"@id\":\"https:\/\/barneleker.no\/index.php\/product\/lekia-magisk-tegnetavle-blister-20x15cm-regnbue\/#primaryimage\"},\"thumbnailUrl\":\"https:\/\/barneleker.no\/wp-content\/uploads\/2022\/02\/magisk-tegnetavle-blister-20x15cm-regnbue.jpg\",\"datePublished\":\"2022-02-08T20:05:00+00:00\",\"breadcrumb\":{\"@id\":\"https:\/\/barneleker.no\/index.php\/product\/lekia-magisk-tegnetavle-blister-20x15cm-regnbue\/#breadcrumb\"},\"inLanguage\":\"nb-NO\",\"potentialAction\":[{\"@type\":\"ReadAction\",\"target\":[\"https:\/\/barneleker.no\/index.php\/product\/lekia-magisk-tegnetavle-blister-20x15cm-regnbue\/\"]}]},{\"@type\":\"ImageObject\",\"inLanguage\":\"nb-NO\",\"@id\":\"https:\/\/barneleker.no\/index.php\/product\/lekia-magisk-tegnetavle-blister-20x15cm-regnbue\/#primaryimage\",\"url\":\"https:\/\/barneleker.no\/wp-content\/uploads\/2022\/02\/magisk-tegnetavle-blister-20x15cm-regnbue.jpg\",\"contentUrl\":\"https:\/\/barneleker.no\/wp-content\/uploads\/2022\/02\/magisk-tegnetavle-blister-20x15cm-regnbue.jpg\",\"width\":555,\"height\":555},{\"@type\":\"BreadcrumbList\",\"@id\":\"https:\/\/barneleker.no\/index.php\/product\/lekia-magisk-tegnetavle-blister-20x15cm-regnbue\/#breadcrumb\",\"itemListElement\":[{\"@type\":\"ListItem\",\"position\":1,\"name\":\"Butikken\",\"item\":\"https:\/\/barneleker.no\/\"},{\"@type\":\"ListItem\",\"position\":2,\"name\":\"Lekia Magisk Tegnetavle blister 20x15cm regnbue\"}]},{\"@type\":\"WebSite\",\"@id\":\"https:\/\/barneleker.no\/#website\",\"url\":\"https:\/\/barneleker.no\/\",\"name\":\"Barneleker.no\",\"description\":\"Selvf\u00f8lgelig!\",\"publisher\":{\"@id\":\"https:\/\/barneleker.no\/#organization\"},\"potentialAction\":[{\"@type\":\"SearchAction\",\"target\":{\"@type\":\"EntryPoint\",\"urlTemplate\":\"https:\/\/barneleker.no\/?s={search_term_string}\"},\"query-input\":{\"@type\":\"PropertyValueSpecification\",\"valueRequired\":true,\"valueName\":\"search_term_string\"}}],\"inLanguage\":\"nb-NO\"},{\"@type\":\"Organization\",\"@id\":\"https:\/\/barneleker.no\/#organization\",\"name\":\"Barneleker.no\",\"url\":\"https:\/\/barneleker.no\/\",\"logo\":{\"@type\":\"ImageObject\",\"inLanguage\":\"nb-NO\",\"@id\":\"https:\/\/barneleker.no\/#\/schema\/logo\/image\/\",\"url\":\"https:\/\/barneleker.no\/wp-content\/uploads\/2021\/11\/barneleker_logo-780x150-1.jpg\",\"contentUrl\":\"https:\/\/barneleker.no\/wp-content\/uploads\/2021\/11\/barneleker_logo-780x150-1.jpg\",\"width\":780,\"height\":150,\"caption\":\"Barneleker.no\"},\"image\":{\"@id\":\"https:\/\/barneleker.no\/#\/schema\/logo\/image\/\"}}]}<\/script>\n<!-- \/ Yoast SEO plugin. -->","yoast_head_json":{"title":"Lekia Magisk Tegnetavle blister 20x15cm regnbue - Barneleker.no","robots":{"index":"index","follow":"follow","max-snippet":"max-snippet:-1","max-image-preview":"max-image-preview:large","max-video-preview":"max-video-preview:-1"},"canonical":"https:\/\/barneleker.no\/index.php\/product\/lekia-magisk-tegnetavle-blister-20x15cm-regnbue\/","og_locale":"nb_NO","og_type":"article","og_title":"Lekia Magisk Tegnetavle blister 20x15cm regnbue - Barneleker.no","og_description":"Med denne magiske tegnetavlenblyanten kan du tegne n\u00f8yaktig hva du vil &#8211; s\u00e5 mange ganger du vil! Magnetpennen er superlett \u00e5 tegne med, og de&hellip;","og_url":"https:\/\/barneleker.no\/index.php\/product\/lekia-magisk-tegnetavle-blister-20x15cm-regnbue\/","og_site_name":"Barneleker.no","twitter_card":"summary_large_image","schema":{"@context":"https:\/\/schema.org","@graph":[{"@type":"WebPage","@id":"https:\/\/barneleker.no\/index.php\/product\/lekia-magisk-tegnetavle-blister-20x15cm-regnbue\/","url":"https:\/\/barneleker.no\/index.php\/product\/lekia-magisk-tegnetavle-blister-20x15cm-regnbue\/","name":"Lekia Magisk Tegnetavle blister 20x15cm regnbue - Barneleker.no","isPartOf":{"@id":"https:\/\/barneleker.no\/#website"},"primaryImageOfPage":{"@id":"https:\/\/barneleker.no\/index.php\/product\/lekia-magisk-tegnetavle-blister-20x15cm-regnbue\/#primaryimage"},"image":{"@id":"https:\/\/barneleker.no\/index.php\/product\/lekia-magisk-tegnetavle-blister-20x15cm-regnbue\/#primaryimage"},"thumbnailUrl":"https:\/\/barneleker.no\/wp-content\/uploads\/2022\/02\/magisk-tegnetavle-blister-20x15cm-regnbue.jpg","datePublished":"2022-02-08T20:05:00+00:00","breadcrumb":{"@id":"https:\/\/barneleker.no\/index.php\/product\/lekia-magisk-tegnetavle-blister-20x15cm-regnbue\/#breadcrumb"},"inLanguage":"nb-NO","potentialAction":[{"@type":"ReadAction","target":["https:\/\/barneleker.no\/index.php\/product\/lekia-magisk-tegnetavle-blister-20x15cm-regnbue\/"]}]},{"@type":"ImageObject","inLanguage":"nb-NO","@id":"https:\/\/barneleker.no\/index.php\/product\/lekia-magisk-tegnetavle-blister-20x15cm-regnbue\/#primaryimage","url":"https:\/\/barneleker.no\/wp-content\/uploads\/2022\/02\/magisk-tegnetavle-blister-20x15cm-regnbue.jpg","contentUrl":"https:\/\/barneleker.no\/wp-content\/uploads\/2022\/02\/magisk-tegnetavle-blister-20x15cm-regnbue.jpg","width":555,"height":555},{"@type":"BreadcrumbList","@id":"https:\/\/barneleker.no\/index.php\/product\/lekia-magisk-tegnetavle-blister-20x15cm-regnbue\/#breadcrumb","itemListElement":[{"@type":"ListItem","position":1,"name":"Butikken","item":"https:\/\/barneleker.no\/"},{"@type":"ListItem","position":2,"name":"Lekia Magisk Tegnetavle blister 20x15cm regnbue"}]},{"@type":"WebSite","@id":"https:\/\/barneleker.no\/#website","url":"https:\/\/barneleker.no\/","name":"Barneleker.no","description":"Selvf\u00f8lgelig!","publisher":{"@id":"https:\/\/barneleker.no\/#organization"},"potentialAction":[{"@type":"SearchAction","target":{"@type":"EntryPoint","urlTemplate":"https:\/\/barneleker.no\/?s={search_term_string}"},"query-input":{"@type":"PropertyValueSpecification","valueRequired":true,"valueName":"search_term_string"}}],"inLanguage":"nb-NO"},{"@type":"Organization","@id":"https:\/\/barneleker.no\/#organization","name":"Barneleker.no","url":"https:\/\/barneleker.no\/","logo":{"@type":"ImageObject","inLanguage":"nb-NO","@id":"https:\/\/barneleker.no\/#\/schema\/logo\/image\/","url":"https:\/\/barneleker.no\/wp-content\/uploads\/2021\/11\/barneleker_logo-780x150-1.jpg","contentUrl":"https:\/\/barneleker.no\/wp-content\/uploads\/2021\/11\/barneleker_logo-780x150-1.jpg","width":780,"height":150,"caption":"Barneleker.no"},"image":{"@id":"https:\/\/barneleker.no\/#\/schema\/logo\/image\/"}}]}},"_links":{"self":[{"href":"https:\/\/barneleker.no\/index.php\/wp-json\/wp\/v2\/product\/14821","targetHints":{"allow":["GET"]}}],"collection":[{"href":"https:\/\/barneleker.no\/index.php\/wp-json\/wp\/v2\/product"}],"about":[{"href":"https:\/\/barneleker.no\/index.php\/wp-json\/wp\/v2\/types\/product"}],"replies":[{"embeddable":true,"href":"https:\/\/barneleker.no\/index.php\/wp-json\/wp\/v2\/comments?post=14821"}],"wp:featuredmedia":[{"embeddable":true,"href":"https:\/\/barneleker.no\/index.php\/wp-json\/wp\/v2\/media\/14820"}],"wp:attachment":[{"href":"https:\/\/barneleker.no\/index.php\/wp-json\/wp\/v2\/media?parent=14821"}],"wp:term":[{"taxonomy":"product_brand","embeddable":true,"href":"https:\/\/barneleker.no\/index.php\/wp-json\/wp\/v2\/product_brand?post=14821"},{"taxonomy":"product_cat","embeddable":true,"href":"https:\/\/barneleker.no\/index.php\/wp-json\/wp\/v2\/product_cat?post=14821"},{"taxonomy":"product_tag","embeddable":true,"href":"https:\/\/barneleker.no\/index.php\/wp-json\/wp\/v2\/product_tag?post=14821"}],"curies":[{"name":"wp","href":"https:\/\/api.w.org\/{rel}","templated":true}]}}