{"id":14823,"date":"2022-02-08T20:05:01","date_gmt":"2022-02-08T20:05:01","guid":{"rendered":"https:\/\/barneleker.no\/index.php\/product\/play-doh-rise-n-surprise-cake-playset\/"},"modified":"2022-02-08T20:05:01","modified_gmt":"2022-02-08T20:05:01","slug":"play-doh-rise-n-surprise-cake-playset","status":"publish","type":"product","link":"https:\/\/barneleker.no\/index.php\/product\/play-doh-rise-n-surprise-cake-playset\/","title":{"rendered":"Play-Doh, Rise \u2018N Surprise Cake Playset"},"content":{"rendered":"<p>F\u00e5 utrolige Play-Doh-kaker til \u00e5 heve rett foran deg med dette lekesettet med bakeovn. Legg Play-Doh-modell\u00e9rmasse i kakeformen, sett den i ovnen, dra i h\u00e5ndtaket og se at kaken hever. Du h\u00f8rer til og med en \u00abding\u00bb-lyd som betyr at kaken er ferdig og klar for dekorering! Pynt med liksomglasur med dekoreringsutstyret og annen fargerik Play-Doh-pynt med halvformene. Det kommer ogs\u00e5 med en blandebolle du kan bruke til \u00e5 lage 3 ulike Play-Doh-str\u00f8sselformer. For enda mer kreativ moro har hver Play-Doh-kake et hemmelig hulrom inni, slik at du kan avsl\u00f8re fargerike overraskelser n\u00e5r du skj\u00e6rer kaken! Dette Play-Doh-settet for barn fra 3 \u00e5r er en flott gave for bursdager og ferier, eller bare som en g\u00f8y kunst- og h\u00e5ndverkaktivitet. Hasbro, Play-Doh og alle relaterte produkter er varemerker som tilh\u00f8rer Hasbro.<\/p>\n","protected":false},"excerpt":{"rendered":"<p>F\u00e5 utrolige Play-Doh-kaker til \u00e5 heve rett foran deg med dette lekesettet med bakeovn. Legg Play-Doh-modell\u00e9rmasse i kakeformen, sett den i ovnen, dra i h\u00e5ndtaket&hellip;<\/p>\n","protected":false},"featured_media":14822,"comment_status":"open","ping_status":"closed","template":"","meta":[],"product_brand":[],"product_cat":[347],"product_tag":[],"class_list":{"0":"post-14823","1":"product","2":"type-product","3":"status-publish","4":"has-post-thumbnail","6":"product_cat-hobby","8":"first","9":"instock","10":"shipping-taxable","11":"product-type-external","12":"customify-col"},"yoast_head":"<!-- This site is optimized with the Yoast SEO plugin v26.0 - https:\/\/yoast.com\/wordpress\/plugins\/seo\/ -->\n<title>Play-Doh, Rise \u2018N Surprise Cake Playset - Barneleker.no<\/title>\n<meta name=\"robots\" content=\"index, follow, max-snippet:-1, max-image-preview:large, max-video-preview:-1\" \/>\n<link rel=\"canonical\" href=\"https:\/\/barneleker.no\/index.php\/product\/play-doh-rise-n-surprise-cake-playset\/\" \/>\n<meta property=\"og:locale\" content=\"nb_NO\" \/>\n<meta property=\"og:type\" content=\"article\" \/>\n<meta property=\"og:title\" content=\"Play-Doh, Rise \u2018N Surprise Cake Playset - Barneleker.no\" \/>\n<meta property=\"og:description\" content=\"F\u00e5 utrolige Play-Doh-kaker til \u00e5 heve rett foran deg med dette lekesettet med bakeovn. Legg Play-Doh-modell\u00e9rmasse i kakeformen, sett den i ovnen, dra i h\u00e5ndtaket&hellip;\" \/>\n<meta property=\"og:url\" content=\"https:\/\/barneleker.no\/index.php\/product\/play-doh-rise-n-surprise-cake-playset\/\" \/>\n<meta property=\"og:site_name\" content=\"Barneleker.no\" \/>\n<meta name=\"twitter:card\" content=\"summary_large_image\" \/>\n<meta name=\"twitter:label1\" content=\"Ansl. lesetid\" \/>\n\t<meta name=\"twitter:data1\" content=\"1 minutt\" \/>\n<script type=\"application\/ld+json\" class=\"yoast-schema-graph\">{\"@context\":\"https:\/\/schema.org\",\"@graph\":[{\"@type\":\"WebPage\",\"@id\":\"https:\/\/barneleker.no\/index.php\/product\/play-doh-rise-n-surprise-cake-playset\/\",\"url\":\"https:\/\/barneleker.no\/index.php\/product\/play-doh-rise-n-surprise-cake-playset\/\",\"name\":\"Play-Doh, Rise \u2018N Surprise Cake Playset - Barneleker.no\",\"isPartOf\":{\"@id\":\"https:\/\/barneleker.no\/#website\"},\"primaryImageOfPage\":{\"@id\":\"https:\/\/barneleker.no\/index.php\/product\/play-doh-rise-n-surprise-cake-playset\/#primaryimage\"},\"image\":{\"@id\":\"https:\/\/barneleker.no\/index.php\/product\/play-doh-rise-n-surprise-cake-playset\/#primaryimage\"},\"thumbnailUrl\":\"https:\/\/barneleker.no\/wp-content\/uploads\/2022\/02\/play-doh-rise-n-surprise-cake-playset.jpg\",\"datePublished\":\"2022-02-08T20:05:01+00:00\",\"breadcrumb\":{\"@id\":\"https:\/\/barneleker.no\/index.php\/product\/play-doh-rise-n-surprise-cake-playset\/#breadcrumb\"},\"inLanguage\":\"nb-NO\",\"potentialAction\":[{\"@type\":\"ReadAction\",\"target\":[\"https:\/\/barneleker.no\/index.php\/product\/play-doh-rise-n-surprise-cake-playset\/\"]}]},{\"@type\":\"ImageObject\",\"inLanguage\":\"nb-NO\",\"@id\":\"https:\/\/barneleker.no\/index.php\/product\/play-doh-rise-n-surprise-cake-playset\/#primaryimage\",\"url\":\"https:\/\/barneleker.no\/wp-content\/uploads\/2022\/02\/play-doh-rise-n-surprise-cake-playset.jpg\",\"contentUrl\":\"https:\/\/barneleker.no\/wp-content\/uploads\/2022\/02\/play-doh-rise-n-surprise-cake-playset.jpg\",\"width\":555,\"height\":555},{\"@type\":\"BreadcrumbList\",\"@id\":\"https:\/\/barneleker.no\/index.php\/product\/play-doh-rise-n-surprise-cake-playset\/#breadcrumb\",\"itemListElement\":[{\"@type\":\"ListItem\",\"position\":1,\"name\":\"Butikken\",\"item\":\"https:\/\/barneleker.no\/\"},{\"@type\":\"ListItem\",\"position\":2,\"name\":\"Play-Doh, Rise \u2018N Surprise Cake Playset\"}]},{\"@type\":\"WebSite\",\"@id\":\"https:\/\/barneleker.no\/#website\",\"url\":\"https:\/\/barneleker.no\/\",\"name\":\"Barneleker.no\",\"description\":\"Selvf\u00f8lgelig!\",\"publisher\":{\"@id\":\"https:\/\/barneleker.no\/#organization\"},\"potentialAction\":[{\"@type\":\"SearchAction\",\"target\":{\"@type\":\"EntryPoint\",\"urlTemplate\":\"https:\/\/barneleker.no\/?s={search_term_string}\"},\"query-input\":{\"@type\":\"PropertyValueSpecification\",\"valueRequired\":true,\"valueName\":\"search_term_string\"}}],\"inLanguage\":\"nb-NO\"},{\"@type\":\"Organization\",\"@id\":\"https:\/\/barneleker.no\/#organization\",\"name\":\"Barneleker.no\",\"url\":\"https:\/\/barneleker.no\/\",\"logo\":{\"@type\":\"ImageObject\",\"inLanguage\":\"nb-NO\",\"@id\":\"https:\/\/barneleker.no\/#\/schema\/logo\/image\/\",\"url\":\"https:\/\/barneleker.no\/wp-content\/uploads\/2021\/11\/barneleker_logo-780x150-1.jpg\",\"contentUrl\":\"https:\/\/barneleker.no\/wp-content\/uploads\/2021\/11\/barneleker_logo-780x150-1.jpg\",\"width\":780,\"height\":150,\"caption\":\"Barneleker.no\"},\"image\":{\"@id\":\"https:\/\/barneleker.no\/#\/schema\/logo\/image\/\"}}]}<\/script>\n<!-- \/ Yoast SEO plugin. -->","yoast_head_json":{"title":"Play-Doh, Rise \u2018N Surprise Cake Playset - Barneleker.no","robots":{"index":"index","follow":"follow","max-snippet":"max-snippet:-1","max-image-preview":"max-image-preview:large","max-video-preview":"max-video-preview:-1"},"canonical":"https:\/\/barneleker.no\/index.php\/product\/play-doh-rise-n-surprise-cake-playset\/","og_locale":"nb_NO","og_type":"article","og_title":"Play-Doh, Rise \u2018N Surprise Cake Playset - Barneleker.no","og_description":"F\u00e5 utrolige Play-Doh-kaker til \u00e5 heve rett foran deg med dette lekesettet med bakeovn. Legg Play-Doh-modell\u00e9rmasse i kakeformen, sett den i ovnen, dra i h\u00e5ndtaket&hellip;","og_url":"https:\/\/barneleker.no\/index.php\/product\/play-doh-rise-n-surprise-cake-playset\/","og_site_name":"Barneleker.no","twitter_card":"summary_large_image","twitter_misc":{"Ansl. lesetid":"1 minutt"},"schema":{"@context":"https:\/\/schema.org","@graph":[{"@type":"WebPage","@id":"https:\/\/barneleker.no\/index.php\/product\/play-doh-rise-n-surprise-cake-playset\/","url":"https:\/\/barneleker.no\/index.php\/product\/play-doh-rise-n-surprise-cake-playset\/","name":"Play-Doh, Rise \u2018N Surprise Cake Playset - Barneleker.no","isPartOf":{"@id":"https:\/\/barneleker.no\/#website"},"primaryImageOfPage":{"@id":"https:\/\/barneleker.no\/index.php\/product\/play-doh-rise-n-surprise-cake-playset\/#primaryimage"},"image":{"@id":"https:\/\/barneleker.no\/index.php\/product\/play-doh-rise-n-surprise-cake-playset\/#primaryimage"},"thumbnailUrl":"https:\/\/barneleker.no\/wp-content\/uploads\/2022\/02\/play-doh-rise-n-surprise-cake-playset.jpg","datePublished":"2022-02-08T20:05:01+00:00","breadcrumb":{"@id":"https:\/\/barneleker.no\/index.php\/product\/play-doh-rise-n-surprise-cake-playset\/#breadcrumb"},"inLanguage":"nb-NO","potentialAction":[{"@type":"ReadAction","target":["https:\/\/barneleker.no\/index.php\/product\/play-doh-rise-n-surprise-cake-playset\/"]}]},{"@type":"ImageObject","inLanguage":"nb-NO","@id":"https:\/\/barneleker.no\/index.php\/product\/play-doh-rise-n-surprise-cake-playset\/#primaryimage","url":"https:\/\/barneleker.no\/wp-content\/uploads\/2022\/02\/play-doh-rise-n-surprise-cake-playset.jpg","contentUrl":"https:\/\/barneleker.no\/wp-content\/uploads\/2022\/02\/play-doh-rise-n-surprise-cake-playset.jpg","width":555,"height":555},{"@type":"BreadcrumbList","@id":"https:\/\/barneleker.no\/index.php\/product\/play-doh-rise-n-surprise-cake-playset\/#breadcrumb","itemListElement":[{"@type":"ListItem","position":1,"name":"Butikken","item":"https:\/\/barneleker.no\/"},{"@type":"ListItem","position":2,"name":"Play-Doh, Rise \u2018N Surprise Cake Playset"}]},{"@type":"WebSite","@id":"https:\/\/barneleker.no\/#website","url":"https:\/\/barneleker.no\/","name":"Barneleker.no","description":"Selvf\u00f8lgelig!","publisher":{"@id":"https:\/\/barneleker.no\/#organization"},"potentialAction":[{"@type":"SearchAction","target":{"@type":"EntryPoint","urlTemplate":"https:\/\/barneleker.no\/?s={search_term_string}"},"query-input":{"@type":"PropertyValueSpecification","valueRequired":true,"valueName":"search_term_string"}}],"inLanguage":"nb-NO"},{"@type":"Organization","@id":"https:\/\/barneleker.no\/#organization","name":"Barneleker.no","url":"https:\/\/barneleker.no\/","logo":{"@type":"ImageObject","inLanguage":"nb-NO","@id":"https:\/\/barneleker.no\/#\/schema\/logo\/image\/","url":"https:\/\/barneleker.no\/wp-content\/uploads\/2021\/11\/barneleker_logo-780x150-1.jpg","contentUrl":"https:\/\/barneleker.no\/wp-content\/uploads\/2021\/11\/barneleker_logo-780x150-1.jpg","width":780,"height":150,"caption":"Barneleker.no"},"image":{"@id":"https:\/\/barneleker.no\/#\/schema\/logo\/image\/"}}]}},"_links":{"self":[{"href":"https:\/\/barneleker.no\/index.php\/wp-json\/wp\/v2\/product\/14823","targetHints":{"allow":["GET"]}}],"collection":[{"href":"https:\/\/barneleker.no\/index.php\/wp-json\/wp\/v2\/product"}],"about":[{"href":"https:\/\/barneleker.no\/index.php\/wp-json\/wp\/v2\/types\/product"}],"replies":[{"embeddable":true,"href":"https:\/\/barneleker.no\/index.php\/wp-json\/wp\/v2\/comments?post=14823"}],"wp:featuredmedia":[{"embeddable":true,"href":"https:\/\/barneleker.no\/index.php\/wp-json\/wp\/v2\/media\/14822"}],"wp:attachment":[{"href":"https:\/\/barneleker.no\/index.php\/wp-json\/wp\/v2\/media?parent=14823"}],"wp:term":[{"taxonomy":"product_brand","embeddable":true,"href":"https:\/\/barneleker.no\/index.php\/wp-json\/wp\/v2\/product_brand?post=14823"},{"taxonomy":"product_cat","embeddable":true,"href":"https:\/\/barneleker.no\/index.php\/wp-json\/wp\/v2\/product_cat?post=14823"},{"taxonomy":"product_tag","embeddable":true,"href":"https:\/\/barneleker.no\/index.php\/wp-json\/wp\/v2\/product_tag?post=14823"}],"curies":[{"name":"wp","href":"https:\/\/api.w.org\/{rel}","templated":true}]}}