{"id":14833,"date":"2022-02-08T20:05:05","date_gmt":"2022-02-08T20:05:05","guid":{"rendered":"https:\/\/barneleker.no\/index.php\/product\/alga-minecraft-board-game-sv-da-no-fi\/"},"modified":"2023-05-23T09:31:36","modified_gmt":"2023-05-23T09:31:36","slug":"alga-minecraft-board-game-sv-da-no-fi","status":"publish","type":"product","link":"https:\/\/barneleker.no\/index.php\/product\/alga-minecraft-board-game-sv-da-no-fi\/","title":{"rendered":"Alga, Minecraft Board Game SV\/DA\/NO\/FI"},"content":{"rendered":"<p>I Minecraft: Builders &#038; Biomes utforsker spillerne Oververdenen, utvinner blokker og bygger oppsiktsvekkende strukturer. For \u00e5 vinne m\u00e5 du planlegge byggingen n\u00f8ye og overvinne farlige mobs!<\/p>\n","protected":false},"excerpt":{"rendered":"<p>I Minecraft: Builders &#038; Biomes utforsker spillerne Oververdenen, utvinner blokker og bygger oppsiktsvekkende strukturer. For \u00e5 vinne m\u00e5 du planlegge byggingen n\u00f8ye og overvinne farlige&hellip;<\/p>\n","protected":false},"featured_media":14832,"comment_status":"open","ping_status":"closed","template":"","meta":[],"product_brand":[],"product_cat":[387],"product_tag":[],"class_list":{"0":"post-14833","1":"product","2":"type-product","3":"status-publish","4":"has-post-thumbnail","6":"product_cat-sallskapsspel","8":"first","9":"instock","10":"shipping-taxable","11":"product-type-external","12":"customify-col"},"yoast_head":"<!-- This site is optimized with the Yoast SEO plugin v26.0 - https:\/\/yoast.com\/wordpress\/plugins\/seo\/ -->\n<title>Alga, Minecraft Board Game SV\/DA\/NO\/FI - Barneleker.no<\/title>\n<meta name=\"robots\" content=\"index, follow, max-snippet:-1, max-image-preview:large, max-video-preview:-1\" \/>\n<link rel=\"canonical\" href=\"https:\/\/barneleker.no\/index.php\/product\/alga-minecraft-board-game-sv-da-no-fi\/\" \/>\n<meta property=\"og:locale\" content=\"nb_NO\" \/>\n<meta property=\"og:type\" content=\"article\" \/>\n<meta property=\"og:title\" content=\"Alga, Minecraft Board Game SV\/DA\/NO\/FI - Barneleker.no\" \/>\n<meta property=\"og:description\" content=\"I Minecraft: Builders &#038; Biomes utforsker spillerne Oververdenen, utvinner blokker og bygger oppsiktsvekkende strukturer. For \u00e5 vinne m\u00e5 du planlegge byggingen n\u00f8ye og overvinne farlige&hellip;\" \/>\n<meta property=\"og:url\" content=\"https:\/\/barneleker.no\/index.php\/product\/alga-minecraft-board-game-sv-da-no-fi\/\" \/>\n<meta property=\"og:site_name\" content=\"Barneleker.no\" \/>\n<meta property=\"article:modified_time\" content=\"2023-05-23T09:31:36+00:00\" \/>\n<meta name=\"twitter:card\" content=\"summary_large_image\" \/>\n<script type=\"application\/ld+json\" class=\"yoast-schema-graph\">{\"@context\":\"https:\/\/schema.org\",\"@graph\":[{\"@type\":\"WebPage\",\"@id\":\"https:\/\/barneleker.no\/index.php\/product\/alga-minecraft-board-game-sv-da-no-fi\/\",\"url\":\"https:\/\/barneleker.no\/index.php\/product\/alga-minecraft-board-game-sv-da-no-fi\/\",\"name\":\"Alga, Minecraft Board Game SV\/DA\/NO\/FI - Barneleker.no\",\"isPartOf\":{\"@id\":\"https:\/\/barneleker.no\/#website\"},\"primaryImageOfPage\":{\"@id\":\"https:\/\/barneleker.no\/index.php\/product\/alga-minecraft-board-game-sv-da-no-fi\/#primaryimage\"},\"image\":{\"@id\":\"https:\/\/barneleker.no\/index.php\/product\/alga-minecraft-board-game-sv-da-no-fi\/#primaryimage\"},\"thumbnailUrl\":\"https:\/\/barneleker.no\/wp-content\/uploads\/2022\/02\/alga-minecraft-board-game-sv-da-no-fi.jpg\",\"datePublished\":\"2022-02-08T20:05:05+00:00\",\"dateModified\":\"2023-05-23T09:31:36+00:00\",\"breadcrumb\":{\"@id\":\"https:\/\/barneleker.no\/index.php\/product\/alga-minecraft-board-game-sv-da-no-fi\/#breadcrumb\"},\"inLanguage\":\"nb-NO\",\"potentialAction\":[{\"@type\":\"ReadAction\",\"target\":[\"https:\/\/barneleker.no\/index.php\/product\/alga-minecraft-board-game-sv-da-no-fi\/\"]}]},{\"@type\":\"ImageObject\",\"inLanguage\":\"nb-NO\",\"@id\":\"https:\/\/barneleker.no\/index.php\/product\/alga-minecraft-board-game-sv-da-no-fi\/#primaryimage\",\"url\":\"https:\/\/barneleker.no\/wp-content\/uploads\/2022\/02\/alga-minecraft-board-game-sv-da-no-fi.jpg\",\"contentUrl\":\"https:\/\/barneleker.no\/wp-content\/uploads\/2022\/02\/alga-minecraft-board-game-sv-da-no-fi.jpg\",\"width\":555,\"height\":555},{\"@type\":\"BreadcrumbList\",\"@id\":\"https:\/\/barneleker.no\/index.php\/product\/alga-minecraft-board-game-sv-da-no-fi\/#breadcrumb\",\"itemListElement\":[{\"@type\":\"ListItem\",\"position\":1,\"name\":\"Butikken\",\"item\":\"https:\/\/barneleker.no\/\"},{\"@type\":\"ListItem\",\"position\":2,\"name\":\"Alga, Minecraft Board Game SV\/DA\/NO\/FI\"}]},{\"@type\":\"WebSite\",\"@id\":\"https:\/\/barneleker.no\/#website\",\"url\":\"https:\/\/barneleker.no\/\",\"name\":\"Barneleker.no\",\"description\":\"Selvf\u00f8lgelig!\",\"publisher\":{\"@id\":\"https:\/\/barneleker.no\/#organization\"},\"potentialAction\":[{\"@type\":\"SearchAction\",\"target\":{\"@type\":\"EntryPoint\",\"urlTemplate\":\"https:\/\/barneleker.no\/?s={search_term_string}\"},\"query-input\":{\"@type\":\"PropertyValueSpecification\",\"valueRequired\":true,\"valueName\":\"search_term_string\"}}],\"inLanguage\":\"nb-NO\"},{\"@type\":\"Organization\",\"@id\":\"https:\/\/barneleker.no\/#organization\",\"name\":\"Barneleker.no\",\"url\":\"https:\/\/barneleker.no\/\",\"logo\":{\"@type\":\"ImageObject\",\"inLanguage\":\"nb-NO\",\"@id\":\"https:\/\/barneleker.no\/#\/schema\/logo\/image\/\",\"url\":\"https:\/\/barneleker.no\/wp-content\/uploads\/2021\/11\/barneleker_logo-780x150-1.jpg\",\"contentUrl\":\"https:\/\/barneleker.no\/wp-content\/uploads\/2021\/11\/barneleker_logo-780x150-1.jpg\",\"width\":780,\"height\":150,\"caption\":\"Barneleker.no\"},\"image\":{\"@id\":\"https:\/\/barneleker.no\/#\/schema\/logo\/image\/\"}}]}<\/script>\n<!-- \/ Yoast SEO plugin. -->","yoast_head_json":{"title":"Alga, Minecraft Board Game SV\/DA\/NO\/FI - Barneleker.no","robots":{"index":"index","follow":"follow","max-snippet":"max-snippet:-1","max-image-preview":"max-image-preview:large","max-video-preview":"max-video-preview:-1"},"canonical":"https:\/\/barneleker.no\/index.php\/product\/alga-minecraft-board-game-sv-da-no-fi\/","og_locale":"nb_NO","og_type":"article","og_title":"Alga, Minecraft Board Game SV\/DA\/NO\/FI - Barneleker.no","og_description":"I Minecraft: Builders &#038; Biomes utforsker spillerne Oververdenen, utvinner blokker og bygger oppsiktsvekkende strukturer. For \u00e5 vinne m\u00e5 du planlegge byggingen n\u00f8ye og overvinne farlige&hellip;","og_url":"https:\/\/barneleker.no\/index.php\/product\/alga-minecraft-board-game-sv-da-no-fi\/","og_site_name":"Barneleker.no","article_modified_time":"2023-05-23T09:31:36+00:00","twitter_card":"summary_large_image","schema":{"@context":"https:\/\/schema.org","@graph":[{"@type":"WebPage","@id":"https:\/\/barneleker.no\/index.php\/product\/alga-minecraft-board-game-sv-da-no-fi\/","url":"https:\/\/barneleker.no\/index.php\/product\/alga-minecraft-board-game-sv-da-no-fi\/","name":"Alga, Minecraft Board Game SV\/DA\/NO\/FI - Barneleker.no","isPartOf":{"@id":"https:\/\/barneleker.no\/#website"},"primaryImageOfPage":{"@id":"https:\/\/barneleker.no\/index.php\/product\/alga-minecraft-board-game-sv-da-no-fi\/#primaryimage"},"image":{"@id":"https:\/\/barneleker.no\/index.php\/product\/alga-minecraft-board-game-sv-da-no-fi\/#primaryimage"},"thumbnailUrl":"https:\/\/barneleker.no\/wp-content\/uploads\/2022\/02\/alga-minecraft-board-game-sv-da-no-fi.jpg","datePublished":"2022-02-08T20:05:05+00:00","dateModified":"2023-05-23T09:31:36+00:00","breadcrumb":{"@id":"https:\/\/barneleker.no\/index.php\/product\/alga-minecraft-board-game-sv-da-no-fi\/#breadcrumb"},"inLanguage":"nb-NO","potentialAction":[{"@type":"ReadAction","target":["https:\/\/barneleker.no\/index.php\/product\/alga-minecraft-board-game-sv-da-no-fi\/"]}]},{"@type":"ImageObject","inLanguage":"nb-NO","@id":"https:\/\/barneleker.no\/index.php\/product\/alga-minecraft-board-game-sv-da-no-fi\/#primaryimage","url":"https:\/\/barneleker.no\/wp-content\/uploads\/2022\/02\/alga-minecraft-board-game-sv-da-no-fi.jpg","contentUrl":"https:\/\/barneleker.no\/wp-content\/uploads\/2022\/02\/alga-minecraft-board-game-sv-da-no-fi.jpg","width":555,"height":555},{"@type":"BreadcrumbList","@id":"https:\/\/barneleker.no\/index.php\/product\/alga-minecraft-board-game-sv-da-no-fi\/#breadcrumb","itemListElement":[{"@type":"ListItem","position":1,"name":"Butikken","item":"https:\/\/barneleker.no\/"},{"@type":"ListItem","position":2,"name":"Alga, Minecraft Board Game SV\/DA\/NO\/FI"}]},{"@type":"WebSite","@id":"https:\/\/barneleker.no\/#website","url":"https:\/\/barneleker.no\/","name":"Barneleker.no","description":"Selvf\u00f8lgelig!","publisher":{"@id":"https:\/\/barneleker.no\/#organization"},"potentialAction":[{"@type":"SearchAction","target":{"@type":"EntryPoint","urlTemplate":"https:\/\/barneleker.no\/?s={search_term_string}"},"query-input":{"@type":"PropertyValueSpecification","valueRequired":true,"valueName":"search_term_string"}}],"inLanguage":"nb-NO"},{"@type":"Organization","@id":"https:\/\/barneleker.no\/#organization","name":"Barneleker.no","url":"https:\/\/barneleker.no\/","logo":{"@type":"ImageObject","inLanguage":"nb-NO","@id":"https:\/\/barneleker.no\/#\/schema\/logo\/image\/","url":"https:\/\/barneleker.no\/wp-content\/uploads\/2021\/11\/barneleker_logo-780x150-1.jpg","contentUrl":"https:\/\/barneleker.no\/wp-content\/uploads\/2021\/11\/barneleker_logo-780x150-1.jpg","width":780,"height":150,"caption":"Barneleker.no"},"image":{"@id":"https:\/\/barneleker.no\/#\/schema\/logo\/image\/"}}]}},"_links":{"self":[{"href":"https:\/\/barneleker.no\/index.php\/wp-json\/wp\/v2\/product\/14833","targetHints":{"allow":["GET"]}}],"collection":[{"href":"https:\/\/barneleker.no\/index.php\/wp-json\/wp\/v2\/product"}],"about":[{"href":"https:\/\/barneleker.no\/index.php\/wp-json\/wp\/v2\/types\/product"}],"replies":[{"embeddable":true,"href":"https:\/\/barneleker.no\/index.php\/wp-json\/wp\/v2\/comments?post=14833"}],"wp:featuredmedia":[{"embeddable":true,"href":"https:\/\/barneleker.no\/index.php\/wp-json\/wp\/v2\/media\/14832"}],"wp:attachment":[{"href":"https:\/\/barneleker.no\/index.php\/wp-json\/wp\/v2\/media?parent=14833"}],"wp:term":[{"taxonomy":"product_brand","embeddable":true,"href":"https:\/\/barneleker.no\/index.php\/wp-json\/wp\/v2\/product_brand?post=14833"},{"taxonomy":"product_cat","embeddable":true,"href":"https:\/\/barneleker.no\/index.php\/wp-json\/wp\/v2\/product_cat?post=14833"},{"taxonomy":"product_tag","embeddable":true,"href":"https:\/\/barneleker.no\/index.php\/wp-json\/wp\/v2\/product_tag?post=14833"}],"curies":[{"name":"wp","href":"https:\/\/api.w.org\/{rel}","templated":true}]}}