{"id":14877,"date":"2022-02-08T20:05:21","date_gmt":"2022-02-08T20:05:21","guid":{"rendered":"https:\/\/barneleker.no\/index.php\/product\/lego-duplo-my-first-10957-brannhelikopter-og-politibil\/"},"modified":"2026-04-25T02:30:30","modified_gmt":"2026-04-25T02:30:30","slug":"lego-duplo-my-first-10957-brannhelikopter-og-politibil","status":"publish","type":"product","link":"https:\/\/barneleker.no\/index.php\/product\/lego-duplo-my-first-10957-brannhelikopter-og-politibil\/","title":{"rendered":"LEGO DUPLO My First 10957, Brannhelikopter og politibil"},"content":{"rendered":"<p>LEGO\u00ae DUPLO\u00ae Mitt f\u00f8rste sett med brannhelikopter og politibil (10957) er en barnevennlig og pedagogisk leke som er laget av fargerike former og er full av g\u00f8yale funksjoner. Barns utrykningskj\u00f8ret\u00f8y Sm\u00e5barn tilegner seg ferdigheter mens de leker med den g\u00f8yale skyve-politibilen og brannhelikopteret. Grunnleggende byggeoppgaver utvikler barns finmotoriske ferdigheter og l\u00e6rer dem om form og farger. Spennende redningshistorier inspirerer til rollespill og styrker barns sosiale og emosjonelle ferdigheter. Detaljert dekor p\u00e5 begge sider, en sirenekloss (lydl\u00f8s) og en rotor som kan snurre rundt, bidrar til den kreative leken. Barn kan bruke skala-byggekortene av modellene for \u00e5 l\u00e6re hvor de skal plassere byggeklossene. LEGO DUPLO leker for sm\u00e5barn er praktiske og pedagogiske leker som byr p\u00e5 g\u00f8yal frilek, l\u00e6ring gjennom lek og utallige utfoldelsesmuligheter. Med DUPLO lekesett kan foreldre og barn oppleve viktige utviklingsmilep\u00e6ler sammen mens de leker.<\/p>\n","protected":false},"excerpt":{"rendered":"<p>LEGO\u00ae DUPLO\u00ae Mitt f\u00f8rste sett med brannhelikopter og politibil (10957) er en barnevennlig og pedagogisk leke som er laget av fargerike former og er full&hellip;<\/p>\n","protected":false},"featured_media":14876,"comment_status":"open","ping_status":"closed","template":"","meta":[],"product_brand":[],"product_cat":[340],"product_tag":[],"class_list":{"0":"post-14877","1":"product","2":"type-product","3":"status-publish","4":"has-post-thumbnail","6":"product_cat-set","8":"first","9":"instock","10":"shipping-taxable","11":"product-type-external","12":"customify-col"},"yoast_head":"<!-- This site is optimized with the Yoast SEO plugin v26.0 - https:\/\/yoast.com\/wordpress\/plugins\/seo\/ -->\n<title>LEGO DUPLO My First 10957, Brannhelikopter og politibil - Barneleker.no<\/title>\n<meta name=\"robots\" content=\"index, follow, max-snippet:-1, max-image-preview:large, max-video-preview:-1\" \/>\n<link rel=\"canonical\" href=\"https:\/\/barneleker.no\/index.php\/product\/lego-duplo-my-first-10957-brannhelikopter-og-politibil\/\" \/>\n<meta property=\"og:locale\" content=\"nb_NO\" \/>\n<meta property=\"og:type\" content=\"article\" \/>\n<meta property=\"og:title\" content=\"LEGO DUPLO My First 10957, Brannhelikopter og politibil - Barneleker.no\" \/>\n<meta property=\"og:description\" content=\"LEGO\u00ae DUPLO\u00ae Mitt f\u00f8rste sett med brannhelikopter og politibil (10957) er en barnevennlig og pedagogisk leke som er laget av fargerike former og er full&hellip;\" \/>\n<meta property=\"og:url\" content=\"https:\/\/barneleker.no\/index.php\/product\/lego-duplo-my-first-10957-brannhelikopter-og-politibil\/\" \/>\n<meta property=\"og:site_name\" content=\"Barneleker.no\" \/>\n<meta property=\"article:modified_time\" content=\"2026-04-25T02:30:30+00:00\" \/>\n<meta name=\"twitter:card\" content=\"summary_large_image\" \/>\n<meta name=\"twitter:label1\" content=\"Ansl. lesetid\" \/>\n\t<meta name=\"twitter:data1\" content=\"1 minutt\" \/>\n<script type=\"application\/ld+json\" class=\"yoast-schema-graph\">{\"@context\":\"https:\/\/schema.org\",\"@graph\":[{\"@type\":\"WebPage\",\"@id\":\"https:\/\/barneleker.no\/index.php\/product\/lego-duplo-my-first-10957-brannhelikopter-og-politibil\/\",\"url\":\"https:\/\/barneleker.no\/index.php\/product\/lego-duplo-my-first-10957-brannhelikopter-og-politibil\/\",\"name\":\"LEGO DUPLO My First 10957, Brannhelikopter og politibil - Barneleker.no\",\"isPartOf\":{\"@id\":\"https:\/\/barneleker.no\/#website\"},\"primaryImageOfPage\":{\"@id\":\"https:\/\/barneleker.no\/index.php\/product\/lego-duplo-my-first-10957-brannhelikopter-og-politibil\/#primaryimage\"},\"image\":{\"@id\":\"https:\/\/barneleker.no\/index.php\/product\/lego-duplo-my-first-10957-brannhelikopter-og-politibil\/#primaryimage\"},\"thumbnailUrl\":\"https:\/\/barneleker.no\/wp-content\/uploads\/2022\/02\/lego-duplo-my-first-10957-brannhelikopter-og-politibil.jpg\",\"datePublished\":\"2022-02-08T20:05:21+00:00\",\"dateModified\":\"2026-04-25T02:30:30+00:00\",\"breadcrumb\":{\"@id\":\"https:\/\/barneleker.no\/index.php\/product\/lego-duplo-my-first-10957-brannhelikopter-og-politibil\/#breadcrumb\"},\"inLanguage\":\"nb-NO\",\"potentialAction\":[{\"@type\":\"ReadAction\",\"target\":[\"https:\/\/barneleker.no\/index.php\/product\/lego-duplo-my-first-10957-brannhelikopter-og-politibil\/\"]}]},{\"@type\":\"ImageObject\",\"inLanguage\":\"nb-NO\",\"@id\":\"https:\/\/barneleker.no\/index.php\/product\/lego-duplo-my-first-10957-brannhelikopter-og-politibil\/#primaryimage\",\"url\":\"https:\/\/barneleker.no\/wp-content\/uploads\/2022\/02\/lego-duplo-my-first-10957-brannhelikopter-og-politibil.jpg\",\"contentUrl\":\"https:\/\/barneleker.no\/wp-content\/uploads\/2022\/02\/lego-duplo-my-first-10957-brannhelikopter-og-politibil.jpg\",\"width\":555,\"height\":555},{\"@type\":\"BreadcrumbList\",\"@id\":\"https:\/\/barneleker.no\/index.php\/product\/lego-duplo-my-first-10957-brannhelikopter-og-politibil\/#breadcrumb\",\"itemListElement\":[{\"@type\":\"ListItem\",\"position\":1,\"name\":\"Butikken\",\"item\":\"https:\/\/barneleker.no\/\"},{\"@type\":\"ListItem\",\"position\":2,\"name\":\"LEGO DUPLO My First 10957, Brannhelikopter og politibil\"}]},{\"@type\":\"WebSite\",\"@id\":\"https:\/\/barneleker.no\/#website\",\"url\":\"https:\/\/barneleker.no\/\",\"name\":\"Barneleker.no\",\"description\":\"Selvf\u00f8lgelig!\",\"publisher\":{\"@id\":\"https:\/\/barneleker.no\/#organization\"},\"potentialAction\":[{\"@type\":\"SearchAction\",\"target\":{\"@type\":\"EntryPoint\",\"urlTemplate\":\"https:\/\/barneleker.no\/?s={search_term_string}\"},\"query-input\":{\"@type\":\"PropertyValueSpecification\",\"valueRequired\":true,\"valueName\":\"search_term_string\"}}],\"inLanguage\":\"nb-NO\"},{\"@type\":\"Organization\",\"@id\":\"https:\/\/barneleker.no\/#organization\",\"name\":\"Barneleker.no\",\"url\":\"https:\/\/barneleker.no\/\",\"logo\":{\"@type\":\"ImageObject\",\"inLanguage\":\"nb-NO\",\"@id\":\"https:\/\/barneleker.no\/#\/schema\/logo\/image\/\",\"url\":\"https:\/\/barneleker.no\/wp-content\/uploads\/2021\/11\/barneleker_logo-780x150-1.jpg\",\"contentUrl\":\"https:\/\/barneleker.no\/wp-content\/uploads\/2021\/11\/barneleker_logo-780x150-1.jpg\",\"width\":780,\"height\":150,\"caption\":\"Barneleker.no\"},\"image\":{\"@id\":\"https:\/\/barneleker.no\/#\/schema\/logo\/image\/\"}}]}<\/script>\n<!-- \/ Yoast SEO plugin. -->","yoast_head_json":{"title":"LEGO DUPLO My First 10957, Brannhelikopter og politibil - Barneleker.no","robots":{"index":"index","follow":"follow","max-snippet":"max-snippet:-1","max-image-preview":"max-image-preview:large","max-video-preview":"max-video-preview:-1"},"canonical":"https:\/\/barneleker.no\/index.php\/product\/lego-duplo-my-first-10957-brannhelikopter-og-politibil\/","og_locale":"nb_NO","og_type":"article","og_title":"LEGO DUPLO My First 10957, Brannhelikopter og politibil - Barneleker.no","og_description":"LEGO\u00ae DUPLO\u00ae Mitt f\u00f8rste sett med brannhelikopter og politibil (10957) er en barnevennlig og pedagogisk leke som er laget av fargerike former og er full&hellip;","og_url":"https:\/\/barneleker.no\/index.php\/product\/lego-duplo-my-first-10957-brannhelikopter-og-politibil\/","og_site_name":"Barneleker.no","article_modified_time":"2026-04-25T02:30:30+00:00","twitter_card":"summary_large_image","twitter_misc":{"Ansl. lesetid":"1 minutt"},"schema":{"@context":"https:\/\/schema.org","@graph":[{"@type":"WebPage","@id":"https:\/\/barneleker.no\/index.php\/product\/lego-duplo-my-first-10957-brannhelikopter-og-politibil\/","url":"https:\/\/barneleker.no\/index.php\/product\/lego-duplo-my-first-10957-brannhelikopter-og-politibil\/","name":"LEGO DUPLO My First 10957, Brannhelikopter og politibil - Barneleker.no","isPartOf":{"@id":"https:\/\/barneleker.no\/#website"},"primaryImageOfPage":{"@id":"https:\/\/barneleker.no\/index.php\/product\/lego-duplo-my-first-10957-brannhelikopter-og-politibil\/#primaryimage"},"image":{"@id":"https:\/\/barneleker.no\/index.php\/product\/lego-duplo-my-first-10957-brannhelikopter-og-politibil\/#primaryimage"},"thumbnailUrl":"https:\/\/barneleker.no\/wp-content\/uploads\/2022\/02\/lego-duplo-my-first-10957-brannhelikopter-og-politibil.jpg","datePublished":"2022-02-08T20:05:21+00:00","dateModified":"2026-04-25T02:30:30+00:00","breadcrumb":{"@id":"https:\/\/barneleker.no\/index.php\/product\/lego-duplo-my-first-10957-brannhelikopter-og-politibil\/#breadcrumb"},"inLanguage":"nb-NO","potentialAction":[{"@type":"ReadAction","target":["https:\/\/barneleker.no\/index.php\/product\/lego-duplo-my-first-10957-brannhelikopter-og-politibil\/"]}]},{"@type":"ImageObject","inLanguage":"nb-NO","@id":"https:\/\/barneleker.no\/index.php\/product\/lego-duplo-my-first-10957-brannhelikopter-og-politibil\/#primaryimage","url":"https:\/\/barneleker.no\/wp-content\/uploads\/2022\/02\/lego-duplo-my-first-10957-brannhelikopter-og-politibil.jpg","contentUrl":"https:\/\/barneleker.no\/wp-content\/uploads\/2022\/02\/lego-duplo-my-first-10957-brannhelikopter-og-politibil.jpg","width":555,"height":555},{"@type":"BreadcrumbList","@id":"https:\/\/barneleker.no\/index.php\/product\/lego-duplo-my-first-10957-brannhelikopter-og-politibil\/#breadcrumb","itemListElement":[{"@type":"ListItem","position":1,"name":"Butikken","item":"https:\/\/barneleker.no\/"},{"@type":"ListItem","position":2,"name":"LEGO DUPLO My First 10957, Brannhelikopter og politibil"}]},{"@type":"WebSite","@id":"https:\/\/barneleker.no\/#website","url":"https:\/\/barneleker.no\/","name":"Barneleker.no","description":"Selvf\u00f8lgelig!","publisher":{"@id":"https:\/\/barneleker.no\/#organization"},"potentialAction":[{"@type":"SearchAction","target":{"@type":"EntryPoint","urlTemplate":"https:\/\/barneleker.no\/?s={search_term_string}"},"query-input":{"@type":"PropertyValueSpecification","valueRequired":true,"valueName":"search_term_string"}}],"inLanguage":"nb-NO"},{"@type":"Organization","@id":"https:\/\/barneleker.no\/#organization","name":"Barneleker.no","url":"https:\/\/barneleker.no\/","logo":{"@type":"ImageObject","inLanguage":"nb-NO","@id":"https:\/\/barneleker.no\/#\/schema\/logo\/image\/","url":"https:\/\/barneleker.no\/wp-content\/uploads\/2021\/11\/barneleker_logo-780x150-1.jpg","contentUrl":"https:\/\/barneleker.no\/wp-content\/uploads\/2021\/11\/barneleker_logo-780x150-1.jpg","width":780,"height":150,"caption":"Barneleker.no"},"image":{"@id":"https:\/\/barneleker.no\/#\/schema\/logo\/image\/"}}]}},"_links":{"self":[{"href":"https:\/\/barneleker.no\/index.php\/wp-json\/wp\/v2\/product\/14877","targetHints":{"allow":["GET"]}}],"collection":[{"href":"https:\/\/barneleker.no\/index.php\/wp-json\/wp\/v2\/product"}],"about":[{"href":"https:\/\/barneleker.no\/index.php\/wp-json\/wp\/v2\/types\/product"}],"replies":[{"embeddable":true,"href":"https:\/\/barneleker.no\/index.php\/wp-json\/wp\/v2\/comments?post=14877"}],"wp:featuredmedia":[{"embeddable":true,"href":"https:\/\/barneleker.no\/index.php\/wp-json\/wp\/v2\/media\/14876"}],"wp:attachment":[{"href":"https:\/\/barneleker.no\/index.php\/wp-json\/wp\/v2\/media?parent=14877"}],"wp:term":[{"taxonomy":"product_brand","embeddable":true,"href":"https:\/\/barneleker.no\/index.php\/wp-json\/wp\/v2\/product_brand?post=14877"},{"taxonomy":"product_cat","embeddable":true,"href":"https:\/\/barneleker.no\/index.php\/wp-json\/wp\/v2\/product_cat?post=14877"},{"taxonomy":"product_tag","embeddable":true,"href":"https:\/\/barneleker.no\/index.php\/wp-json\/wp\/v2\/product_tag?post=14877"}],"curies":[{"name":"wp","href":"https:\/\/api.w.org\/{rel}","templated":true}]}}